000
CDUS43 KICT 020629
CLICNU

CLIMATE REPORT
NATIONAL WEATHER SERVICE WICHITA KS
1228 AM CST SUN MAR 2 2014

...................................

...THE CHANUTE KS CLIMATE SUMMARY FOR MARCH 1 2014...

CLIMATE NORMAL PERIOD 1981 TO 2010
CLIMATE RECORD PERIOD 1894 TO 2014


WEATHER ITEM   OBSERVED TIME   RECORD YEAR NORMAL DEPARTURE LAST
                VALUE   (LST)  VALUE       VALUE  FROM      YEAR
                                                  NORMAL
..................................................................
TEMPERATURE (F)
 YESTERDAY
  MAXIMUM         41    244 AM  86    2006  53    -12       31
  MINIMUM         16   1159 PM   5    1962  31    -15       24
  AVERAGE         29                        42    -13       28

PRECIPITATION (IN)
  YESTERDAY        T             1.09 1953   0.09  -0.09     0.00
  MONTH TO DATE    T                         0.09  -0.09     0.00
  SINCE MAR 1      T                         0.09  -0.09     0.00
  SINCE JAN 1      0.97                      3.25  -2.28     5.76

DEGREE DAYS
 HEATING
  YESTERDAY       36                        23     13       37
  MONTH TO DATE   36                        23     13       37
  SINCE MAR 1     36                        23     13       37
  SINCE JUL 1   4056                      3595    461     3129

 COOLING
  YESTERDAY        0                         0      0        0
  MONTH TO DATE    0                         0      0        0
  SINCE MAR 1      0                         0      0        0
  SINCE JAN 1      0                         0      0        1
..................................................................


WIND (MPH)
  HIGHEST WIND SPEED    23   HIGHEST WIND DIRECTION    NE (30)
  HIGHEST GUST SPEED    32   HIGHEST GUST DIRECTION     N (20)
  AVERAGE WIND SPEED    13.3


SKY COVER
  POSSIBLE SUNSHINE  MM
  AVERAGE SKY COVER 1.0


WEATHER CONDITIONS
 THE FOLLOWING WEATHER WAS RECORDED YESTERDAY.
  LT FREEZING RAIN
  LIGHT SNOW
  FOG
  HAZE


RELATIVE HUMIDITY (PERCENT)
 HIGHEST    92           900 AM
 LOWEST     70           400 AM
 AVERAGE    81

..........................................................


THE CHANUTE KS CLIMATE NORMALS FOR TODAY
                         NORMAL    RECORD    YEAR
 MAXIMUM TEMPERATURE (F)   53        86      1901
 MINIMUM TEMPERATURE (F)   32         3      1980


SUNRISE AND SUNSET
MARCH  2 2014.........SUNRISE   652 AM CST   SUNSET   617 PM CST
MARCH  3 2014.........SUNRISE   651 AM CST   SUNSET   618 PM CST


-  INDICATES NEGATIVE NUMBERS.
R  INDICATES RECORD WAS SET OR TIED.
MM INDICATES DATA IS MISSING.
T  INDICATES TRACE AMOUNT.

$$
