000
CDUS43 KICT 040710
CLICNU

CLIMATE REPORT
NATIONAL WEATHER SERVICE WICHITA KS
208 AM CDT WED OCT 4 2017

...................................

...THE CHANUTE KS CLIMATE SUMMARY FOR OCTOBER 3 2017...

CLIMATE NORMAL PERIOD 1981 TO 2010
CLIMATE RECORD PERIOD 1894 TO 2017


WEATHER ITEM   OBSERVED TIME   RECORD YEAR NORMAL DEPARTURE LAST
                VALUE   (LST)  VALUE       VALUE  FROM      YEAR
                                                  NORMAL
..................................................................
TEMPERATURE (F)
 YESTERDAY
  MAXIMUM         84    313 PM  95    2006  74     10       82
  MINIMUM         69    632 AM  33    1987  51     18       57
  AVERAGE         77                        62     15       70

PRECIPITATION (IN)
  YESTERDAY        0.00          6.66 1986   0.15  -0.15     0.00
  MONTH TO DATE    0.00                      0.45  -0.45     0.00
  SINCE SEP 1      3.59                      4.12  -0.53     6.91
  SINCE JAN 1     40.23                     34.61   5.62    32.14

DEGREE DAYS
 HEATING
  YESTERDAY        0                         5     -5        0
  MONTH TO DATE    0                        13    -13        2
  SINCE SEP 1      7                        59    -52       13
  SINCE JUL 1      7                        60    -53       13

 COOLING
  YESTERDAY       12                         2     10        5
  MONTH TO DATE   27                         6     21        7
  SINCE SEP 1    257                       199     58      268
  SINCE JAN 1   1564                      1503     61     1749
..................................................................


WIND (MPH)
  HIGHEST WIND SPEED    23   HIGHEST WIND DIRECTION     S (180)
  HIGHEST GUST SPEED    31   HIGHEST GUST DIRECTION     S (180)
  AVERAGE WIND SPEED    12.4


SKY COVER
  AVERAGE SKY COVER 0.6


WEATHER CONDITIONS
 THE FOLLOWING WEATHER WAS RECORDED YESTERDAY.
  NO SIGNIFICANT WEATHER WAS OBSERVED.


RELATIVE HUMIDITY (PERCENT)
 HIGHEST    93           700 PM
 LOWEST     61           300 PM
 AVERAGE    77

..........................................................


THE CHANUTE KS CLIMATE NORMALS FOR TODAY
                         NORMAL    RECORD    YEAR
 MAXIMUM TEMPERATURE (F)   73        93      1963
 MINIMUM TEMPERATURE (F)   51        35      1968


SUNRISE AND SUNSET
OCTOBER  4 2017.......SUNRISE   720 AM CDT   SUNSET   700 PM CDT
OCTOBER  5 2017.......SUNRISE   721 AM CDT   SUNSET   659 PM CDT


-  INDICATES NEGATIVE NUMBERS.
R  INDICATES RECORD WAS SET OR TIED.
MM INDICATES DATA IS MISSING.
T  INDICATES TRACE AMOUNT.

$$
