456
CDUS43 KICT 110700
CLICNU


CLIMATE REPORT
NATIONAL WEATHER SERVICE WICHITA KS
1259 AM CST FRI NOV 11 2016


...................................

...THE CHANUTE KS CLIMATE SUMMARY FOR NOVEMBER 10 2016...

CLIMATE NORMAL PERIOD 1981 TO 2010
CLIMATE RECORD PERIOD 1894 TO 2016


WEATHER ITEM   OBSERVED TIME   RECORD YEAR NORMAL DEPARTURE LAST
                VALUE   (LST)  VALUE       VALUE  FROM      YEAR
                                                  NORMAL
..................................................................
TEMPERATURE (F)
 YESTERDAY
  MAXIMUM         69    324 PM  78    1911  60      9       72
  MINIMUM         35    726 AM  15    1950  39     -4       37
  AVERAGE         52                        49      3       55

PRECIPITATION (IN)
  YESTERDAY        0.00          1.05 2004   0.09  -0.09     0.00
  MONTH TO DATE    0.30                      0.89  -0.59      T
  SINCE SEP 1     10.72                      8.22   2.50     2.89
  SINCE JAN 1     35.95                     38.71  -2.76    34.20

DEGREE DAYS
 HEATING
  YESTERDAY       13                        16     -3       10
  MONTH TO DATE   68                       141    -73      105
  SINCE SEP 1    166                       428   -262      285
  SINCE JUL 1    166                       429   -263      285

 COOLING
  YESTERDAY        0                         0      0        0
  MONTH TO DATE   15                         0     15        0
  SINCE SEP 1    360                       225    135      293
  SINCE JAN 1   1841                      1529    312     1612
..................................................................


WIND (MPH)
  HIGHEST WIND SPEED    18   HIGHEST WIND DIRECTION     S (200)
  HIGHEST GUST SPEED    22   HIGHEST GUST DIRECTION    SW (210)
  AVERAGE WIND SPEED     6.5


SKY COVER
  POSSIBLE SUNSHINE  MM
  AVERAGE SKY COVER 0.0


WEATHER CONDITIONS
 THE FOLLOWING WEATHER WAS RECORDED YESTERDAY.
  FOG


RELATIVE HUMIDITY (PERCENT)
 HIGHEST    92          1200 AM
 LOWEST     35           400 PM
 AVERAGE    64

..........................................................


THE CHANUTE KS CLIMATE NORMALS FOR TODAY
                         NORMAL    RECORD    YEAR
 MAXIMUM TEMPERATURE (F)   59        82      1989
 MINIMUM TEMPERATURE (F)   38        14      1911


SUNRISE AND SUNSET
NOVEMBER 11 2016......SUNRISE   658 AM CST   SUNSET   513 PM CST
NOVEMBER 12 2016......SUNRISE   659 AM CST   SUNSET   513 PM CST


-  INDICATES NEGATIVE NUMBERS.
R  INDICATES RECORD WAS SET OR TIED.
MM INDICATES DATA IS MISSING.
T  INDICATES TRACE AMOUNT.




$$
