000
CDUS43 KICT 170630
CLICNU


CLIMATE REPORT
NATIONAL WEATHER SERVICE WICHITA KS
130 AM CDT MON OCT 17 2016


...................................

...THE CHANUTE KS CLIMATE SUMMARY FOR OCTOBER 16 2016...

CLIMATE NORMAL PERIOD 1981 TO 2010
CLIMATE RECORD PERIOD 1894 TO 2016


WEATHER ITEM   OBSERVED TIME   RECORD YEAR NORMAL DEPARTURE LAST
                VALUE   (LST)  VALUE       VALUE  FROM      YEAR
                                                  NORMAL
..................................................................
TEMPERATURE (F)
 YESTERDAY
  MAXIMUM         86    237 PM  88    1995  69     17       61
  MINIMUM         67    548 AM  28    1943  47     20       49
  AVERAGE         77                        58     19       55

PRECIPITATION (IN)
  YESTERDAY        0.00          2.42 2000   0.12  -0.12     0.00
  MONTH TO DATE    3.10                      2.13   0.97     0.59
  SINCE SEP 1     10.01                      5.80   4.21     1.88
  SINCE JAN 1     35.24                     36.29  -1.05    33.19

DEGREE DAYS
 HEATING
  YESTERDAY        0                         8     -8       10
  MONTH TO DATE   48                        94    -46       54
  SINCE SEP 1     59                       140    -81       60
  SINCE JUL 1     59                       141    -82       60

 COOLING
  YESTERDAY       12                         1     11        0
  MONTH TO DATE   39                        24     15       21
  SINCE SEP 1    300                       217     83      271
  SINCE JAN 1   1781                      1521    260     1590
..................................................................


WIND (MPH)
  HIGHEST WIND SPEED    29   HIGHEST WIND DIRECTION     S (170)
  HIGHEST GUST SPEED    37   HIGHEST GUST DIRECTION     S (180)
  AVERAGE WIND SPEED    17.1


SKY COVER
  POSSIBLE SUNSHINE  MM
  AVERAGE SKY COVER 0.0


WEATHER CONDITIONS
 THE FOLLOWING WEATHER WAS RECORDED YESTERDAY.
  NO SIGNIFICANT WEATHER WAS OBSERVED.


RELATIVE HUMIDITY (PERCENT)
 HIGHEST    87           300 AM
 LOWEST     59           400 PM
 AVERAGE    73

..........................................................


THE CHANUTE KS CLIMATE NORMALS FOR TODAY
                         NORMAL    RECORD    YEAR
 MAXIMUM TEMPERATURE (F)   69        87      1938
 MINIMUM TEMPERATURE (F)   47        29      1976


SUNRISE AND SUNSET
OCTOBER 17 2016.......SUNRISE   733 AM CDT   SUNSET   641 PM CDT
OCTOBER 18 2016.......SUNRISE   734 AM CDT   SUNSET   640 PM CDT


-  INDICATES NEGATIVE NUMBERS.
R  INDICATES RECORD WAS SET OR TIED.
MM INDICATES DATA IS MISSING.
T  INDICATES TRACE AMOUNT.




$$
