515
CDUS43 KICT 030632
CLICNU


CLIMATE REPORT
NATIONAL WEATHER SERVICE WICHITA KS
132 AM CDT SAT SEP 3 2016


...................................

...THE CHANUTE KS CLIMATE SUMMARY FOR SEPTEMBER 2 2016...

CLIMATE NORMAL PERIOD 1981 TO 2010
CLIMATE RECORD PERIOD 1894 TO 2016


WEATHER ITEM   OBSERVED TIME   RECORD YEAR NORMAL DEPARTURE LAST
                VALUE   (LST)  VALUE       VALUE  FROM      YEAR
                                                  NORMAL
..................................................................
TEMPERATURE (F)
 YESTERDAY
  MAXIMUM         80    346 PM 107    2000  87     -7       88
  MINIMUM         60    619 AM  48    1974  64     -4       68
  AVERAGE         70                        76     -6       78

PRECIPITATION (IN)
  YESTERDAY        0.00          2.39 2009   0.11  -0.11     0.00
  MONTH TO DATE    0.00                      0.22  -0.22     0.00
  SINCE SEP 1      0.00                      0.22  -0.22     0.00
  SINCE JAN 1     25.23                     30.71  -5.48    31.31

DEGREE DAYS
 HEATING
  YESTERDAY        0                         0      0        0
  MONTH TO DATE    0                         0      0        0
  SINCE SEP 1      0                         0      0        0
  SINCE JUL 1      0                         1     -1        0

 COOLING
  YESTERDAY        5                        11     -6       13
  MONTH TO DATE   14                        22     -8       26
  SINCE SEP 1     14                        22     -8       26
  SINCE JAN 1   1495                      1326    169     1345
..................................................................


WIND (MPH)
  HIGHEST WIND SPEED    13   HIGHEST WIND DIRECTION     E (70)
  HIGHEST GUST SPEED    18   HIGHEST GUST DIRECTION     E (80)
  AVERAGE WIND SPEED     7.0


SKY COVER
  POSSIBLE SUNSHINE  MM
  AVERAGE SKY COVER 0.1


WEATHER CONDITIONS
 THE FOLLOWING WEATHER WAS RECORDED YESTERDAY.
  NO SIGNIFICANT WEATHER WAS OBSERVED.


RELATIVE HUMIDITY (PERCENT)
 HIGHEST    90           500 AM
 LOWEST     42           300 PM
 AVERAGE    66

..........................................................


THE CHANUTE KS CLIMATE NORMALS FOR TODAY
                         NORMAL    RECORD    YEAR
 MAXIMUM TEMPERATURE (F)   86       106      1947
 MINIMUM TEMPERATURE (F)   64        45      1974


SUNRISE AND SUNSET
SEPTEMBER  3 2016.....SUNRISE   654 AM CDT   SUNSET   747 PM CDT
SEPTEMBER  4 2016.....SUNRISE   655 AM CDT   SUNSET   746 PM CDT


-  INDICATES NEGATIVE NUMBERS.
R  INDICATES RECORD WAS SET OR TIED.
MM INDICATES DATA IS MISSING.
T  INDICATES TRACE AMOUNT.




$$
