000
CDUS43 KICT 290630
CLICNU


CLIMATE REPORT
NATIONAL WEATHER SERVICE WICHITA KS
1230 AM CST THU DEC 29 2016


...................................

...THE CHANUTE KS CLIMATE SUMMARY FOR DECEMBER 28 2016...

CLIMATE NORMAL PERIOD 1981 TO 2010
CLIMATE RECORD PERIOD 1894 TO 2016


WEATHER ITEM   OBSERVED TIME   RECORD YEAR NORMAL DEPARTURE LAST
                VALUE   (LST)  VALUE       VALUE  FROM      YEAR
                                                  NORMAL
..................................................................
TEMPERATURE (F)
 YESTERDAY
  MAXIMUM         61    250 PM  69    1928  42     19       34
  MINIMUM         29   1237 AM  -4    1924  23      6       26
  AVERAGE         45                        33     12       30

PRECIPITATION (IN)
  YESTERDAY        0.00          0.57 1943   0.04  -0.04     0.45
  MONTH TO DATE    0.70                      1.62  -0.92     3.55
  SINCE DEC 1      0.70                      1.62  -0.92     3.55
  SINCE JAN 1     36.82                     41.94  -5.12    43.24

DEGREE DAYS
 HEATING
  YESTERDAY       20                        32    -12       35
  MONTH TO DATE  651                       841   -190      598
  SINCE DEC 1    651                       841   -190      598
  SINCE JUL 1   1129                      1693   -564     1241

 COOLING
  YESTERDAY        0                         0      0        0
  MONTH TO DATE    0                         0      0        0
  SINCE DEC 1      0                         0      0        0
  SINCE JAN 1   1846                      1532    314     1612
..................................................................


WIND (MPH)
  HIGHEST WIND SPEED    17   HIGHEST WIND DIRECTION     N (340)
  HIGHEST GUST SPEED    20   HIGHEST GUST DIRECTION     N (350)
  AVERAGE WIND SPEED     7.9


SKY COVER
  POSSIBLE SUNSHINE  MM
  AVERAGE SKY COVER 0.0


WEATHER CONDITIONS
 THE FOLLOWING WEATHER WAS RECORDED YESTERDAY.
  NO SIGNIFICANT WEATHER WAS OBSERVED.


RELATIVE HUMIDITY (PERCENT)
 HIGHEST    92           800 AM
 LOWEST     27           300 PM
 AVERAGE    60

..........................................................


THE CHANUTE KS CLIMATE NORMALS FOR TODAY
                         NORMAL    RECORD    YEAR
 MAXIMUM TEMPERATURE (F)   42        69      1999
 MINIMUM TEMPERATURE (F)   23        -5      1983


SUNRISE AND SUNSET
DECEMBER 29 2016......SUNRISE   737 AM CST   SUNSET   512 PM CST
DECEMBER 30 2016......SUNRISE   737 AM CST   SUNSET   513 PM CST


-  INDICATES NEGATIVE NUMBERS.
R  INDICATES RECORD WAS SET OR TIED.
MM INDICATES DATA IS MISSING.
T  INDICATES TRACE AMOUNT.




$$
