000
CDUS43 KICT 090640
CLICNU


CLIMATE REPORT
NATIONAL WEATHER SERVICE WICHITA KS
1239 AM CST MON FEB 9 2015


...................................

...THE CHANUTE KS CLIMATE SUMMARY FOR FEBRUARY 8 2015...

CLIMATE NORMAL PERIOD 1981 TO 2010
CLIMATE RECORD PERIOD 1894 TO 2015


WEATHER ITEM   OBSERVED TIME   RECORD YEAR NORMAL DEPARTURE LAST
                VALUE   (LST)  VALUE       VALUE  FROM      YEAR
                                                  NORMAL
..................................................................
TEMPERATURE (F)
 YESTERDAY
  MAXIMUM         73R   321 PM  72    1990  46     27       29
  MINIMUM         43    837 PM -12    1933  25     18       20
  AVERAGE         58                        35     23       25

PRECIPITATION (IN)
  YESTERDAY        0.00          0.50 1910   0.07  -0.07      T
                                      1910
                                      2011
  MONTH TO DATE    0.23                      0.43  -0.20     0.41
  SINCE DEC 1      3.23                      3.44  -0.21     0.68
  SINCE JAN 1      0.86                      1.69  -0.83     0.52

DEGREE DAYS
 HEATING
  YESTERDAY        7                        30    -23       40
  MONTH TO DATE  233                       244    -11      369
  SINCE DEC 1   2025                      2191   -166     2488
  SINCE JUL 1   2967                      3043    -76     3408

 COOLING
  YESTERDAY        0                         0      0        0
  MONTH TO DATE    0                         0      0        0
  SINCE DEC 1      0                         0      0        0
  SINCE JAN 1      0                         0      0        0
..................................................................


WIND (MPH)
  HIGHEST WIND SPEED    22   HIGHEST WIND DIRECTION    NW (330)
  HIGHEST GUST SPEED    28   HIGHEST GUST DIRECTION     N (340)
  AVERAGE WIND SPEED    10.0


SKY COVER
  POSSIBLE SUNSHINE  MM
  AVERAGE SKY COVER 0.0


WEATHER CONDITIONS
 THE FOLLOWING WEATHER WAS RECORDED YESTERDAY.
  NO SIGNIFICANT WEATHER WAS OBSERVED.


RELATIVE HUMIDITY (PERCENT)
 HIGHEST    92           700 AM
 LOWEST     31           200 PM
 AVERAGE    62

..........................................................


THE CHANUTE KS CLIMATE NORMALS FOR TODAY
                         NORMAL    RECORD    YEAR
 MAXIMUM TEMPERATURE (F)   46        74      1932
 MINIMUM TEMPERATURE (F)   25       -11      1979


SUNRISE AND SUNSET
FEBRUARY  9 2015......SUNRISE   718 AM CST   SUNSET   554 PM CST
FEBRUARY 10 2015......SUNRISE   717 AM CST   SUNSET   556 PM CST


-  INDICATES NEGATIVE NUMBERS.
R  INDICATES RECORD WAS SET OR TIED.
MM INDICATES DATA IS MISSING.
T  INDICATES TRACE AMOUNT.




$$
