000
CDUS43 KICT 070647
CLICNU


CLIMATE REPORT
NATIONAL WEATHER SERVICE WICHITA KS
146 AM CDT MON AUG 7 2017


...................................

...THE CHANUTE KS CLIMATE SUMMARY FOR AUGUST 6 2017...

CLIMATE NORMAL PERIOD 1981 TO 2010
CLIMATE RECORD PERIOD 1894 TO 2017


WEATHER ITEM   OBSERVED TIME   RECORD YEAR NORMAL DEPARTURE LAST
                VALUE   (LST)  VALUE       VALUE  FROM      YEAR
                                                  NORMAL
..................................................................
TEMPERATURE (F)
 YESTERDAY
  MAXIMUM         83    300 PM 110    1956  91     -8       77
  MINIMUM         66    707 AM  56    1994  69     -3       71
  AVERAGE         75                        80     -5       74

PRECIPITATION (IN)
  YESTERDAY        0.21          1.90 2008   0.12   0.09     1.48
  MONTH TO DATE    4.57                      0.70   3.87     1.61
  SINCE JUN 1      8.80                     11.10  -2.30     9.30
  SINCE JAN 1     29.88                     27.50   2.38    21.09

DEGREE DAYS
 HEATING
  YESTERDAY        0                         0      0        0
  MONTH TO DATE    0                         0      0        0
  SINCE JUN 1      0                         6     -6        0
  SINCE JUL 1      0                         0      0        0

 COOLING
  YESTERDAY       10                        15     -5        9
  MONTH TO DATE   59                        90    -31      109
  SINCE JUN 1    880                       831     49     1044
  SINCE JAN 1   1047                       964     83     1151
..................................................................


WIND (MPH)
  HIGHEST WIND SPEED    18   HIGHEST WIND DIRECTION    SE (130)
  HIGHEST GUST SPEED    23   HIGHEST GUST DIRECTION    SE (120)
  AVERAGE WIND SPEED     7.0


SKY COVER
  POSSIBLE SUNSHINE  MM
  AVERAGE SKY COVER 0.8


WEATHER CONDITIONS
 THE FOLLOWING WEATHER WAS RECORDED YESTERDAY.
  RAIN
  LIGHT RAIN
  FOG


RELATIVE HUMIDITY (PERCENT)
 HIGHEST    93          1200 AM
 LOWEST     65           200 PM
 AVERAGE    79

..........................................................


THE CHANUTE KS CLIMATE NORMALS FOR TODAY
                         NORMAL    RECORD    YEAR
 MAXIMUM TEMPERATURE (F)   91       107      1956
 MINIMUM TEMPERATURE (F)   69        50      1997


SUNRISE AND SUNSET
AUGUST  7 2017........SUNRISE   631 AM CDT   SUNSET   824 PM CDT
AUGUST  8 2017........SUNRISE   632 AM CDT   SUNSET   823 PM CDT


-  INDICATES NEGATIVE NUMBERS.
R  INDICATES RECORD WAS SET OR TIED.
MM INDICATES DATA IS MISSING.
T  INDICATES TRACE AMOUNT.




$$
