000
CDUS43 KICT 300623
CLICNU


CLIMATE REPORT
NATIONAL WEATHER SERVICE WICHITA KS
123 AM CDT SAT AUG 30 2014


...................................

...THE CHANUTE KS CLIMATE SUMMARY FOR AUGUST 29 2014...

CLIMATE NORMAL PERIOD 1981 TO 2010
CLIMATE RECORD PERIOD 1894 TO 2014


WEATHER ITEM   OBSERVED TIME   RECORD YEAR NORMAL DEPARTURE LAST
                VALUE   (LST)  VALUE       VALUE  FROM      YEAR
                                                  NORMAL
..................................................................
TEMPERATURE (F)
 YESTERDAY
  MAXIMUM         90    348 PM 105    1954  88      2       97
  MINIMUM         69    911 AM  45    1988  66      3       73
  AVERAGE         80                        77      3       85

PRECIPITATION (IN)
  YESTERDAY       MM             2.12 1928   0.11  MM        0.00
  MONTH TO DATE    1.36                      3.46  -2.10     3.91
  SINCE JUN 1     11.02                     13.86  -2.84    17.06
  SINCE JAN 1     20.48                     30.26  -9.78    35.62

DEGREE DAYS
 HEATING
  YESTERDAY        0                         0      0        0
  MONTH TO DATE    0                         0      0        0
  SINCE JUN 1      1                         6     -5       10
  SINCE JUL 1      1                         0      1        0

 COOLING
  YESTERDAY       15                        12      3       20
  MONTH TO DATE  452                       408     44      361
  SINCE JUN 1   1060                      1149    -89     1102
  SINCE JAN 1   1252                      1282    -30     1225
..................................................................


WIND (MPH)
  HIGHEST WIND SPEED    20   HIGHEST WIND DIRECTION    SW (230)
  HIGHEST GUST SPEED    25   HIGHEST GUST DIRECTION    SW (230)
  AVERAGE WIND SPEED     7.9


SKY COVER
  POSSIBLE SUNSHINE  MM
  AVERAGE SKY COVER 0.3


WEATHER CONDITIONS
 THE FOLLOWING WEATHER WAS RECORDED YESTERDAY.
  RAIN
  LIGHT RAIN
  FOG


RELATIVE HUMIDITY (PERCENT)
 HIGHEST    79           600 AM
 LOWEST     43           300 PM
 AVERAGE    61

..........................................................


THE CHANUTE KS CLIMATE NORMALS FOR TODAY
                         NORMAL    RECORD    YEAR
 MAXIMUM TEMPERATURE (F)   88       103      1947
 MINIMUM TEMPERATURE (F)   65        48      1911


SUNRISE AND SUNSET
AUGUST 30 2014........SUNRISE   650 AM CDT   SUNSET   754 PM CDT
AUGUST 31 2014........SUNRISE   651 AM CDT   SUNSET   752 PM CDT


-  INDICATES NEGATIVE NUMBERS.
R  INDICATES RECORD WAS SET OR TIED.
MM INDICATES DATA IS MISSING.
T  INDICATES TRACE AMOUNT.




$$
