383
CDUS43 KICT 080643
CLICNU

CLIMATE REPORT
NATIONAL WEATHER SERVICE WICHITA KS
1240 AM CST MON FEB 8 2016

...................................

...THE CHANUTE KS CLIMATE SUMMARY FOR FEBRUARY 7 2016...

CLIMATE NORMAL PERIOD 1981 TO 2010
CLIMATE RECORD PERIOD 1894 TO 2016


WEATHER ITEM   OBSERVED TIME   RECORD YEAR NORMAL DEPARTURE LAST
                VALUE   (LST)  VALUE       VALUE  FROM      YEAR
                                                  NORMAL
..................................................................
TEMPERATURE (F)
 YESTERDAY
  MAXIMUM         58    108 PM  72    2009  46     12       66
                                      1926
  MINIMUM         35    715 AM  -6    1933  25     10       36
  AVERAGE         47                        35     12       51

PRECIPITATION (IN)
  YESTERDAY        0.00          1.40 1900   0.06  -0.06     0.00
  MONTH TO DATE    0.29                      0.36  -0.07     0.23
  SINCE DEC 1      4.62                      3.37   1.25     3.23
  SINCE JAN 1      1.07                      1.62  -0.55     0.86

DEGREE DAYS
 HEATING
  YESTERDAY       18                        30    -12       14
  MONTH TO DATE  179                       214    -35      226
  SINCE DEC 1   1865                      2161   -296     2018
  SINCE JUL 1   2508                      3013   -505     2960

 COOLING
  YESTERDAY        0                         0      0        0
  MONTH TO DATE    0                         0      0        0
  SINCE DEC 1      0                         0      0        0
  SINCE JAN 1      0                         0      0        0
..................................................................


WIND (MPH)
  HIGHEST WIND SPEED    30   HIGHEST WIND DIRECTION    NW (310)
  HIGHEST GUST SPEED    39   HIGHEST GUST DIRECTION    NW (310)
  AVERAGE WIND SPEED    13.6


SKY COVER
  POSSIBLE SUNSHINE  MM
  AVERAGE SKY COVER 0.3


WEATHER CONDITIONS
 THE FOLLOWING WEATHER WAS RECORDED YESTERDAY.
  NO SIGNIFICANT WEATHER WAS OBSERVED.


RELATIVE HUMIDITY (PERCENT)
 HIGHEST    75           100 AM
 LOWEST     20           400 PM
 AVERAGE    48

..........................................................


THE CHANUTE KS CLIMATE NORMALS FOR TODAY
                         NORMAL    RECORD    YEAR
 MAXIMUM TEMPERATURE (F)   46        73      2015
 MINIMUM TEMPERATURE (F)   25       -12      1933


SUNRISE AND SUNSET
FEBRUARY  8 2016......SUNRISE   720 AM CST   SUNSET   553 PM CST
FEBRUARY  9 2016......SUNRISE   719 AM CST   SUNSET   554 PM CST


-  INDICATES NEGATIVE NUMBERS.
R  INDICATES RECORD WAS SET OR TIED.
MM INDICATES DATA IS MISSING.
T  INDICATES TRACE AMOUNT.

$$
