000
CDUS43 KICT 240642
CLICNU


CLIMATE REPORT
NATIONAL WEATHER SERVICE WICHITA KS
141 AM CDT TUE MAY 24 2016


...................................

...THE CHANUTE KS CLIMATE SUMMARY FOR MAY 23 2016...

CLIMATE NORMAL PERIOD 1981 TO 2010
CLIMATE RECORD PERIOD 1894 TO 2016


WEATHER ITEM   OBSERVED TIME   RECORD YEAR NORMAL DEPARTURE LAST
                VALUE   (LST)  VALUE       VALUE  FROM      YEAR
                                                  NORMAL
..................................................................
TEMPERATURE (F)
 YESTERDAY
  MAXIMUM         75   1104 AM  95    1927  78     -3       67
  MINIMUM         63   1012 PM  38    1917  58      5       57
  AVERAGE         69                        68      1       62

PRECIPITATION (IN)
  YESTERDAY        0.14          2.57 1927   0.19  -0.05     2.13
  MONTH TO DATE    2.62                      4.09  -1.47     8.70
  SINCE MAR 1      9.50                     11.53  -2.03    13.78
  SINCE JAN 1     10.58                     14.69  -4.11    15.09

DEGREE DAYS
 HEATING
  YESTERDAY        0                         1     -1        3
  MONTH TO DATE  119                        68     51       78
  SINCE MAR 1    682                       898   -216      760
  SINCE JUL 1   3647                      4470   -823     4450

 COOLING
  YESTERDAY        4                         4      0        0
  MONTH TO DATE   29                        61    -32       62
  SINCE MAR 1     53                        92    -39       84
  SINCE JAN 1     53                        92    -39       84
..................................................................


WIND (MPH)
  HIGHEST WIND SPEED    28   HIGHEST WIND DIRECTION     E (110)
  HIGHEST GUST SPEED    33   HIGHEST GUST DIRECTION    SE (120)
  AVERAGE WIND SPEED    10.6


SKY COVER
  POSSIBLE SUNSHINE  MM
  AVERAGE SKY COVER 0.4


WEATHER CONDITIONS
 THE FOLLOWING WEATHER WAS RECORDED YESTERDAY.
  THUNDERSTORM
  RAIN
  LIGHT RAIN
  FOG


RELATIVE HUMIDITY (PERCENT)
 HIGHEST    93          1000 PM
 LOWEST     57          1000 AM
 AVERAGE    75

..........................................................


THE CHANUTE KS CLIMATE NORMALS FOR TODAY
                         NORMAL    RECORD    YEAR
 MAXIMUM TEMPERATURE (F)   78        91      1926
 MINIMUM TEMPERATURE (F)   58        41      1935


SUNRISE AND SUNSET
MAY 24 2016...........SUNRISE   606 AM CDT   SUNSET   833 PM CDT
MAY 25 2016...........SUNRISE   605 AM CDT   SUNSET   833 PM CDT


-  INDICATES NEGATIVE NUMBERS.
R  INDICATES RECORD WAS SET OR TIED.
MM INDICATES DATA IS MISSING.
T  INDICATES TRACE AMOUNT.




$$
