000
CDUS43 KICT 210659
CLICNU


CLIMATE REPORT
NATIONAL WEATHER SERVICE WICHITA KS
154 AM CDT SUN MAY 21 2017


...................................

...THE CHANUTE KS CLIMATE SUMMARY FOR MAY 20 2017...

CLIMATE NORMAL PERIOD 1981 TO 2010
CLIMATE RECORD PERIOD 1894 TO 2017


WEATHER ITEM   OBSERVED TIME   RECORD YEAR NORMAL DEPARTURE LAST
                VALUE   (LST)  VALUE       VALUE  FROM      YEAR
                                                  NORMAL
..................................................................
TEMPERATURE (F)
 YESTERDAY
  MAXIMUM         68    309 PM  94    1956  77     -9       68
  MINIMUM         50   1104 PM  41    1981  57     -7       51
  AVERAGE         59                        67     -8       60

PRECIPITATION (IN)
  YESTERDAY        0.04          1.78 2013   0.20  -0.16     0.03
  MONTH TO DATE    5.87                      3.49   2.38     2.48
  SINCE MAR 1     18.91                     10.93   7.98     9.36
  SINCE JAN 1     21.06                     14.09   6.97    10.44

DEGREE DAYS
 HEATING
  YESTERDAY        6                         2      4        5
  MONTH TO DATE   49                        63    -14      116
  SINCE MAR 1    668                       893   -225      679
  SINCE JUL 1   3436                      4465  -1029     3644

 COOLING
  YESTERDAY        0                         4     -4        0
  MONTH TO DATE   69                        49     20       20
  SINCE MAR 1    124                        80     44       44
  SINCE JAN 1    127                        80     47       44
..................................................................


WIND (MPH)
  HIGHEST WIND SPEED    21   HIGHEST WIND DIRECTION     W (270)
  HIGHEST GUST SPEED    27   HIGHEST GUST DIRECTION     W (280)
  AVERAGE WIND SPEED    11.7


SKY COVER
  POSSIBLE SUNSHINE  MM
  AVERAGE SKY COVER 0.5


WEATHER CONDITIONS
 THE FOLLOWING WEATHER WAS RECORDED YESTERDAY.
  THUNDERSTORM
  LIGHT RAIN
  FOG


RELATIVE HUMIDITY (PERCENT)
 HIGHEST    93           200 AM
 LOWEST     52           500 PM
 AVERAGE    73

..........................................................


THE CHANUTE KS CLIMATE NORMALS FOR TODAY
                         NORMAL    RECORD    YEAR
 MAXIMUM TEMPERATURE (F)   77        94      1956
 MINIMUM TEMPERATURE (F)   57        37      1968


SUNRISE AND SUNSET
MAY 21 2017...........SUNRISE   608 AM CDT   SUNSET   830 PM CDT
MAY 22 2017...........SUNRISE   607 AM CDT   SUNSET   831 PM CDT


-  INDICATES NEGATIVE NUMBERS.
R  INDICATES RECORD WAS SET OR TIED.
MM INDICATES DATA IS MISSING.
T  INDICATES TRACE AMOUNT.




$$
