000
CDUS43 KICT 060647
CLICNU


CLIMATE REPORT
NATIONAL WEATHER SERVICE WICHITA KS
1245 AM CST FRI FEB 6 2015


...................................

...THE CHANUTE KS CLIMATE SUMMARY FOR FEBRUARY 5 2015...

CLIMATE NORMAL PERIOD 1981 TO 2010
CLIMATE RECORD PERIOD 1894 TO 2015


WEATHER ITEM   OBSERVED TIME   RECORD YEAR NORMAL DEPARTURE LAST
                VALUE   (LST)  VALUE       VALUE  FROM      YEAR
                                                  NORMAL
..................................................................
TEMPERATURE (F)
 YESTERDAY
  MAXIMUM         34    403 PM  68    1963  45    -11       19
  MINIMUM         10    748 AM  -6    1979  24    -14        3
  AVERAGE         22                        35    -13       11

PRECIPITATION (IN)
  YESTERDAY        0.00          1.08 2008   0.05  -0.05    MM
  MONTH TO DATE    0.23                      0.25  -0.02     0.41
  SINCE DEC 1      3.23                      3.26  -0.03     0.68
  SINCE JAN 1      0.86                      1.51  -0.65     0.52

DEGREE DAYS
 HEATING
  YESTERDAY       43                        30     13       54
  MONTH TO DATE  189                       154     35      220
  SINCE DEC 1   1981                      2101   -120     2339
  SINCE JUL 1   2923                      2953    -30     3259

 COOLING
  YESTERDAY        0                         0      0        0
  MONTH TO DATE    0                         0      0        0
  SINCE DEC 1      0                         0      0        0
  SINCE JAN 1      0                         0      0        0
..................................................................


WIND (MPH)
  HIGHEST WIND SPEED    13   HIGHEST WIND DIRECTION     S (170)
  HIGHEST GUST SPEED    17   HIGHEST GUST DIRECTION     N (10)
  AVERAGE WIND SPEED     7.6


SKY COVER
  POSSIBLE SUNSHINE  MM
  AVERAGE SKY COVER 0.0


WEATHER CONDITIONS
 THE FOLLOWING WEATHER WAS RECORDED YESTERDAY.
  NO SIGNIFICANT WEATHER WAS OBSERVED.


RELATIVE HUMIDITY (PERCENT)
 HIGHEST    88           200 AM
 LOWEST     38           400 PM
 AVERAGE    63

..........................................................


THE CHANUTE KS CLIMATE NORMALS FOR TODAY
                         NORMAL    RECORD    YEAR
 MAXIMUM TEMPERATURE (F)   45        70      2009
                                             1900
 MINIMUM TEMPERATURE (F)   25        -9      1985


SUNRISE AND SUNSET
FEBRUARY  6 2015......SUNRISE   721 AM CST   SUNSET   551 PM CST
FEBRUARY  7 2015......SUNRISE   720 AM CST   SUNSET   552 PM CST


-  INDICATES NEGATIVE NUMBERS.
R  INDICATES RECORD WAS SET OR TIED.
MM INDICATES DATA IS MISSING.
T  INDICATES TRACE AMOUNT.




$$
