000
CDUS43 KICT 150623
CLICNU


CLIMATE REPORT
NATIONAL WEATHER SERVICE WICHITA KS
120 AM CDT SAT OCT 15 2016


...................................

...THE CHANUTE KS CLIMATE SUMMARY FOR OCTOBER 14 2016...

CLIMATE NORMAL PERIOD 1981 TO 2010
CLIMATE RECORD PERIOD 1894 TO 2016


WEATHER ITEM   OBSERVED TIME   RECORD YEAR NORMAL DEPARTURE LAST
                VALUE   (LST)  VALUE       VALUE  FROM      YEAR
                                                  NORMAL
..................................................................
TEMPERATURE (F)
 YESTERDAY
  MAXIMUM         72    353 PM  91    1938  70      2       83
  MINIMUM         55    217 AM  31    1901  48      7       47
  AVERAGE         64                        59      5       65

PRECIPITATION (IN)
  YESTERDAY        0.22          1.08 1975   0.11   0.11     0.00
  MONTH TO DATE    3.10                      1.89   1.21     0.59
  SINCE SEP 1     10.01                      5.56   4.45     1.88
  SINCE JAN 1     35.24                     36.05  -0.81    33.19

DEGREE DAYS
 HEATING
  YESTERDAY        1                         7     -6        0
  MONTH TO DATE   48                        79    -31       44
  SINCE SEP 1     59                       125    -66       50
  SINCE JUL 1     59                       126    -67       50

 COOLING
  YESTERDAY        0                         1     -1        0
  MONTH TO DATE   21                        22     -1       17
  SINCE SEP 1    282                       215     67      267
  SINCE JAN 1   1763                      1519    244     1586
..................................................................


WIND (MPH)
  HIGHEST WIND SPEED    22   HIGHEST WIND DIRECTION     S (160)
  HIGHEST GUST SPEED    26   HIGHEST GUST DIRECTION     S (180)
  AVERAGE WIND SPEED    10.9


SKY COVER
  POSSIBLE SUNSHINE  MM
  AVERAGE SKY COVER 0.8


WEATHER CONDITIONS
 THE FOLLOWING WEATHER WAS RECORDED YESTERDAY.
  THUNDERSTORM
  HEAVY RAIN
  RAIN
  LIGHT RAIN
  FOG


RELATIVE HUMIDITY (PERCENT)
 HIGHEST   100           400 AM
 LOWEST     68           300 PM
 AVERAGE    84

..........................................................


THE CHANUTE KS CLIMATE NORMALS FOR TODAY
                         NORMAL    RECORD    YEAR
 MAXIMUM TEMPERATURE (F)   70        90      1963
 MINIMUM TEMPERATURE (F)   47        32      1943


SUNRISE AND SUNSET
OCTOBER 15 2016.......SUNRISE   731 AM CDT   SUNSET   644 PM CDT
OCTOBER 16 2016.......SUNRISE   732 AM CDT   SUNSET   642 PM CDT


-  INDICATES NEGATIVE NUMBERS.
R  INDICATES RECORD WAS SET OR TIED.
MM INDICATES DATA IS MISSING.
T  INDICATES TRACE AMOUNT.




$$
