000
CDUS43 KICT 210630
CLICNU


CLIMATE REPORT
NATIONAL WEATHER SERVICE WICHITA KS
130 AM CDT TUE MAR 21 2017


...................................

...THE CHANUTE KS CLIMATE SUMMARY FOR MARCH 20 2017...

CLIMATE NORMAL PERIOD 1981 TO 2010
CLIMATE RECORD PERIOD 1894 TO 2017


WEATHER ITEM   OBSERVED TIME   RECORD YEAR NORMAL DEPARTURE LAST
                VALUE   (LST)  VALUE       VALUE  FROM      YEAR
                                                  NORMAL
..................................................................
TEMPERATURE (F)
 YESTERDAY
  MAXIMUM         87R   436 PM  82    1953  60     27       51
  MINIMUM         60    649 AM  12    1965  37     23       30
  AVERAGE         74                        48     26       41

PRECIPITATION (IN)
  YESTERDAY        0.00          2.18 1909   0.10  -0.10     0.00
  MONTH TO DATE    0.26                      1.88  -1.62     0.60
  SINCE MAR 1      0.26                      1.88  -1.62     0.60
  SINCE JAN 1      2.41                      5.04  -2.63     1.68

DEGREE DAYS
 HEATING
  YESTERDAY        0                        17    -17       24
  MONTH TO DATE  312                       396    -84      258
  SINCE MAR 1    312                       396    -84      258
  SINCE JUL 1   3080                      3968   -888     3223

 COOLING
  YESTERDAY        9                         0      9        0
  MONTH TO DATE   15                         0     15        0
  SINCE MAR 1     15                         0     15        0
  SINCE JAN 1     18                         0     18        0
..................................................................


WIND (MPH)
  HIGHEST WIND SPEED    17   HIGHEST WIND DIRECTION    NE (50)
  HIGHEST GUST SPEED    22   HIGHEST GUST DIRECTION    SW (220)
  AVERAGE WIND SPEED     9.1


SKY COVER
  POSSIBLE SUNSHINE  MM
  AVERAGE SKY COVER 0.0


WEATHER CONDITIONS
 THE FOLLOWING WEATHER WAS RECORDED YESTERDAY.
  FOG


RELATIVE HUMIDITY (PERCENT)
 HIGHEST    90           600 AM
 LOWEST     31           400 PM
 AVERAGE    61

..........................................................


THE CHANUTE KS CLIMATE NORMALS FOR TODAY
                         NORMAL    RECORD    YEAR
 MAXIMUM TEMPERATURE (F)   60        95      1916
 MINIMUM TEMPERATURE (F)   38        10      1913


SUNRISE AND SUNSET
MARCH 21 2017.........SUNRISE   724 AM CDT   SUNSET   735 PM CDT
MARCH 22 2017.........SUNRISE   722 AM CDT   SUNSET   736 PM CDT


-  INDICATES NEGATIVE NUMBERS.
R  INDICATES RECORD WAS SET OR TIED.
MM INDICATES DATA IS MISSING.
T  INDICATES TRACE AMOUNT.




$$
