000
CDUS43 KICT 010627
CLICNU

CLIMATE REPORT
NATIONAL WEATHER SERVICE WICHITA KS
125 AM CDT SAT AUG 1 2015

...................................

...THE CHANUTE KS CLIMATE SUMMARY FOR JULY 31 2015...

CLIMATE NORMAL PERIOD 1981 TO 2010
CLIMATE RECORD PERIOD 1894 TO 2015


WEATHER ITEM   OBSERVED TIME   RECORD YEAR NORMAL DEPARTURE LAST
                VALUE   (LST)  VALUE       VALUE  FROM      YEAR
                                                  NORMAL
..................................................................
TEMPERATURE (F)
 YESTERDAY
  MAXIMUM         92    331 PM 107    1934  91      1       83
  MINIMUM         65   1254 AM  50    1971  69     -4       59
  AVERAGE         79                        80     -1       71

PRECIPITATION (IN)
  YESTERDAY        0.00          1.57 1979   0.12  -0.12     0.00
  MONTH TO DATE    4.80                      4.37   0.43     1.61
  SINCE JUN 1      7.17                     10.40  -3.23     9.66
  SINCE JAN 1     25.14                     26.80  -1.66    19.12

DEGREE DAYS
 HEATING
  YESTERDAY        0                         0      0        0
  MONTH TO DATE    0                         0      0        1
  SINCE JUN 1      0                         6     -6        1
  SINCE JUL 1      0                         0      0        1

 COOLING
  YESTERDAY       14                        15     -1        6
  MONTH TO DATE  486                       449     37      310
  SINCE JUN 1    877                       741    136      608
  SINCE JAN 1    986                       874    112      800
..................................................................


WIND (MPH)
  HIGHEST WIND SPEED     9   HIGHEST WIND DIRECTION     S (170)
  HIGHEST GUST SPEED    16   HIGHEST GUST DIRECTION     E (90)
  AVERAGE WIND SPEED     3.3


SKY COVER
  POSSIBLE SUNSHINE  MM
  AVERAGE SKY COVER 0.2


WEATHER CONDITIONS
 THE FOLLOWING WEATHER WAS RECORDED YESTERDAY.
  NO SIGNIFICANT WEATHER WAS OBSERVED.


RELATIVE HUMIDITY (PERCENT)
 HIGHEST   100           600 AM
 LOWEST     40          1200 PM
 AVERAGE    70

..........................................................


THE CHANUTE KS CLIMATE NORMALS FOR TODAY
                         NORMAL    RECORD    YEAR
 MAXIMUM TEMPERATURE (F)   91       109      1934
 MINIMUM TEMPERATURE (F)   69        53      1971


SUNRISE AND SUNSET
AUGUST  1 2015........SUNRISE   626 AM CDT   SUNSET   830 PM CDT
AUGUST  2 2015........SUNRISE   626 AM CDT   SUNSET   830 PM CDT


-  INDICATES NEGATIVE NUMBERS.
R  INDICATES RECORD WAS SET OR TIED.
MM INDICATES DATA IS MISSING.
T  INDICATES TRACE AMOUNT.

$$
