000
CDUS43 KICT 220621
CLICNU


CLIMATE REPORT
NATIONAL WEATHER SERVICE WICHITA KS
121 AM CDT MON AUG 22 2016


...................................

...THE CHANUTE KS CLIMATE SUMMARY FOR AUGUST 21 2016...

CLIMATE NORMAL PERIOD 1981 TO 2010
CLIMATE RECORD PERIOD 1894 TO 2016


WEATHER ITEM   OBSERVED TIME   RECORD YEAR NORMAL DEPARTURE LAST
                VALUE   (LST)  VALUE       VALUE  FROM      YEAR
                                                  NORMAL
..................................................................
TEMPERATURE (F)
 YESTERDAY
  MAXIMUM         83    344 PM 104    1913  90     -7       77
  MINIMUM         54    608 AM  47    1950  68    -14       58
  AVERAGE         69                        79    -10       68

PRECIPITATION (IN)
  YESTERDAY        0.00          2.10 1951   0.12  -0.12      T
  MONTH TO DATE    4.65                      2.54   2.11     3.07
  SINCE JUN 1     12.34                     12.94  -0.60    10.24
  SINCE JAN 1     24.13                     29.34  -5.21    28.21

DEGREE DAYS
 HEATING
  YESTERDAY        0                         0      0        0
  MONTH TO DATE    0                         0      0        0
  SINCE JUN 1      0                         6     -6        0
  SINCE JUL 1      0                         0      0        0

 COOLING
  YESTERDAY        4                        14    -10        3
  MONTH TO DATE  301                       307     -6      255
  SINCE JUN 1   1236                      1048    188     1132
  SINCE JAN 1   1343                      1181    162     1241
..................................................................


WIND (MPH)
  HIGHEST WIND SPEED     9   HIGHEST WIND DIRECTION     N (350)
  HIGHEST GUST SPEED    16   HIGHEST GUST DIRECTION    NW (310)
  AVERAGE WIND SPEED     3.9


SKY COVER
  POSSIBLE SUNSHINE  MM
  AVERAGE SKY COVER 0.0


WEATHER CONDITIONS
 THE FOLLOWING WEATHER WAS RECORDED YESTERDAY.
  NO SIGNIFICANT WEATHER WAS OBSERVED.


RELATIVE HUMIDITY (PERCENT)
 HIGHEST    93           100 AM
 LOWEST     36           100 PM
 AVERAGE    65

..........................................................


THE CHANUTE KS CLIMATE NORMALS FOR TODAY
                         NORMAL    RECORD    YEAR
 MAXIMUM TEMPERATURE (F)   90       105      1983
 MINIMUM TEMPERATURE (F)   67        51      1949


SUNRISE AND SUNSET
AUGUST 22 2016........SUNRISE   644 AM CDT   SUNSET   805 PM CDT
AUGUST 23 2016........SUNRISE   645 AM CDT   SUNSET   803 PM CDT


-  INDICATES NEGATIVE NUMBERS.
R  INDICATES RECORD WAS SET OR TIED.
MM INDICATES DATA IS MISSING.
T  INDICATES TRACE AMOUNT.




$$
