190
CDUS43 KICT 260656
CLICNU

CLIMATE REPORT
NATIONAL WEATHER SERVICE WICHITA KS
154 AM CDT SUN MAR 26 2017

...................................

...THE CHANUTE KS CLIMATE SUMMARY FOR MARCH 25 2017...

CLIMATE NORMAL PERIOD 1981 TO 2010
CLIMATE RECORD PERIOD 1894 TO 2017


WEATHER ITEM   OBSERVED TIME   RECORD YEAR NORMAL DEPARTURE LAST
                VALUE   (LST)  VALUE       VALUE  FROM      YEAR
                                                  NORMAL
..................................................................
TEMPERATURE (F)
 YESTERDAY
  MAXIMUM         53    317 AM  88    1910  61     -8       63
  MINIMUM         46    811 AM   8    1955  39      7       24
  AVERAGE         50                        50      0       44

PRECIPITATION (IN)
  YESTERDAY        0.06          2.23 1920   0.10  -0.04     0.00
  MONTH TO DATE    0.42                      2.38  -1.96     0.60
  SINCE MAR 1      0.42                      2.38  -1.96     0.60
  SINCE JAN 1      2.57                      5.54  -2.97     1.68

DEGREE DAYS
 HEATING
  YESTERDAY       15                        15      0       21
  MONTH TO DATE  346                       474   -128      324
  SINCE MAR 1    346                       474   -128      324
  SINCE JUL 1   3114                      4046   -932     3289

 COOLING
  YESTERDAY        0                         0      0        0
  MONTH TO DATE   17                         0     17        0
  SINCE MAR 1     17                         0     17        0
  SINCE JAN 1     20                         0     20        0
..................................................................


WIND (MPH)
  HIGHEST WIND SPEED    23   HIGHEST WIND DIRECTION    NW (330)
  HIGHEST GUST SPEED    29   HIGHEST GUST DIRECTION    NW (320)
  AVERAGE WIND SPEED    11.0


SKY COVER
  POSSIBLE SUNSHINE  MM
  AVERAGE SKY COVER 1.0


WEATHER CONDITIONS
 THE FOLLOWING WEATHER WAS RECORDED YESTERDAY.
  RAIN
  LIGHT RAIN
  FOG


RELATIVE HUMIDITY (PERCENT)
 HIGHEST    93           100 AM
 LOWEST     80          1100 AM
 AVERAGE    87

..........................................................


THE CHANUTE KS CLIMATE NORMALS FOR TODAY
                         NORMAL    RECORD    YEAR
 MAXIMUM TEMPERATURE (F)   62        85      1918
 MINIMUM TEMPERATURE (F)   39         6      1955


SUNRISE AND SUNSET
MARCH 26 2017.........SUNRISE   716 AM CDT   SUNSET   740 PM CDT
MARCH 27 2017.........SUNRISE   714 AM CDT   SUNSET   741 PM CDT


-  INDICATES NEGATIVE NUMBERS.
R  INDICATES RECORD WAS SET OR TIED.
MM INDICATES DATA IS MISSING.
T  INDICATES TRACE AMOUNT.

$$
