000
CDUS43 KICT 210621
CLICNU

CLIMATE REPORT
NATIONAL WEATHER SERVICE WICHITA KS
120 AM CDT WED SEP 21 2016

...................................

...THE CHANUTE KS CLIMATE SUMMARY FOR SEPTEMBER 20 2016...

CLIMATE NORMAL PERIOD 1981 TO 2010
CLIMATE RECORD PERIOD 1894 TO 2016


WEATHER ITEM   OBSERVED TIME   RECORD YEAR NORMAL DEPARTURE LAST
                VALUE   (LST)  VALUE       VALUE  FROM      YEAR
                                                  NORMAL
..................................................................
TEMPERATURE (F)
 YESTERDAY
  MAXIMUM         93    335 PM 101    1954  79     14       73
  MINIMUM         72    333 AM  35    1918  57     15       57
  AVERAGE         83                        68     15       65

PRECIPITATION (IN)
  YESTERDAY        0.00          4.02 1947   0.13  -0.13      T
  MONTH TO DATE    5.88                      2.28   3.60     1.29
  SINCE SEP 1      5.88                      2.28   3.60     1.29
  SINCE JAN 1     31.11                     32.77  -1.66    32.60

DEGREE DAYS
 HEATING
  YESTERDAY        0                         2     -2        0
  MONTH TO DATE    0                        15    -15        6
  SINCE SEP 1      0                        15    -15        6
  SINCE JUL 1      0                        16    -16        6

 COOLING
  YESTERDAY       18                         5     13        0
  MONTH TO DATE  205                       158     47      187
  SINCE SEP 1    205                       158     47      187
  SINCE JAN 1   1686                      1462    224     1506
..................................................................


WIND (MPH)
  HIGHEST WIND SPEED    14   HIGHEST WIND DIRECTION     S (170)
  HIGHEST GUST SPEED    17   HIGHEST GUST DIRECTION    NW (330)
  AVERAGE WIND SPEED     7.2


SKY COVER
  POSSIBLE SUNSHINE  MM
  AVERAGE SKY COVER 0.0


WEATHER CONDITIONS
 THE FOLLOWING WEATHER WAS RECORDED YESTERDAY.
  FOG


RELATIVE HUMIDITY (PERCENT)
 HIGHEST    94           700 AM
 LOWEST     56           300 PM
 AVERAGE    75

..........................................................


THE CHANUTE KS CLIMATE NORMALS FOR TODAY
                         NORMAL    RECORD    YEAR
 MAXIMUM TEMPERATURE (F)   79        97      1956
 MINIMUM TEMPERATURE (F)   56        35      1918


SUNRISE AND SUNSET
SEPTEMBER 21 2016.....SUNRISE   709 AM CDT   SUNSET   720 PM CDT
SEPTEMBER 22 2016.....SUNRISE   710 AM CDT   SUNSET   718 PM CDT


-  INDICATES NEGATIVE NUMBERS.
R  INDICATES RECORD WAS SET OR TIED.
MM INDICATES DATA IS MISSING.
T  INDICATES TRACE AMOUNT.

$$
