000
CDUS43 KICT 180734
CLICNU


CLIMATE REPORT
NATIONAL WEATHER SERVICE WICHITA KS
234 AM CDT MON JUL 18 2016


...................................

...THE CHANUTE KS CLIMATE SUMMARY FOR JULY 17 2016...

CLIMATE NORMAL PERIOD 1981 TO 2010
CLIMATE RECORD PERIOD 1894 TO 2016


WEATHER ITEM   OBSERVED TIME   RECORD YEAR NORMAL DEPARTURE LAST
                VALUE   (LST)  VALUE       VALUE  FROM      YEAR
                                                  NORMAL
..................................................................
TEMPERATURE (F)
 YESTERDAY
  MAXIMUM         93    349 PM 111    1980  90      3       89
  MINIMUM         76   1159 PM  56    1967  69      7       76
  AVERAGE         85                        80      5       83

PRECIPITATION (IN)
  YESTERDAY        0.00          3.10 1900   0.14  -0.14      T
  MONTH TO DATE    1.56                      2.59  -1.03     4.19
  SINCE JUN 1      4.76                      8.62  -3.86     6.56
  SINCE JAN 1     16.55                     25.02  -8.47    24.53

DEGREE DAYS
 HEATING
  YESTERDAY        0                         0      0        0
  MONTH TO DATE    0                         0      0        0
  SINCE JUN 1      0                         6     -6        0
  SINCE JUL 1      0                         0      0        0

 COOLING
  YESTERDAY       20                        15      5       18
  MONTH TO DATE  253                       242     11      237
  SINCE JUN 1    687                       534    153      628
  SINCE JAN 1    794                       667    127      737
..................................................................


WIND (MPH)
  HIGHEST WIND SPEED    24   HIGHEST WIND DIRECTION     S (180)
  HIGHEST GUST SPEED    31   HIGHEST GUST DIRECTION     S (180)
  AVERAGE WIND SPEED    12.7


SKY COVER
  POSSIBLE SUNSHINE  MM
  AVERAGE SKY COVER 0.0


WEATHER CONDITIONS
 THE FOLLOWING WEATHER WAS RECORDED YESTERDAY.
  NO SIGNIFICANT WEATHER WAS OBSERVED.


RELATIVE HUMIDITY (PERCENT)
 HIGHEST    94           400 AM
 LOWEST     56           300 PM
 AVERAGE    75

..........................................................


THE CHANUTE KS CLIMATE NORMALS FOR TODAY
                         NORMAL    RECORD    YEAR
 MAXIMUM TEMPERATURE (F)   90       116      1936
 MINIMUM TEMPERATURE (F)   70        53      2009


SUNRISE AND SUNSET
JULY 18 2016..........SUNRISE   615 AM CDT   SUNSET   841 PM CDT
JULY 19 2016..........SUNRISE   616 AM CDT   SUNSET   840 PM CDT


-  INDICATES NEGATIVE NUMBERS.
R  INDICATES RECORD WAS SET OR TIED.
MM INDICATES DATA IS MISSING.
T  INDICATES TRACE AMOUNT.




$$
