000
CDUS43 KICT 190630
CLICNU


CLIMATE REPORT
NATIONAL WEATHER SERVICE WICHITA KS
126 AM CDT FRI MAY 19 2017


...................................

...THE CHANUTE KS CLIMATE SUMMARY FOR MAY 18 2017...

CLIMATE NORMAL PERIOD 1981 TO 2010
CLIMATE RECORD PERIOD 1894 TO 2017


WEATHER ITEM   OBSERVED TIME   RECORD YEAR NORMAL DEPARTURE LAST
                VALUE   (LST)  VALUE       VALUE  FROM      YEAR
                                                  NORMAL
..................................................................
TEMPERATURE (F)
 YESTERDAY
  MAXIMUM         86    301 PM  91    1956  76     10       69
  MINIMUM         61   1210 AM  40    2002  56      5       44
  AVERAGE         74                        66      8       57

PRECIPITATION (IN)
  YESTERDAY        0.08          3.14 1940   0.20  -0.12     0.00
  MONTH TO DATE    5.27                      3.09   2.18     2.40
  SINCE MAR 1     18.31                     10.53   7.78     9.28
  SINCE JAN 1     20.46                     13.69   6.77    10.36

DEGREE DAYS
 HEATING
  YESTERDAY        0                         2     -2        8
  MONTH TO DATE   43                        59    -16      100
  SINCE MAR 1    662                       889   -227      663
  SINCE JUL 1   3430                      4461  -1031     3628

 COOLING
  YESTERDAY        9                         3      6        0
  MONTH TO DATE   65                        41     24       20
  SINCE MAR 1    120                        72     48       44
  SINCE JAN 1    123                        72     51       44
..................................................................


WIND (MPH)
  HIGHEST WIND SPEED    29   HIGHEST WIND DIRECTION     S (160)
  HIGHEST GUST SPEED    37   HIGHEST GUST DIRECTION     S (160)
  AVERAGE WIND SPEED    11.6


SKY COVER
  POSSIBLE SUNSHINE  MM
  AVERAGE SKY COVER 0.3


WEATHER CONDITIONS
 THE FOLLOWING WEATHER WAS RECORDED YESTERDAY.
  THUNDERSTORM
  LIGHT RAIN


RELATIVE HUMIDITY (PERCENT)
 HIGHEST    87           400 AM
 LOWEST     55           300 PM
 AVERAGE    71

..........................................................


THE CHANUTE KS CLIMATE NORMALS FOR TODAY
                         NORMAL    RECORD    YEAR
 MAXIMUM TEMPERATURE (F)   77        94      1911
 MINIMUM TEMPERATURE (F)   57        41      1968


SUNRISE AND SUNSET
MAY 19 2017...........SUNRISE   609 AM CDT   SUNSET   828 PM CDT
MAY 20 2017...........SUNRISE   608 AM CDT   SUNSET   829 PM CDT


-  INDICATES NEGATIVE NUMBERS.
R  INDICATES RECORD WAS SET OR TIED.
MM INDICATES DATA IS MISSING.
T  INDICATES TRACE AMOUNT.




$$
