000
CDUS43 KICT 180625
CLICNU


CLIMATE REPORT
NATIONAL WEATHER SERVICE WICHITA KS
124 AM CDT MON AUG 18 2014


...................................

...THE CHANUTE KS CLIMATE SUMMARY FOR AUGUST 17 2014...

CLIMATE NORMAL PERIOD 1981 TO 2010
CLIMATE RECORD PERIOD 1894 TO 2014


WEATHER ITEM   OBSERVED TIME   RECORD YEAR NORMAL DEPARTURE LAST
                VALUE   (LST)  VALUE       VALUE  FROM      YEAR
                                                  NORMAL
..................................................................
TEMPERATURE (F)
 YESTERDAY
  MAXIMUM         92    507 PM 110    1956  90      2       79
  MINIMUM         65    530 AM  53    1992  68     -3       57
  AVERAGE         79                        79      0       68

PRECIPITATION (IN)
  YESTERDAY        0.00          2.55 1968   0.13  -0.13     0.00
  MONTH TO DATE    1.15                      2.06  -0.91     3.91
  SINCE JUN 1     10.81                     12.46  -1.65    17.06
  SINCE JAN 1     20.27                     28.86  -8.59    35.62

DEGREE DAYS
 HEATING
  YESTERDAY        0                         0      0        0
  MONTH TO DATE    0                         0      0        0
  SINCE JUN 1      1                         6     -5       10
  SINCE JUL 1      1                         0      1        0

 COOLING
  YESTERDAY       14                        14      0        3
  MONTH TO DATE  215                       251    -36      189
  SINCE JUN 1    823                       992   -169      930
  SINCE JAN 1   1015                      1125   -110     1053
..................................................................


WIND (MPH)
  HIGHEST WIND SPEED    12   HIGHEST WIND DIRECTION     N (350)
  HIGHEST GUST SPEED    16   HIGHEST GUST DIRECTION     E (80)
  AVERAGE WIND SPEED     5.4


SKY COVER
  POSSIBLE SUNSHINE  MM
  AVERAGE SKY COVER 0.0


WEATHER CONDITIONS
 THE FOLLOWING WEATHER WAS RECORDED YESTERDAY.
  FOG


RELATIVE HUMIDITY (PERCENT)
 HIGHEST    93           300 AM
 LOWEST     38           200 PM
 AVERAGE    66

..........................................................


THE CHANUTE KS CLIMATE NORMALS FOR TODAY
                         NORMAL    RECORD    YEAR
 MAXIMUM TEMPERATURE (F)   90       106      1956
 MINIMUM TEMPERATURE (F)   68        50      1943


SUNRISE AND SUNSET
AUGUST 18 2014........SUNRISE   640 AM CDT   SUNSET   811 PM CDT
AUGUST 19 2014........SUNRISE   641 AM CDT   SUNSET   809 PM CDT


-  INDICATES NEGATIVE NUMBERS.
R  INDICATES RECORD WAS SET OR TIED.
MM INDICATES DATA IS MISSING.
T  INDICATES TRACE AMOUNT.




$$
