000
CDUS43 KICT 140654
CLICNU


CLIMATE REPORT
NATIONAL WEATHER SERVICE WICHITA KS
1254 AM CST SUN DEC 14 2014


...................................

...THE CHANUTE KS CLIMATE SUMMARY FOR DECEMBER 13 2014...

CLIMATE NORMAL PERIOD 1981 TO 2010
CLIMATE RECORD PERIOD 1894 TO 2014


WEATHER ITEM   OBSERVED TIME   RECORD YEAR NORMAL DEPARTURE LAST
                VALUE   (LST)  VALUE       VALUE  FROM      YEAR
                                                  NORMAL
..................................................................
TEMPERATURE (F)
 YESTERDAY
  MAXIMUM         57    851 PM  73    1921  44     13       39
  MINIMUM         49    903 AM  -3    1917  25     24       28
  AVERAGE         53                        35     18       34

PRECIPITATION (IN)
  YESTERDAY        T             1.58 1992   0.06  -0.06     0.16
  MONTH TO DATE    1.31                      0.81   0.50     0.16
  SINCE DEC 1      1.31                      0.81   0.50     0.16
  SINCE JAN 1     30.82                     41.13 -10.31    47.75

DEGREE DAYS
 HEATING
  YESTERDAY       12                        30    -18       31
  MONTH TO DATE  317                       368    -51      470
  SINCE DEC 1    317                       368    -51      470
  SINCE JUL 1   1259                      1220     39     1390

 COOLING
  YESTERDAY        0                         0      0        0
  MONTH TO DATE    0                         0      0        0
  SINCE DEC 1      0                         0      0        0
  SINCE JAN 1   1512                      1532    -20     1560
..................................................................


WIND (MPH)
  HIGHEST WIND SPEED    21   HIGHEST WIND DIRECTION     S (180)
  HIGHEST GUST SPEED    24   HIGHEST GUST DIRECTION     S (180)
  AVERAGE WIND SPEED    10.9


SKY COVER
  POSSIBLE SUNSHINE  MM
  AVERAGE SKY COVER 1.0


WEATHER CONDITIONS
 THE FOLLOWING WEATHER WAS RECORDED YESTERDAY.
  FOG
  FOG W/VISIBILITY <= 1/4 MILE


RELATIVE HUMIDITY (PERCENT)
 HIGHEST   100           300 AM
 LOWEST     86           800 PM
 AVERAGE    93

..........................................................


THE CHANUTE KS CLIMATE NORMALS FOR TODAY
                         NORMAL    RECORD    YEAR
 MAXIMUM TEMPERATURE (F)   44        73      1933
 MINIMUM TEMPERATURE (F)   25        -6      1901


SUNRISE AND SUNSET
DECEMBER 14 2014......SUNRISE   729 AM CST   SUNSET   504 PM CST
DECEMBER 15 2014......SUNRISE   730 AM CST   SUNSET   504 PM CST


-  INDICATES NEGATIVE NUMBERS.
R  INDICATES RECORD WAS SET OR TIED.
MM INDICATES DATA IS MISSING.
T  INDICATES TRACE AMOUNT.




$$
