000
CDUS43 KICT 110640
CLICNU


CLIMATE REPORT
NATIONAL WEATHER SERVICE WICHITA KS
140 AM CDT MON SEP 11 2017


...................................

...THE CHANUTE KS CLIMATE SUMMARY FOR SEPTEMBER 10 2017...

CLIMATE NORMAL PERIOD 1981 TO 2010
CLIMATE RECORD PERIOD 1894 TO 2017


WEATHER ITEM   OBSERVED TIME   RECORD YEAR NORMAL DEPARTURE LAST
                VALUE   (LST)  VALUE       VALUE  FROM      YEAR
                                                  NORMAL
..................................................................
TEMPERATURE (F)
 YESTERDAY
  MAXIMUM         83    337 PM 103    1936  84     -1       76
  MINIMUM         56   1136 PM  43    1976  61     -5       57
  AVERAGE         70                        72     -2       67

PRECIPITATION (IN)
  YESTERDAY        0.00          1.92 1922   0.11  -0.11     0.16
  MONTH TO DATE    0.00                      1.11  -1.11     4.24
  SINCE SEP 1      0.00                      1.11  -1.11     4.24
  SINCE JAN 1     36.64                     31.60   5.04    29.47

DEGREE DAYS
 HEATING
  YESTERDAY        0                         1     -1        0
  MONTH TO DATE    3                         1      2        0
  SINCE SEP 1      3                         1      2        0
  SINCE JUL 1      3                         2      1        0

 COOLING
  YESTERDAY        5                         8     -3        2
  MONTH TO DATE   63                        95    -32      112
  SINCE SEP 1     63                        95    -32      112
  SINCE JAN 1   1370                      1399    -29     1593
..................................................................


WIND (MPH)
  HIGHEST WIND SPEED    14   HIGHEST WIND DIRECTION     S (190)
  HIGHEST GUST SPEED    17   HIGHEST GUST DIRECTION     S (180)
  AVERAGE WIND SPEED     5.9


SKY COVER
  POSSIBLE SUNSHINE  MM
  AVERAGE SKY COVER 0.0


WEATHER CONDITIONS
 THE FOLLOWING WEATHER WAS RECORDED YESTERDAY.
  NO SIGNIFICANT WEATHER WAS OBSERVED.


RELATIVE HUMIDITY (PERCENT)
 HIGHEST    97           500 AM
 LOWEST     40           200 PM
 AVERAGE    69

..........................................................


THE CHANUTE KS CLIMATE NORMALS FOR TODAY
                         NORMAL    RECORD    YEAR
 MAXIMUM TEMPERATURE (F)   83       105      1909
 MINIMUM TEMPERATURE (F)   61        43      1959


SUNRISE AND SUNSET
SEPTEMBER 11 2017.....SUNRISE   701 AM CDT   SUNSET   735 PM CDT
SEPTEMBER 12 2017.....SUNRISE   702 AM CDT   SUNSET   734 PM CDT


-  INDICATES NEGATIVE NUMBERS.
R  INDICATES RECORD WAS SET OR TIED.
MM INDICATES DATA IS MISSING.
T  INDICATES TRACE AMOUNT.




$$
