000
CDUS43 KICT 250632
CLICNU

CLIMATE REPORT
NATIONAL WEATHER SERVICE WICHITA KS
131 AM CDT THU JUN 25 2015


...................................

...THE CHANUTE KS CLIMATE SUMMARY FOR JUNE 24 2015...

CLIMATE NORMAL PERIOD 1981 TO 2010
CLIMATE RECORD PERIOD 1894 TO 2015


WEATHER ITEM   OBSERVED TIME   RECORD YEAR NORMAL DEPARTURE LAST
                VALUE   (LST)  VALUE       VALUE  FROM      YEAR
                                                  NORMAL
..................................................................
TEMPERATURE (F)
 YESTERDAY
  MAXIMUM         93    307 PM 105    1918  87      6       85
  MINIMUM         71    401 AM  51    1957  67      4       64
  AVERAGE         82                        77      5       75

PRECIPITATION (IN)
  YESTERDAY        0.00          2.33 1944   0.17  -0.17     0.00
  MONTH TO DATE    2.21                      5.04  -2.83     7.13
  SINCE JUN 1      2.21                      5.04  -2.83     7.13
  SINCE JAN 1     20.18                     21.44  -1.26    16.59

DEGREE DAYS
 HEATING
  YESTERDAY        0                         0      0        0
  MONTH TO DATE    0                         4     -4        0
  SINCE JUN 1      0                         4     -4        0
  SINCE JUL 1   4455                      4481    -26     5090

 COOLING
  YESTERDAY       17                        12      5       10
  MONTH TO DATE  313                       217     96      223
  SINCE JUN 1    313                       217     96      223
  SINCE JAN 1    422                       350     72      415
..................................................................


WIND (MPH)
  HIGHEST WIND SPEED    22   HIGHEST WIND DIRECTION    SW (230)
  HIGHEST GUST SPEED    31   HIGHEST GUST DIRECTION     S (200)
  AVERAGE WIND SPEED    11.5


SKY COVER
  POSSIBLE SUNSHINE  MM
  AVERAGE SKY COVER 0.0


WEATHER CONDITIONS
 THE FOLLOWING WEATHER WAS RECORDED YESTERDAY.
  NO SIGNIFICANT WEATHER WAS OBSERVED.


RELATIVE HUMIDITY (PERCENT)
 HIGHEST    94          1200 AM
 LOWEST     52           500 PM
 AVERAGE    73

..........................................................


THE CHANUTE KS CLIMATE NORMALS FOR TODAY
                         NORMAL    RECORD    YEAR
 MAXIMUM TEMPERATURE (F)   87       104      1933
 MINIMUM TEMPERATURE (F)   67        47      1958


SUNRISE AND SUNSET
JUNE 25 2015..........SUNRISE   602 AM CDT   SUNSET   847 PM CDT
JUNE 26 2015..........SUNRISE   602 AM CDT   SUNSET   848 PM CDT


-  INDICATES NEGATIVE NUMBERS.
R  INDICATES RECORD WAS SET OR TIED.
MM INDICATES DATA IS MISSING.
T  INDICATES TRACE AMOUNT.




$$
