599
CXUS53 KICT 011140
CLMCNU


CLIMATE REPORT
NATIONAL WEATHER SERVICE WICHITA KS
630 AM CDT SAT JUL 1 2017

...................................

...THE CHANUTE KS CLIMATE SUMMARY FOR THE MONTH OF JUNE 2017...

CLIMATE NORMAL PERIOD 1981 TO 2010
CLIMATE RECORD PERIOD 1894 TO 2017

WEATHER         OBSERVED          NORMAL  DEPART  LAST YEAR`S
                 VALUE   DATE(S)  VALUE   FROM    VALUE  DATE(S)
                                          NORMAL
................................................................
TEMPERATURE (F)
RECORD
 HIGH             108   06/27/1980
                        06/20/1918
 LOW               44   06/03/1946
HIGHEST            93   06/15                        100  06/22
LOWEST             49   06/08                         55  06/06
AVG. MAXIMUM     87.3              84.4     2.9     90.3
AVG. MINIMUM     64.0              64.7    -0.7     68.0
MEAN             75.8              74.6     1.2     79.2
DAYS MAX >= 90     12               4.5     7.5       20
DAYS MAX <= 32      0               0.0     0.0        0
DAYS MIN <= 32      0               0.0     0.0        0
DAYS MIN <= 0       0               0.0     0.0        0

PRECIPITATION (INCHES)
RECORD
 MAXIMUM        18.13   2007
 MINIMUM         0.27   1933
TOTALS           1.87              6.03   -4.16     3.20
DAILY AVG.       0.06              0.20   -0.14     0.11
DAYS >= .01         7              11.6    -4.6        6
DAYS >= .10         4               8.1    -4.1        4
DAYS >= .50         2               3.8    -1.8        3
DAYS >= 1.00        0               2.1    -2.1        1
GREATEST
 24 HR. TOTAL    0.69   06/30 TO 06/30

DEGREE_DAYS
HEATING TOTAL       0                 6      -6        0
 SINCE 7/1       3452              4483   -1031     3647
COOLING TOTAL     309               292      17      434
.................................................................

WIND (MPH)
AVERAGE WIND SPEED              9.9
HIGHEST WIND SPEED/DIRECTION    45/320    DATE  06/30
HIGHEST GUST SPEED/DIRECTION    58/320    DATE  06/30

SKY COVER
POSSIBLE SUNSHINE (PERCENT)    0
AVERAGE SKY COVER           0.20
NUMBER OF DAYS FAIR           24
NUMBER OF DAYS PC              6
NUMBER OF DAYS CLOUDY          0

AVERAGE RH (PERCENT)     65

WEATHER CONDITIONS. NUMBER OF DAYS WITH
THUNDERSTORM              0     MIXED PRECIP               0
HEAVY RAIN                2     RAIN                       4
LIGHT RAIN                9     FREEZING RAIN              0
LT FREEZING RAIN          0     HAIL                       0
HEAVY SNOW                0     SNOW                       0
LIGHT SNOW                0     SLEET                      0
FOG                       8     FOG W/VIS <= 1/4 MILE      0
HAZE                      0

-  INDICATES NEGATIVE NUMBERS.
R  INDICATES RECORD WAS SET OR TIED.
MM INDICATES DATA IS MISSING.
T  INDICATES TRACE AMOUNT.

$$
