604
CXUS53 KICT 011051
CLMCNU


CLIMATE REPORT
NATIONAL WEATHER SERVICE WICHITA KS
550 AM CDT TUE AUG 1 2017

...................................

...THE CHANUTE KS CLIMATE SUMMARY FOR THE MONTH OF JULY 2017...

CLIMATE NORMAL PERIOD 1981 TO 2010
CLIMATE RECORD PERIOD 1894 TO 2017

WEATHER         OBSERVED          NORMAL  DEPART  LAST YEAR`S
                 VALUE   DATE(S)  VALUE   FROM    VALUE  DATE(S)
                                          NORMAL
................................................................
TEMPERATURE (F)
RECORD
 HIGH             116   07/18/1936
 LOW               48   07/03/1924
HIGHEST           104   07/22                         97  07/24
LOWEST             60   07/02                         66  07/15
AVG. MAXIMUM     92.5              89.8     2.7     90.1
AVG. MINIMUM     70.0              69.2     0.8     71.7
MEAN             81.3              79.5     1.8     80.9
DAYS MAX >= 90     23              15.1     7.9       19
DAYS MAX <= 32      0               0.0     0.0        0
DAYS MIN <= 32      0               0.0     0.0        0
DAYS MIN <= 0       0               0.0     0.0        0

PRECIPITATION (INCHES)
RECORD
 MAXIMUM        16.36   1992
 MINIMUM         0.00   2003
                        1936
TOTALS           2.36              4.37   -2.01     4.49
DAILY AVG.       0.08              0.14   -0.06     0.16
DAYS >= .01         8               7.8     0.2        6
DAYS >= .10         4               5.0    -1.0        3
DAYS >= .50         3               2.3     0.7        3
DAYS >= 1.00        0               1.3    -1.3        3
GREATEST
 24 HR. TOTAL    0.69   06/30 TO 07/01
                        07/01 TO 07/01

DEGREE_DAYS
HEATING TOTAL       0                 0       0        0
 SINCE 7/1          0                 0       0        0
COOLING TOTAL     512               449      63      501
.................................................................

WIND (MPH)
AVERAGE WIND SPEED              8.1
HIGHEST WIND SPEED/DIRECTION    23/170    DATE  07/21
HIGHEST GUST SPEED/DIRECTION    54/250    DATE  07/12

SKY COVER
POSSIBLE SUNSHINE (PERCENT)   MM
AVERAGE SKY COVER           0.10
NUMBER OF DAYS FAIR           27
NUMBER OF DAYS PC              3
NUMBER OF DAYS CLOUDY          1

AVERAGE RH (PERCENT)     68

WEATHER CONDITIONS. NUMBER OF DAYS WITH
THUNDERSTORM              7     MIXED PRECIP               0
HEAVY RAIN                4     RAIN                       4
LIGHT RAIN               10     FREEZING RAIN              0
LT FREEZING RAIN          0     HAIL                       0
HEAVY SNOW                0     SNOW                       0
LIGHT SNOW                0     SLEET                      0
FOG                      12     FOG W/VIS <= 1/4 MILE      0
HAZE                      2

-  INDICATES NEGATIVE NUMBERS.
R  INDICATES RECORD WAS SET OR TIED.
MM INDICATES DATA IS MISSING.
T  INDICATES TRACE AMOUNT.

$$
