000
CXUS53 KICT 011556
CLMCNU


CLIMATE REPORT
NATIONAL WEATHER SERVICE WICHITA KS
1046 AM CDT THU AUG 1 2013

...................................

...THE CHANUTE KS CLIMATE SUMMARY FOR THE MONTH OF JULY 2013...

CLIMATE NORMAL PERIOD 1981 TO 2010
CLIMATE RECORD PERIOD 1894 TO 2013

WEATHER         OBSERVED          NORMAL  DEPART  LAST YEAR`S
                 VALUE   DATE(S)  VALUE   FROM    VALUE  DATE(S)
                                          NORMAL
................................................................
TEMPERATURE (F)
RECORD
 HIGH             116   MM
 LOW               53   07/19/2009
                        07/18/2009
                        07/05/1972
HIGHEST           100   07/09                        110  07/29
LOWEST             55   07/03                         62  07/14
                        07/02
AVG. MAXIMUM     89.9              89.8     0.1     99.8
AVG. MINIMUM     67.2              69.2    -2.0     71.5
MEAN             78.5              79.5    -1.0     85.7
DAYS MAX >= 90     18              15.1     2.9       31
DAYS MAX <= 32      0               0.0     0.0        0
DAYS MIN <= 32      0               0.0     0.0        0
DAYS MIN <= 0       0               0.0     0.0        0

PRECIPITATION (INCHES)
RECORD
 MAXIMUM        16.36   1992
 MINIMUM           MM   MM
TOTALS           9.03              4.37    4.66     1.00
DAILY AVG.       0.29              0.14    0.15     0.03
DAYS >= .01         8               7.8     0.2        2
DAYS >= .10         7               5.0     2.0        2
DAYS >= .50         2               2.3    -0.3        1
DAYS >= 1.00        1               1.3    -0.3        0
GREATEST
 24 HR. TOTAL    6.97   07/29 TO 07/29
                        07/28 TO 07/29
                        07/29 TO 07/29

DEGREE_DAYS
HEATING TOTAL       0                 0       0        0
 SINCE 7/1          0                 0       0        0
COOLING TOTAL     427               449     -22      648
.................................................................

WIND (MPH)
AVERAGE WIND SPEED              6.8
HIGHEST WIND SPEED/DIRECTION    32/180    DATE  07/16
HIGHEST GUST SPEED/DIRECTION    46/180    DATE  07/16

SKY COVER
POSSIBLE SUNSHINE (PERCENT)   MM
AVERAGE SKY COVER           0.20
NUMBER OF DAYS FAIR           26
NUMBER OF DAYS PC              3
NUMBER OF DAYS CLOUDY          2

AVERAGE RH (PERCENT)     64

WEATHER CONDITIONS. NUMBER OF DAYS WITH
THUNDERSTORM              0     MIXED PRECIP               0
HEAVY RAIN                5     RAIN                       4
LIGHT RAIN               13     FREEZING RAIN              0
LT FREEZING RAIN          0     HAIL                       0
HEAVY SNOW                0     SNOW                       0
LIGHT SNOW                0     SLEET                      0
FOG                       9     FOG W/VIS <= 1/4 MILE      0
HAZE                      2

-  INDICATES NEGATIVE NUMBERS.
R  INDICATES RECORD WAS SET OR TIED.
MM INDICATES DATA IS MISSING.
T  INDICATES TRACE AMOUNT.

$$
