205
CXUS53 KICT 011020
CLMCNU

CLIMATE REPORT
NATIONAL WEATHER SERVICE WICHITA KS
520 AM CDT MON AUG 1 2016

...................................

...THE CHANUTE KS CLIMATE SUMMARY FOR THE MONTH OF JULY 2016...

CLIMATE NORMAL PERIOD 1981 TO 2010
CLIMATE RECORD PERIOD 1894 TO 2016

WEATHER         OBSERVED          NORMAL  DEPART  LAST YEAR`S
                 VALUE   DATE(S)  VALUE   FROM    VALUE  DATE(S)
                                          NORMAL
................................................................
TEMPERATURE (F)
RECORD
 HIGH             116   07/18/1936
 LOW               48   07/03/1924
HIGHEST            97   07/24                         97  07/24
LOWEST             66   07/15                         62  07/07
AVG. MAXIMUM     90.1              89.8     0.3     89.3
AVG. MINIMUM     71.7              69.2     2.5     71.5
MEAN             80.9              79.5     1.4     80.4
DAYS MAX >= 90     19              15.1     3.9       19
DAYS MAX <= 32      0               0.0     0.0        0
DAYS MIN <= 32      0               0.0     0.0        0
DAYS MIN <= 0       0               0.0     0.0        0

PRECIPITATION (INCHES)
RECORD
 MAXIMUM        16.36   1992
 MINIMUM         0.00   2003
                        1936
TOTALS           4.49              4.37    0.12     4.80
DAILY AVG.       0.16              0.14    0.02     0.15
DAYS >= .01         6               7.8    -1.8       10
DAYS >= .10         3               5.0    -2.0        6
DAYS >= .50         3               2.3     0.7        2
DAYS >= 1.00        3               1.3     1.7        2
GREATEST
 24 HR. TOTAL    1.49   07/25 TO 07/25
                        07/24 TO 07/25
                        07/25 TO 07/25

DEGREE_DAYS
HEATING TOTAL       0                 0       0        0
 SINCE 7/1          0                 0       0        0
COOLING TOTAL     501               449      52      486
.................................................................

WIND (MPH)
AVERAGE WIND SPEED              7.8
HIGHEST WIND SPEED/DIRECTION    35/260    DATE  07/06
HIGHEST GUST SPEED/DIRECTION    44/250    DATE  07/06

SKY COVER
POSSIBLE SUNSHINE (PERCENT)   MM
AVERAGE SKY COVER           0.20
NUMBER OF DAYS FAIR           22
NUMBER OF DAYS PC              8
NUMBER OF DAYS CLOUDY          1

AVERAGE RH (PERCENT)     75

WEATHER CONDITIONS. NUMBER OF DAYS WITH
THUNDERSTORM              0     MIXED PRECIP               0
HEAVY RAIN                7     RAIN                       6
LIGHT RAIN               12     FREEZING RAIN              0
LT FREEZING RAIN          0     HAIL                       0
HEAVY SNOW                0     SNOW                       0
LIGHT SNOW                0     SLEET                      0
FOG                      13     FOG W/VIS <= 1/4 MILE      0
HAZE                      3

-  INDICATES NEGATIVE NUMBERS.
R  INDICATES RECORD WAS SET OR TIED.
MM INDICATES DATA IS MISSING.
T  INDICATES TRACE AMOUNT.

$$
