000
CXUS53 KICT 011558
CLMCNU


CLIMATE REPORT
NATIONAL WEATHER SERVICE WICHITA KS
1038 AM CDT WED OCT 1 2014

...................................

...THE CHANUTE KS CLIMATE SUMMARY FOR THE MONTH OF SEPTEMBER 2014...

CLIMATE NORMAL PERIOD 1981 TO 2010
CLIMATE RECORD PERIOD 1894 TO 2014

WEATHER         OBSERVED          NORMAL  DEPART  LAST YEAR`S
                 VALUE   DATE(S)  VALUE   FROM    VALUE  DATE(S)
                                          NORMAL
................................................................
TEMPERATURE (F)
RECORD
 HIGH             107   09/02/2000
 LOW               30   09/30/1984
HIGHEST            94   09/04                         99  09/08
LOWEST             39   09/13                         43  09/29
AVG. MAXIMUM     80.8              81.1    -0.3     85.6
AVG. MINIMUM     59.2              58.7     0.5     59.7
MEAN             70.0              69.9     0.1     72.7
DAYS MAX >= 90      5               4.4     0.6       11
DAYS MAX <= 32      0               0.0     0.0        0
DAYS MIN <= 32      0               0.0     0.0        0
DAYS MIN <= 0       0               0.0     0.0        0

PRECIPITATION (INCHES)
RECORD
 MAXIMUM        14.35   1900
 MINIMUM         0.03   1979
TOTALS           3.10              3.67   -0.57     3.02
DAILY AVG.       0.11              0.12   -0.01     0.10
DAYS >= .01         8               7.5     0.5        6
DAYS >= .10         3               5.1    -2.1        3
DAYS >= .50         1               2.7    -1.7        2
DAYS >= 1.00        1               1.1    -0.1        1
GREATEST
 24 HR. TOTAL    2.56   09/18 TO 09/18


DEGREE_DAYS
HEATING TOTAL      30                46     -16       16
 SINCE 7/1         31                47     -16       16
COOLING TOTAL     186               193      -7      254
 SINCE 1/1       1474              1497     -23        M
.................................................................

WIND (MPH)
AVERAGE WIND SPEED              8.8
HIGHEST WIND SPEED/DIRECTION    33/330    DATE  09/01
HIGHEST GUST SPEED/DIRECTION    43/330    DATE  09/01

SKY COVER
POSSIBLE SUNSHINE (PERCENT)   MM
AVERAGE SKY COVER           0.30
NUMBER OF DAYS FAIR           16
NUMBER OF DAYS PC             12
NUMBER OF DAYS CLOUDY          2

AVERAGE RH (PERCENT)     72

WEATHER CONDITIONS. NUMBER OF DAYS WITH
THUNDERSTORM              7     MIXED PRECIP               0
HEAVY RAIN                4     RAIN                       4
LIGHT RAIN               12     FREEZING RAIN              0
LT FREEZING RAIN          0     HAIL                       0
HEAVY SNOW                0     SNOW                       0
LIGHT SNOW                0     SLEET                      0
FOG                      14     FOG W/VIS <= 1/4 MILE      0
HAZE                      5

-  INDICATES NEGATIVE NUMBERS.
R  INDICATES RECORD WAS SET OR TIED.
MM INDICATES DATA IS MISSING.
T  INDICATES TRACE AMOUNT.

$$
