000
CXUS53 KICT 011027
CLMCNU

CLIMATE REPORT
NATIONAL WEATHER SERVICE WICHITA KS
527 AM CDT SAT AUG 1 2015

...................................

...THE CHANUTE KS CLIMATE SUMMARY FOR THE MONTH OF JULY 2015...

CLIMATE NORMAL PERIOD 1981 TO 2010
CLIMATE RECORD PERIOD 1894 TO 2015

WEATHER         OBSERVED          NORMAL  DEPART  LAST YEAR`S
                 VALUE   DATE(S)  VALUE   FROM    VALUE  DATE(S)
                                          NORMAL
................................................................
TEMPERATURE (F)
RECORD
 HIGH             116   07/18/1936
 LOW               48   07/03/1924
HIGHEST            97   07/24                         97  07/26
                                                          07/22
LOWEST             62   07/07                         51  07/16
                                                          07/03
AVG. MAXIMUM     89.3              89.8    -0.5     85.6
AVG. MINIMUM     71.5              69.2     2.3     63.9
MEAN             80.4              79.5     0.9     74.8
DAYS MAX >= 90     19              15.1     3.9       10
DAYS MAX <= 32      0               0.0     0.0        0
DAYS MIN <= 32      0               0.0     0.0        0
DAYS MIN <= 0       0               0.0     0.0        0

PRECIPITATION (INCHES)
RECORD
 MAXIMUM        16.36   1992
 MINIMUM         0.00   2003
                        1936
TOTALS           4.80              4.37    0.43     1.61
DAILY AVG.       0.15              0.14    0.01     0.05
DAYS >= .01        10               7.8     2.2        8
DAYS >= .10         6               5.0     1.0        2
DAYS >= .50         2               2.3    -0.3        2
DAYS >= 1.00        2               1.3     0.7        0
GREATEST
 24 HR. TOTAL    2.78   07/06 TO 07/07

DEGREE_DAYS
HEATING TOTAL       0                 0       0        1
 SINCE 7/1          0                 0       0        1
COOLING TOTAL     486               449      37      310
.................................................................

WIND (MPH)
AVERAGE WIND SPEED              8.1
HIGHEST WIND SPEED/DIRECTION    28/160    DATE  07/05
HIGHEST GUST SPEED/DIRECTION    42/350    DATE  07/06

SKY COVER
POSSIBLE SUNSHINE (PERCENT)   MM
AVERAGE SKY COVER           0.20
NUMBER OF DAYS FAIR           23
NUMBER OF DAYS PC              5
NUMBER OF DAYS CLOUDY          3

AVERAGE RH (PERCENT)     75

WEATHER CONDITIONS. NUMBER OF DAYS WITH
THUNDERSTORM              9     MIXED PRECIP               0
HEAVY RAIN                5     RAIN                       5
LIGHT RAIN               13     FREEZING RAIN              0
LT FREEZING RAIN          0     HAIL                       0
HEAVY SNOW                0     SNOW                       0
LIGHT SNOW                0     SLEET                      0
FOG                      15     FOG W/VIS <= 1/4 MILE      2
HAZE                      3

-  INDICATES NEGATIVE NUMBERS.
R  INDICATES RECORD WAS SET OR TIED.
MM INDICATES DATA IS MISSING.
T  INDICATES TRACE AMOUNT.

&&

...JULY CLIMATE HIGHLIGHTS ACROSS CENTRAL...SOUTH-CENTRAL AND
SOUTHEAST KANSAS...

* MONTHLY PRECIPITATION TOTALS VARIED GREATLY...WITH UP TO 200-300
  PERCENT OF NORMAL OVER SOUTHERN KANSAS...AND 50-70 PERCENT OF
  NORMAL OVER PORTIONS OF CENTRAL...EAST-CENTRAL AND SOUTHEAST
  KANSAS.

* WICHITA EXPERIENCED ITS 6TH WETTEST JULY ON RECORD (SINCE
  1888)...TALLYING 7.40 INCHES AT EISENHOWER NATIONAL.

* THE FOLLOWING SITES RECORDED THEIR WETTEST JULY ON RECORD:
  ANTHONY...11.40 INCHES (SINCE 1896)
  ARGONIA...10.91 INCHES (SINCE 1973)
  BLUFF CITY...9.39 INCHES (SINCE 1973)

* MONTHLY AVERAGE TEMPERATURES WERE NEAR TO SLIGHTLY ABOVE NORMAL
  FOR MOST LOCATIONS.

$$
