000
CXUS53 KICT 020452 CCA
CLMCNU

CLIMATE REPORT...CORRECTED AVERAGE TEMPERATURE
NATIONAL WEATHER SERVICE WICHITA KS
1051 PM CST MON DEC 1 2014

...................................

...THE CHANUTE KS CLIMATE SUMMARY FOR THE MONTH OF NOVEMBER 2014...

CLIMATE NORMAL PERIOD 1981 TO 2010
CLIMATE RECORD PERIOD 1894 TO 2014

WEATHER         OBSERVED          NORMAL  DEPART  LAST YEAR`S
                 VALUE   DATE(S)  VALUE   FROM    VALUE  DATE(S)
                                          NORMAL
................................................................
TEMPERATURE (F)
RECORD
 HIGH              89   11/06/1915
 LOW                1   11/27/1975
                        11/16/1932
HIGHEST            74   11/10                         71  11/16
LOWEST              6   11/18                         16  11/27
                                                          11/24

AVG. MAXIMUM     51.7              56.7    -5.0     53.7
AVG. MINIMUM     28.9              35.9    -7.0     33.6
MEAN             40.3              46.3    -6.0     43.7
DAYS MAX >= 90      0               0.0     0.0        0
DAYS MAX <= 32      2               0.5     1.5        2
DAYS MIN <= 32     20              11.2     8.8       15
DAYS MIN <= 0       0               0.0     0.0        0

PRECIPITATION (INCHES)
RECORD
 MAXIMUM         8.35   1931
 MINIMUM         0.00   1989
                        1949
                        1919
TOTALS           1.35              2.50   -1.15     1.83
DAILY AVG.       0.05              0.08   -0.03     0.06
DAYS >= .01         5               7.0    -2.0        5
DAYS >= .10         2               4.1    -2.1        4
DAYS >= .50         1               1.8    -0.8        2
DAYS >= 1.00        0               0.7    -0.7        0
GREATEST
 24 HR. TOTAL    1.15   11/03 TO 11/04

DEGREE_DAYS
HEATING TOTAL     696               564     132      633
 SINCE 7/1        906               852      54      920
COOLING TOTAL       0                 3      -3        0
.................................................................

WIND (MPH)
AVERAGE WIND SPEED              10.7
HIGHEST WIND SPEED/DIRECTION    32/190    DATE  11/10
HIGHEST GUST SPEED/DIRECTION    44/190    DATE  11/10

SKY COVER
POSSIBLE SUNSHINE (PERCENT)    0
AVERAGE SKY COVER           0.20
NUMBER OF DAYS FAIR           20
NUMBER OF DAYS PC              7
NUMBER OF DAYS CLOUDY          3

AVERAGE RH (PERCENT)     63

WEATHER CONDITIONS. NUMBER OF DAYS WITH
THUNDERSTORM              0     MIXED PRECIP               0
HEAVY RAIN                2     RAIN                       4
LIGHT RAIN                4     FREEZING RAIN              0
LT FREEZING RAIN          0     HAIL                       0
HEAVY SNOW                1     SNOW                       1
LIGHT SNOW                3     SLEET                      0
FOG                       8     FOG W/VIS <= 1/4 MILE      1
HAZE                      3

-  INDICATES NEGATIVE NUMBERS.
R  INDICATES RECORD WAS SET OR TIED.
MM INDICATES DATA IS MISSING.
T  INDICATES TRACE AMOUNT.

&&

...NOVEMBER 2014 WAS COLD AND DRY...

WICHITA:

AFTER A RELATIVELY WARM AND WET OCTOBER ACROSS MUCH OF THE
REGION...MUCH COLDER AND DRIER WEATHER PREVAILED FOR NOVEMBER.
WICHITA`S AVERAGE MONTHLY TEMPERATURE WAS 40.7 DEGREES...4.7
DEGREES COOLER THAN NORMAL. IT TIED FOR THE 12TH COLDEST NOVEMBER
ON RECORD (SINCE 1888)...AND WAS THE COLDEST NOVEMBER SINCE 2000.
IN THE PRECIPITATION DEPARTMENT...ONLY 0.45 INCHES ACCUMULATED AT
THE AIR CAPITAL...0.98 INCHES DRIER THAN NORMAL. IT WAS THE 34TH
DRIEST NOVEMBER ON RECORD...AND THE DRIEST SINCE 2007.

SALINA:

SALINA`S AVERAGE MONTHLY TEMPERATURE WAS 39.4 DEGREES...4.5
DEGREES COOLER THAN NORMAL. IT TIED FOR THE 8TH COLDEST NOVEMBER
ON RECORD (SINCE 1948)...AND WAS THE COLDEST NOVEMBER SINCE 2000.
IN THE PRECIPITATION DEPARTMENT...A MEAGER 0.13 INCHES
ACCUMULATED...1.12 INCHES DRIER THAN NORMAL. IT WAS THE 9TH
DRIEST NOVEMBER ON RECORD...AND THE DRIEST SINCE 2006.

CHANUTE:

CHANUTE`S AVERAGE MONTHLY TEMPERATURE WAS 40.3 DEGREES...6.0 DEGREES
COOLER THAN NORMAL. IT WAS THE 8TH COLDEST NOVEMBER ON RECORD (SINCE
1897)...AND WAS THE COLDEST NOVEMBER SINCE 2000. IN THE
PRECIPITATION DEPARTMENT...1.35 INCHES ACCUMULATED...1.15 INCHES
DRIER THAN NORMAL. IT TIED FOR THE 43RD DRIEST NOVEMBER ON
RECORD...AND WAS THE DRIEST SINCE 2012.

$$
