000
CXUS53 KICT 011656
CLMCNU


CLIMATE REPORT
NATIONAL WEATHER SERVICE WICHITA KS
1146 AM CDT WED MAY 1 2013

...................................

...THE CHANUTE KS CLIMATE SUMMARY FOR THE MONTH OF APRIL 2013...

CLIMATE NORMAL PERIOD 1981 TO 2010
CLIMATE RECORD PERIOD 1894 TO 2013

WEATHER         OBSERVED          NORMAL  DEPART  LAST YEAR`S
                 VALUE   DATE(S)  VALUE   FROM    VALUE  DATE(S)
                                          NORMAL
................................................................
TEMPERATURE (F)
RECORD
 HIGH              96   MM
 LOW               24   04/07/2009
HIGHEST            84   04/29                         89  04/25
LOWEST             30   04/24                         35  04/21
AVG. MAXIMUM     62.9              67.9    -5.0     72.9
AVG. MINIMUM     42.0              45.8    -3.8     51.0
MEAN             52.4              56.8    -4.4     62.0
DAYS MAX >= 90      0               0.1    -0.1        0
DAYS MAX <= 32      0               0.0     0.0        0
DAYS MIN <= 32      3               2.1     0.9        0
DAYS MIN <= 0       0               0.0     0.0        0

PRECIPITATION (INCHES)
RECORD
 MAXIMUM        16.25   1994
 MINIMUM           MM   MM
TOTALS           4.27              4.40   -0.13     5.02
DAILY AVG.       0.14              0.15   -0.01     0.17
DAYS >= .01        13               9.8     3.2        8
DAYS >= .10         6               6.4    -0.4        7
DAYS >= .50         4               3.0     1.0        2
DAYS >= 1.00        1               1.1    -0.1        2
GREATEST
 24 HR. TOTAL    1.97   04/22 TO 04/23

DEGREE_DAYS
HEATING TOTAL     383               271     112      141
 SINCE 7/1       4181              4402    -221     3504
COOLING TOTAL      14                27     -13       58
.................................................................

WIND (MPH)
AVERAGE WIND SPEED              11.5
HIGHEST WIND SPEED/DIRECTION    35/180    DATE  04/14
HIGHEST GUST SPEED/DIRECTION    45/180    DATE  04/14

SKY COVER
POSSIBLE SUNSHINE (PERCENT)   MM
AVERAGE SKY COVER           0.50
NUMBER OF DAYS FAIR           14
NUMBER OF DAYS PC              4
NUMBER OF DAYS CLOUDY         12

AVERAGE RH (PERCENT)     67

WEATHER CONDITIONS. NUMBER OF DAYS WITH
THUNDERSTORM              0     MIXED PRECIP               0
HEAVY RAIN                6     RAIN                       6
LIGHT RAIN               16     FREEZING RAIN              0
LT FREEZING RAIN          0     HAIL                       0
HEAVY SNOW                0     SNOW                       0
LIGHT SNOW                3     SLEET                      0
FOG                      13     FOG W/VIS <= 1/4 MILE      1
HAZE                      3

-  INDICATES NEGATIVE NUMBERS.
R  INDICATES RECORD WAS SET OR TIED.
MM INDICATES DATA IS MISSING.
T  INDICATES TRACE AMOUNT.

$$
