000
CXUS53 KICT 011044
CLMCNU


CLIMATE REPORT
NATIONAL WEATHER SERVICE WICHITA KS
543 AM CDT WED APR 1 2015

...................................

...THE CHANUTE KS CLIMATE SUMMARY FOR THE MONTH OF MARCH 2015...

CLIMATE NORMAL PERIOD 1981 TO 2010
CLIMATE RECORD PERIOD 1894 TO 2015

WEATHER         OBSERVED          NORMAL  DEPART  LAST YEAR`S
                 VALUE   DATE(S)  VALUE   FROM    VALUE  DATE(S)
                                          NORMAL
................................................................
TEMPERATURE (F)
RECORD
 HIGH              95   03/21/1916
 LOW               -4   03/11/1948
HIGHEST            82   03/16                         80  03/31
LOWEST             14   03/05                          1  03/03
AVG. MAXIMUM     62.3              58.1     4.2     57.4
AVG. MINIMUM     35.2              36.1    -0.9     27.9
MEAN             48.8              47.1     1.7     42.6
DAYS MAX >= 90      0               0.0     0.0        0
DAYS MAX <= 32      0               0.6    -0.6        2
DAYS MIN <= 32      9              10.6    -1.6       21
DAYS MIN <= 0       0               0.0     0.0        0

PRECIPITATION (INCHES)
RECORD
 MAXIMUM        12.08   1973
 MINIMUM           MM   MM
TOTALS           0.55              3.04   -2.49     0.97
DAILY AVG.       0.02              0.10   -0.08     0.03
DAYS >= .01         6               8.7    -2.7        6
DAYS >= .10         3               5.0    -2.0        4
DAYS >= .50         0               1.8    -1.8        0
DAYS >= 1.00        0               0.7    -0.7        0
GREATEST
 24 HR. TOTAL    0.26   03/24 TO 03/24

DEGREE_DAYS
HEATING TOTAL     495               559     -64      686
 SINCE 7/1       4185              4131      54     4706
COOLING TOTAL       0                 4      -4        0
.................................................................

WIND (MPH)
AVERAGE WIND SPEED              8.7
HIGHEST WIND SPEED/DIRECTION    29/020    DATE  03/25
HIGHEST GUST SPEED/DIRECTION    38/030    DATE  03/25

SKY COVER
POSSIBLE SUNSHINE (PERCENT)   MM
AVERAGE SKY COVER           0.30
NUMBER OF DAYS FAIR           20
NUMBER OF DAYS PC              8
NUMBER OF DAYS CLOUDY          3

AVERAGE RH (PERCENT)     64

WEATHER CONDITIONS. NUMBER OF DAYS WITH
THUNDERSTORM              0     MIXED PRECIP               0
HEAVY RAIN                0     RAIN                       1
LIGHT RAIN                8     FREEZING RAIN              0
LT FREEZING RAIN          0     HAIL                       0
HEAVY SNOW                0     SNOW                       0
LIGHT SNOW                1     SLEET                      0
FOG                      13     FOG W/VIS <= 1/4 MILE      2
HAZE                      4

-  INDICATES NEGATIVE NUMBERS.
R  INDICATES RECORD WAS SET OR TIED.
MM INDICATES DATA IS MISSING.
T  INDICATES TRACE AMOUNT.

$$
