000
CXUS53 KICT 040118
CLMCNU


CLIMATE REPORT
NATIONAL WEATHER SERVICE WICHITA KS
808 PM CDT WED SEP 3 2014

...................................

...THE CHANUTE KS CLIMATE SUMMARY FOR THE MONTH OF AUGUST 2014...

CLIMATE NORMAL PERIOD 1981 TO 2010
CLIMATE RECORD PERIOD 1894 TO 2014

WEATHER         OBSERVED          NORMAL  DEPART  LAST YEAR`S
                 VALUE   DATE(S)  VALUE   FROM    VALUE  DATE(S)
                                          NORMAL
................................................................
TEMPERATURE (F)
RECORD
 HIGH             113   08/09/1936
 LOW               45   08/29/1988
                        08/27/1910
HIGHEST           100   08/25                         99  08/30
                        08/24
                        08/23
LOWEST             53   08/13                         57  08/17
AVG. MAXIMUM     92.8              89.8     3.0     87.9
AVG. MINIMUM     68.1              67.9     0.2     67.6
MEAN             80.4              78.9     1.5     77.7
DAYS MAX >= 90     23              15.7     7.3       14
DAYS MAX <= 32      0               0.0     0.0        0
DAYS MIN <= 32      0               0.0     0.0        0
DAYS MIN <= 0       0               0.0     0.0        0

PRECIPITATION (INCHES)
RECORD
 MAXIMUM        11.44   2005
 MINIMUM         0.00   2000
TOTALS           1.36              3.69   -2.33     3.91
DAILY AVG.       0.05              0.12   -0.07     0.13
DAYS >= .01         8               7.2     0.8       10
DAYS >= .10         2               4.6    -2.6        8
DAYS >= .50         1               2.4    -1.4        2
DAYS >= 1.00        0               1.3    -1.3        1
GREATEST
 24 HR. TOTAL    0.96   08/06 TO 08/07

DEGREE_DAYS
HEATING TOTAL       0                 1      -1        0
 SINCE 7/1          1                 1       0        0
COOLING TOTAL     488               430      58      403
.................................................................

WIND (MPH)
AVERAGE WIND SPEED              8.5
HIGHEST WIND SPEED/DIRECTION    32/170    DATE  08/31
HIGHEST GUST SPEED/DIRECTION    40/170    DATE  08/31

SKY COVER
POSSIBLE SUNSHINE (PERCENT)   MM
AVERAGE SKY COVER           0.10
NUMBER OF DAYS FAIR           29
NUMBER OF DAYS PC              2
NUMBER OF DAYS CLOUDY          0

AVERAGE RH (PERCENT)     64

WEATHER CONDITIONS. NUMBER OF DAYS WITH
THUNDERSTORM              0     MIXED PRECIP               0
HEAVY RAIN                3     RAIN                       3
LIGHT RAIN                8     FREEZING RAIN              0
LT FREEZING RAIN          0     HAIL                       0
HEAVY SNOW                0     SNOW                       0
LIGHT SNOW                0     SLEET                      0
FOG                      11     FOG W/VIS <= 1/4 MILE      1
HAZE                      3

-  INDICATES NEGATIVE NUMBERS.
R  INDICATES RECORD WAS SET OR TIED.
MM INDICATES DATA IS MISSING.
T  INDICATES TRACE AMOUNT.

$$
