000
CXUS53 KICT 010919
CLMCNU


CLIMATE REPORT
NATIONAL WEATHER SERVICE WICHITA KS
418 AM CDT FRI SEP 1 2017

...................................

...THE CHANUTE KS CLIMATE SUMMARY FOR THE MONTH OF AUGUST 2017...

CLIMATE NORMAL PERIOD 1981 TO 2010
CLIMATE RECORD PERIOD 1894 TO 2017

WEATHER         OBSERVED          NORMAL  DEPART  LAST YEAR`S
                 VALUE   DATE(S)  VALUE   FROM    VALUE  DATE(S)
                                          NORMAL
................................................................
TEMPERATURE (F)
RECORD
 HIGH             113   08/09/1936
 LOW               45   08/29/1988
                        08/27/1910
HIGHEST            95   08/20                         98  08/11
                        08/19
LOWEST             55   08/24                         54  08/21
AVG. MAXIMUM     85.5              89.8    -4.3     88.8
AVG. MINIMUM     64.5              67.9    -3.4     68.8
MEAN             75.0              78.9    -3.9     78.8
DAYS MAX >= 90      6              15.7    -9.7       13
DAYS MAX <= 32      0               0.0     0.0        0
DAYS MIN <= 32      0               0.0     0.0        0
DAYS MIN <= 0       0               0.0     0.0        0

PRECIPITATION (INCHES)
RECORD
 MAXIMUM        11.44   2005
 MINIMUM         0.00   2000
TOTALS          11.33              3.69    7.64     5.75
DAILY AVG.       0.37              0.12    0.25     0.19
DAYS >= .01        10               7.2     2.8       12
DAYS >= .10         9               4.6     4.4        9
DAYS >= .50         5               2.4     2.6        3
DAYS >= 1.00        4               1.3     2.7        2
GREATEST
 24 HR. TOTAL    3.44   08/05 TO 08/05

DEGREE_DAYS
HEATING TOTAL       0                 1      -1        0
 SINCE 7/1          0                 1      -1        0
COOLING TOTAL     319               430    -111      439
.................................................................

WIND (MPH)
AVERAGE WIND SPEED              6.7
HIGHEST WIND SPEED/DIRECTION    28/360    DATE  08/10
HIGHEST GUST SPEED/DIRECTION    41/350    DATE  08/10

SKY COVER
POSSIBLE SUNSHINE (PERCENT)   MM
AVERAGE SKY COVER           0.30
NUMBER OF DAYS FAIR           22
NUMBER OF DAYS PC              7
NUMBER OF DAYS CLOUDY          2

AVERAGE RH (PERCENT)     73

WEATHER CONDITIONS. NUMBER OF DAYS WITH
THUNDERSTORM              0     MIXED PRECIP               0
HEAVY RAIN                7     RAIN                       8
LIGHT RAIN               11     FREEZING RAIN              0
LT FREEZING RAIN          0     HAIL                       0
HEAVY SNOW                0     SNOW                       0
LIGHT SNOW                0     SLEET                      0
FOG                      17     FOG W/VIS <= 1/4 MILE      5
HAZE                      1

-  INDICATES NEGATIVE NUMBERS.
R  INDICATES RECORD WAS SET OR TIED.
MM INDICATES DATA IS MISSING.
T  INDICATES TRACE AMOUNT.

$$
