537
CXUS53 KICT 011021
CLMCNU


CLIMATE REPORT
NATIONAL WEATHER SERVICE WICHITA KS
518 AM CDT SUN MAY 1 2016

...................................

...THE CHANUTE KS CLIMATE SUMMARY FOR THE MONTH OF APRIL 2016...

CLIMATE NORMAL PERIOD 1981 TO 2010
CLIMATE RECORD PERIOD 1894 TO 2016

WEATHER         OBSERVED          NORMAL  DEPART  LAST YEAR`S
                 VALUE   DATE(S)  VALUE   FROM    VALUE  DATE(S)
                                          NORMAL
................................................................
TEMPERATURE (F)
RECORD
 HIGH              96   04/14/1936
 LOW               14   04/03/1936
HIGHEST            87   04/10                         87  04/07
LOWEST             26   04/02                         27  04/04
AVG. MAXIMUM     72.3              67.9     4.4     70.0
AVG. MINIMUM     47.1              45.8     1.3     48.5
MEAN             59.7              56.8     2.9     59.3
DAYS MAX >= 90      0               0.1    -0.1        0
DAYS MAX <= 32      0               0.0     0.0        0
DAYS MIN <= 32      2               2.1    -0.1        1
DAYS MIN <= 0       0               0.0     0.0        0

PRECIPITATION (INCHES)
RECORD
 MAXIMUM        16.25   1994
 MINIMUM         0.16   1900
TOTALS           5.47              4.40    1.07     4.53
DAILY AVG.       0.18              0.15    0.03     0.15
DAYS >= .01        10               9.8     0.2       12
DAYS >= .10         8               6.4     1.6        8
DAYS >= .50         5               3.0     2.0        4
DAYS >= 1.00        2               1.1     0.9        0
GREATEST
 24 HR. TOTAL    1.91   04/26 TO 04/27

DEGREE_DAYS
HEATING TOTAL     175               271     -96      187
 SINCE 7/1       3528              4402    -874     4372
COOLING TOTAL      24                27      -3       22
.................................................................

WIND (MPH)
AVERAGE WIND SPEED              11.0
HIGHEST WIND SPEED/DIRECTION    36/320    DATE  04/07
HIGHEST GUST SPEED/DIRECTION    48/320    DATE  04/07

SKY COVER
POSSIBLE SUNSHINE (PERCENT)   MM
AVERAGE SKY COVER           0.30
NUMBER OF DAYS FAIR           17
NUMBER OF DAYS PC              9
NUMBER OF DAYS CLOUDY          4

AVERAGE RH (PERCENT)     62

WEATHER CONDITIONS. NUMBER OF DAYS WITH
THUNDERSTORM              0     MIXED PRECIP               0
HEAVY RAIN                4     RAIN                       6
LIGHT RAIN               10     FREEZING RAIN              0
LT FREEZING RAIN          0     HAIL                       0
HEAVY SNOW                0     SNOW                       0
LIGHT SNOW                0     SLEET                      0
FOG                      12     FOG W/VIS <= 1/4 MILE      1
HAZE                      5

-  INDICATES NEGATIVE NUMBERS.
R  INDICATES RECORD WAS SET OR TIED.
MM INDICATES DATA IS MISSING.
T  INDICATES TRACE AMOUNT.

$$
