000
CXUS53 KICT 012133
CLMCNU


CLIMATE REPORT
NATIONAL WEATHER SERVICE WICHITA KS
432 PM CDT MON MAY 1 2017

...................................

...THE CHANUTE KS CLIMATE SUMMARY FOR THE MONTH OF APRIL 2017...

CLIMATE NORMAL PERIOD 1981 TO 2010
CLIMATE RECORD PERIOD 1894 TO 2017

WEATHER         OBSERVED          NORMAL  DEPART  LAST YEAR`S
                 VALUE   DATE(S)  VALUE   FROM    VALUE  DATE(S)
                                          NORMAL
................................................................
TEMPERATURE (F)
RECORD
 HIGH              96   04/14/1936
 LOW               14   04/03/1936
HIGHEST            82   04/15                         87  04/10
LOWEST             31   04/07                         26  04/02
AVG. MAXIMUM     69.4              67.9     1.5     72.3
AVG. MINIMUM     48.8              45.8     3.0     47.1
MEAN             59.1              56.8     2.3     59.7
DAYS MAX >= 90      0               0.1    -0.1        0
DAYS MAX <= 32      0               0.0     0.0        0
DAYS MIN <= 32      1               2.1    -1.1        2
DAYS MIN <= 0       0               0.0     0.0        0

PRECIPITATION (INCHES)
RECORD
 MAXIMUM        16.25   1994
 MINIMUM         0.16   1900
TOTALS          11.02              4.40    6.62     5.47
DAILY AVG.       0.37              0.15    0.22     0.18
DAYS >= .01        16               9.8     6.2       10
DAYS >= .10        12               6.4     5.6        8
DAYS >= .50         7               3.0     4.0        5
DAYS >= 1.00        4               1.1     2.9        2
GREATEST
 24 HR. TOTAL    3.47   04/29 TO 04/29

DEGREE_DAYS
HEATING TOTAL     209               271     -62      175
 SINCE 7/1       3387              4402   -1015     3528
COOLING TOTAL      38                27      11       24
.................................................................

WIND (MPH)
AVERAGE WIND SPEED              11.7
HIGHEST WIND SPEED/DIRECTION    38/330    DATE  04/05
HIGHEST GUST SPEED/DIRECTION    55/330    DATE  04/05

SKY COVER
POSSIBLE SUNSHINE (PERCENT)   MM
AVERAGE SKY COVER           0.50
NUMBER OF DAYS FAIR           15
NUMBER OF DAYS PC              6
NUMBER OF DAYS CLOUDY          9

AVERAGE RH (PERCENT)     71

WEATHER CONDITIONS. NUMBER OF DAYS WITH
THUNDERSTORM              0     MIXED PRECIP               0
HEAVY RAIN               10     RAIN                      12
LIGHT RAIN               17     FREEZING RAIN              0
LT FREEZING RAIN          0     HAIL                       0
HEAVY SNOW                0     SNOW                       0
LIGHT SNOW                0     SLEET                      0
FOG                      16     FOG W/VIS <= 1/4 MILE      1
HAZE                      1

-  INDICATES NEGATIVE NUMBERS.
R  INDICATES RECORD WAS SET OR TIED.
MM INDICATES DATA IS MISSING.
T  INDICATES TRACE AMOUNT.

$$
