000
CXUS53 KICT 011331
CLMCNU


CLIMATE REPORT
NATIONAL WEATHER SERVICE WICHITA KS
830 AM CDT SAT NOV 1 2014

...................................

...THE CHANUTE KS CLIMATE SUMMARY FOR THE MONTH OF OCTOBER 2014...

CLIMATE NORMAL PERIOD 1981 TO 2010
CLIMATE RECORD PERIOD 1894 TO 2014

WEATHER         OBSERVED          NORMAL  DEPART  LAST YEAR`S
                 VALUE   DATE(S)  VALUE   FROM    VALUE  DATE(S)
                                          NORMAL
................................................................
TEMPERATURE (F)
RECORD
 HIGH              98   10/07/1963
 LOW               17   10/31/1993
HIGHEST            85   10/26                         87  10/04
                        10/25
                        10/07
LOWEST             29   10/31                         29  10/27
                                                          10/25
AVG. MAXIMUM     71.5              69.3     2.2     68.7
AVG. MINIMUM     48.8              47.2     1.6     45.8
MEAN             60.1              58.3     1.8     57.2
DAYS MAX >= 90      0               0.1    -0.1        0
DAYS MAX <= 32      0               0.0     0.0        0
DAYS MIN <= 32      1               1.4    -0.4        2
DAYS MIN <= 0       0               0.0     0.0        0

PRECIPITATION (INCHES)
RECORD
 MAXIMUM        12.02   1986
 MINIMUM           MM   MM
TOTALS           4.58              3.66    0.92     7.12
DAILY AVG.       0.15              0.12    0.03     0.23
DAYS >= .01         7               8.5    -1.5       13
DAYS >= .10         4               5.5    -1.5        9
DAYS >= .50         2               2.2    -0.2        5
DAYS >= 1.00        2               1.2     0.8        3
GREATEST
 24 HR. TOTAL    2.61   10/12 TO 10/13
                        10/13 TO 10/13

DEGREE_DAYS
HEATING TOTAL     179               241     -62      271
 SINCE 7/1        210               288     -78      287
COOLING TOTAL      38                32       6       39
.................................................................

WIND (MPH)
AVERAGE WIND SPEED              9.0
HIGHEST WIND SPEED/DIRECTION    32/330    DATE  10/14
HIGHEST GUST SPEED/DIRECTION    40/330    DATE  10/14

SKY COVER
POSSIBLE SUNSHINE (PERCENT)   MM
AVERAGE SKY COVER           0.30
NUMBER OF DAYS FAIR           22
NUMBER OF DAYS PC              4
NUMBER OF DAYS CLOUDY          5

AVERAGE RH (PERCENT)     71

WEATHER CONDITIONS. NUMBER OF DAYS WITH
THUNDERSTORM              0     MIXED PRECIP               0
HEAVY RAIN                3     RAIN                       2
LIGHT RAIN                9     FREEZING RAIN              0
LT FREEZING RAIN          0     HAIL                       0
HEAVY SNOW                0     SNOW                       0
LIGHT SNOW                1     SLEET                      0
FOG                      12     FOG W/VIS <= 1/4 MILE      1
HAZE                      6

-  INDICATES NEGATIVE NUMBERS.
R  INDICATES RECORD WAS SET OR TIED.
MM INDICATES DATA IS MISSING.
T  INDICATES TRACE AMOUNT.

$$
