000
CXUS53 KICT 011714
CLMCNU

CLIMATE REPORT
NATIONAL WEATHER SERVICE WICHITA KS
1213 PM CDT TUE APR 1 2014

...................................

...THE CHANUTE KS CLIMATE SUMMARY FOR THE MONTH OF MARCH 2014...

CLIMATE NORMAL PERIOD 1981 TO 2010
CLIMATE RECORD PERIOD 1894 TO 2014

WEATHER         OBSERVED          NORMAL  DEPART  LAST YEAR`S
                 VALUE   DATE(S)  VALUE   FROM    VALUE  DATE(S)
                                          NORMAL
................................................................
TEMPERATURE (F)
RECORD
 HIGH              95   MM
 LOW                1   03/03/2014
HIGHEST            80   03/31                         78  03/15
LOWEST              1R  03/03                         17  03/26
AVG. MAXIMUM     57.4              58.1    -0.7     52.2
AVG. MINIMUM     27.9              36.1    -8.2     31.5
MEAN             42.6              47.1    -4.5     41.9
DAYS MAX >= 90      0               0.0     0.0        0
DAYS MAX <= 32      2               0.6     1.4        1
DAYS MIN <= 32     21              10.6    10.4       17
DAYS MIN <= 0       0               0.0     0.0        0

PRECIPITATION (INCHES)
RECORD
 MAXIMUM        12.08   1973
 MINIMUM           MM   MM
TOTALS           0.97              3.04   -2.07     1.45
DAILY AVG.       0.03              0.10   -0.07     0.05
DAYS >= .01         6               8.7    -2.7        9
DAYS >= .10         4               5.0    -1.0        3
DAYS >= .50         0               1.8    -1.8        1
DAYS >= 1.00        0               0.7    -0.7        0
GREATEST
 24 HR. TOTAL    0.42   03/16 TO 03/16

DEGREE_DAYS
HEATING TOTAL     686               559     127      706
 SINCE 7/1       4706              4131     575     3798
COOLING TOTAL       0                 4      -4        0
.................................................................

WIND (MPH)
AVERAGE WIND SPEED              12.3
HIGHEST WIND SPEED/DIRECTION    40/190    DATE  03/27
HIGHEST GUST SPEED/DIRECTION    51/190    DATE  03/27

SKY COVER
POSSIBLE SUNSHINE (PERCENT)   MM
AVERAGE SKY COVER           0.30
NUMBER OF DAYS FAIR           20
NUMBER OF DAYS PC              8
NUMBER OF DAYS CLOUDY          3

AVERAGE RH (PERCENT)     59

WEATHER CONDITIONS. NUMBER OF DAYS WITH
THUNDERSTORM              0     MIXED PRECIP               0
HEAVY RAIN                0     RAIN                       3
LIGHT RAIN                6     FREEZING RAIN              1
LT FREEZING RAIN          2     HAIL                       0
HEAVY SNOW                1     SNOW                       1
LIGHT SNOW                5     SLEET                      0
FOG                      15     FOG W/VIS <= 1/4 MILE      2
HAZE                     12

-  INDICATES NEGATIVE NUMBERS.
R  INDICATES RECORD WAS SET OR TIED.
MM INDICATES DATA IS MISSING.
T  INDICATES TRACE AMOUNT.

$$
