000
CXUS53 KICT 011323
CLMCNU

CLIMATE REPORT
NATIONAL WEATHER SERVICE WICHITA KS
720 AM CST SUN JAN 1 2017

...................................

...THE CHANUTE KS CLIMATE SUMMARY FOR THE MONTH OF DECEMBER 2016...

CLIMATE NORMAL PERIOD 1981 TO 2010
CLIMATE RECORD PERIOD 1894 TO 2016

WEATHER         OBSERVED          NORMAL  DEPART  LAST YEAR`S
                 VALUE   DATE(S)  VALUE   FROM    VALUE  DATE(S)
                                          NORMAL
................................................................
TEMPERATURE (F)
RECORD
 HIGH              77   12/07/1966
 LOW              -17   12/23/1989
                        12/22/1989
HIGHEST            70   12/25                         71  12/12
LOWEST             -6   12/18                         18  12/30
                                                          12/18
AVG. MAXIMUM     44.8              44.0     0.8     53.1
AVG. MINIMUM     23.8              25.3    -1.5     30.5
MEAN             34.3              34.7    -0.4     41.8
DAYS MAX >= 90      0               0.0     0.0        0
DAYS MAX <= 32      4               4.8    -0.8        2
DAYS MIN <= 32     27              23.4     3.6       19
DAYS MIN <= 0       2               0.7     1.3        0

PRECIPITATION (INCHES)
RECORD
 MAXIMUM         6.03   1984
 MINIMUM         0.00   1938
                        1929
TOTALS           0.78              1.75   -0.97     3.55
DAILY AVG.       0.03              0.06   -0.03     0.11
DAYS >= .01         6               6.9    -0.9        7
DAYS >= .10         3               3.6    -0.6        4
DAYS >= .50         0               1.2    -1.2        2
DAYS >= 1.00        0               0.5    -0.5        1
GREATEST
 24 HR. TOTAL    0.33   12/03 TO 12/04

DEGREE_DAYS
HEATING TOTAL     942               941       1      712
 SINCE 7/1       1420              1793    -373     1355
COOLING TOTAL       0                 0       0        0
.................................................................

WIND (MPH)
AVERAGE WIND SPEED              8.9
HIGHEST WIND SPEED/DIRECTION    37/170    DATE  12/25
HIGHEST GUST SPEED/DIRECTION    51/250    DATE  12/25

SKY COVER
POSSIBLE SUNSHINE (PERCENT)    0
AVERAGE SKY COVER           0.40
NUMBER OF DAYS FAIR           18
NUMBER OF DAYS PC              6
NUMBER OF DAYS CLOUDY          7

AVERAGE RH (PERCENT)     66

WEATHER CONDITIONS. NUMBER OF DAYS WITH
THUNDERSTORM              0     MIXED PRECIP               0
HEAVY RAIN                1     RAIN                       2
LIGHT RAIN                5     FREEZING RAIN              0
LT FREEZING RAIN          0     HAIL                       0
HEAVY SNOW                0     SNOW                       1
LIGHT SNOW                2     SLEET                      0
FOG                      11     FOG W/VIS <= 1/4 MILE      5
HAZE                      2

-  INDICATES NEGATIVE NUMBERS.
R  INDICATES RECORD WAS SET OR TIED.
MM INDICATES DATA IS MISSING.
T  INDICATES TRACE AMOUNT.

&&

...WICHITA EXPERIENCES WARMEST CHRISTMAS ON RECORD...

It sure didn`t look like Christmas this year. It looked more like
spring as south winds sustained primarily from 35 to 45 mph with 50
to 60 mph gusts tore through most of the state. The howling south
winds sent temperatures soaring into the 65 to 70 degree for nearly
all areas. There was even a line of strong to severe thunderstorms
that raced northeast through much of Central Kansas during mid-day
with winds around 60 mph. In Lincoln County, a roof was blown off a
barn 1 mile east of Beverly.

Wichita`s high temperature on Christmas Day was 67, which broke the
record of 65 last set in 1960. Wichita`s record high for December is
an amazing 83 degrees set in 1955 on Christmas Eve in 1955. This is
8 degrees hotter then the 2nd place occupants; December 7th, 1966,
the 11th in 1939 and the 13th in 1921 on which the highs were 75.
Salina`s 68-degree high was 1 degree shy of the record set in 1922,
as was Chanute`s 70-degree high, also set in 1922.

Just 1 week earlier, on the 18th, an Arctic airmass that invaded the
Great Plains sent temperature tumbling to record lows. Russell dove
to a numbing 16 below zero which "torched" the daily record of 8
below set in 1983. Great Bend was frost-bitten by a low of 15 below
which shattered their record of zero set in 1983 and in 1964. Salina
chilled out with a low of 10 below which tied the record set in 1983
and Wichita tumbled to 10 below which shattered the mark of 4 below
also set in 1983.

The Arctic front that surged into Kansas produced Wichita`s only
measurable snowfall when 2 inches were measured on the 17th at
Eisenhower Airport. Snowfalls from 1 to 3 inches were reported in
nearly all areas.

$$
