000
CXUS53 KICT 011808
CLMCNU


CLIMATE REPORT
NATIONAL WEATHER SERVICE WICHITA KS
1204 PM CST WED JAN 1 2014

...................................

...THE CHANUTE KS CLIMATE SUMMARY FOR THE MONTH OF DECEMBER 2013...

CLIMATE NORMAL PERIOD 1981 TO 2010
CLIMATE RECORD PERIOD 1894 TO 2013

WEATHER         OBSERVED          NORMAL  DEPART  LAST YEAR`S
                 VALUE   DATE(S)  VALUE   FROM    VALUE  DATE(S)
                                          NORMAL
................................................................
TEMPERATURE (F)
RECORD
 HIGH              77   12/07/1966
 LOW              -17   12/23/1989
                        12/22/1989
HIGHEST            64   12/18                         72  12/03
                        12/16                             12/01
LOWEST              7   12/07                         12  12/29
AVG. MAXIMUM     42.3              44.0    -1.7     52.2
AVG. MINIMUM     20.7              25.3    -4.6     30.4
MEAN             31.5              34.7    -3.2     41.3
DAYS MAX >= 90      0               0.0     0.0        0
DAYS MAX <= 32     10               4.8     5.2        2
DAYS MIN <= 32     28              23.4     4.6       14
DAYS MIN <= 0       0               0.7    -0.7        0

PRECIPITATION (INCHES)
RECORD
 MAXIMUM         6.03   1984
 MINIMUM           MM   MM
TOTALS             MM              1.75      MM     0.69
DAILY AVG.         MM              0.06      MM     0.03
DAYS >= .01        MM               6.9      MM        4
DAYS >= .10        MM               3.6      MM        2
DAYS >= .50        MM               1.2      MM        0
DAYS >= 1.00        0               0.5    -0.5        0
GREATEST
 24 HR. TOTAL      MM

DEGREE_DAYS
HEATING TOTAL    1033               941      92      611
 SINCE 7/1       1953              1793     160     1403
COOLING TOTAL       0                 0       0        0
.................................................................

WIND (MPH)
AVERAGE WIND SPEED              9.2
HIGHEST WIND SPEED/DIRECTION    25/200    DATE  12/31
HIGHEST GUST SPEED/DIRECTION    34/340    DATE  12/29

SKY COVER
POSSIBLE SUNSHINE (PERCENT)   MM
AVERAGE SKY COVER           0.40
NUMBER OF DAYS FAIR           14
NUMBER OF DAYS PC             10
NUMBER OF DAYS CLOUDY          7

AVERAGE RH (PERCENT)     71

WEATHER CONDITIONS. NUMBER OF DAYS WITH
THUNDERSTORM              0     MIXED PRECIP               1
HEAVY RAIN                0     RAIN                       0
LIGHT RAIN                2     FREEZING RAIN              2
LT FREEZING RAIN          2     HAIL                       0
HEAVY SNOW                0     SNOW                       0
LIGHT SNOW                3     SLEET                      1
FOG                      15     FOG W/VIS <= 1/4 MILE      4
HAZE                      4

-  INDICATES NEGATIVE NUMBERS.
R  INDICATES RECORD WAS SET OR TIED.
MM INDICATES DATA IS MISSING.
T  INDICATES TRACE AMOUNT.

$$
