000
CXUS53 KICT 010839
CLMCNU
CLIMATE REPORT
NATIONAL WEATHER SERVICE WICHITA KANSAS
339 AM CDT WED NOV 01 2023
...................................
...THE CHANUTE KS CLIMATE SUMMARY FOR THE MONTH OF OCTOBER 2023...
CLIMATE NORMAL PERIOD 1991 TO 2020
CLIMATE RECORD PERIOD 1894 TO 2023
WEATHER OBSERVED NORMAL DEPART LAST YEAR`S
VALUE DATE(S) VALUE FROM VALUE DATE(S)
NORMAL
................................................................
TEMPERATURE (F)
RECORD
HIGH 98 10/07/1963
LOW 17 10/19/2022
10/31/1993
HIGHEST 90 10/01 88 10/21
10/21
LOWEST 21 10/31 17 10/19
AVG. MAXIMUM 72.4 71.5 0.9 76.1
AVG. MINIMUM 48.6 47.2 1.4 46.5
MEAN 60.5 59.4 1.1 61.3
DAYS MAX >= 90 2 0.2 1.8 0
DAYS MAX <= 32 0 0.0 0.0 0
DAYS MIN <= 32 2 2.2 -0.2 3
DAYS MIN <= 0 0 0.0 0.0 0
PRECIPITATION (INCHES)
RECORD
MAXIMUM 12.02 1986
MINIMUM 0.00 1958
TOTALS 2.71 3.33 -0.62 1.34
DAILY AVG. 0.09 0.11 -0.02 0.04
DAYS >= .01 9 8.7 0.3 5
DAYS >= .10 6 5.0 1.0 4
DAYS >= .50 2 2.1 -0.1 1
DAYS >= 1.00 0 1.1 -1.1 0
GREATEST
24 HR. TOTAL 0.91 10/24 TO 10/25
DEGREE DAYS
HEATING TOTAL 216 221 -5 168
SINCE 7/1 216 254 -38 MM
COOLING TOTAL 86 46 40 62
................................................................
WIND (MPH)
AVERAGE WIND SPEED 9.8
HIGHEST WIND SPEED/DIRECTION 29/180 DATE 10/12
HIGHEST GUST SPEED/DIRECTION 42/180 DATE 10/12
SKY COVER
POSSIBLE SUNSHINE (PERCENT) MM
AVERAGE SKY COVER 0.34
NUMBER OF DAYS FAIR 19
NUMBER OF DAYS PC 4
NUMBER OF DAYS CLOUDY 8
AVERAGE RH (PERCENT) 65
WEATHER CONDITIONS. NUMBER OF DAYS WITH
THUNDERSTORM 5 MIXED PRECIP 0
HEAVY RAIN 5 RAIN 6
LIGHT RAIN 11 FREEZING RAIN 0
LT FREEZING RAIN 0 HAIL 0
HEAVY SNOW 0 SNOW 0
LIGHT SNOW 0 SLEET 0
FOG 10 FOG W/VIS <= 1/4 MILE 0
HAZE 1
- INDICATES NEGATIVE NUMBERS.
R INDICATES RECORD WAS SET OR TIED.
MM INDICATES DATA IS MISSING.
T INDICATES TRACE AMOUNT.
$$