000
CXUS53 KICT 011250
CLMCNU


CLIMATE REPORT
NATIONAL WEATHER SERVICE WICHITA KS
747 AM CDT FRI MAY 1 2015

...................................

...THE CHANUTE KS CLIMATE SUMMARY FOR THE MONTH OF APRIL 2015...

CLIMATE NORMAL PERIOD 1981 TO 2010
CLIMATE RECORD PERIOD 1894 TO 2015

WEATHER         OBSERVED          NORMAL  DEPART  LAST YEAR`S
                 VALUE   DATE(S)  VALUE   FROM    VALUE  DATE(S)
                                          NORMAL
................................................................
TEMPERATURE (F)
RECORD
 HIGH              96   04/14/1936
 LOW               14   04/03/1936
HIGHEST            87   04/07                         MM  MM
LOWEST             27   04/04                         MM  MM
AVG. MAXIMUM     70.0              67.9     2.1       MM
AVG. MINIMUM     48.5              45.8     2.7       MM
MEAN             59.3              56.8     2.5       MM
DAYS MAX >= 90      0               0.1    -0.1       MM
DAYS MAX <= 32      0               0.0     0.0       MM
DAYS MIN <= 32      1               2.1    -1.1       MM
DAYS MIN <= 0       0               0.0     0.0       MM

PRECIPITATION (INCHES)
RECORD
 MAXIMUM        16.25   1994
 MINIMUM         0.16   1900
TOTALS           4.53              4.40    0.13       MM
DAILY AVG.       0.15              0.15    0.00       MM
DAYS >= .01        12               9.8     2.2       MM
DAYS >= .10         8               6.4     1.6       MM
DAYS >= .50         4               3.0     1.0       MM
DAYS >= 1.00        0               1.1    -1.1       MM
GREATEST
 24 HR. TOTAL    1.85   04/12 TO 04/13

DEGREE_DAYS
HEATING TOTAL     187               271     -84       MM
 SINCE 7/1       4372              4402     -30       MM
COOLING TOTAL      22                27      -5       MM
.................................................................

WIND (MPH)
AVERAGE WIND SPEED              10.7
HIGHEST WIND SPEED/DIRECTION    51/180    DATE  04/08
HIGHEST GUST SPEED/DIRECTION    66/220    DATE  04/08

SKY COVER
POSSIBLE SUNSHINE (PERCENT)   MM
AVERAGE SKY COVER           0.40
NUMBER OF DAYS FAIR           15
NUMBER OF DAYS PC              9
NUMBER OF DAYS CLOUDY          6

AVERAGE RH (PERCENT)     67

WEATHER CONDITIONS. NUMBER OF DAYS WITH
THUNDERSTORM              0     MIXED PRECIP               0
HEAVY RAIN                8     RAIN                       8
LIGHT RAIN               16     FREEZING RAIN              0
LT FREEZING RAIN          0     HAIL                       0
HEAVY SNOW                0     SNOW                       0
LIGHT SNOW                0     SLEET                      0
FOG                      15     FOG W/VIS <= 1/4 MILE      1
HAZE                      2

-  INDICATES NEGATIVE NUMBERS.
R  INDICATES RECORD WAS SET OR TIED.
MM INDICATES DATA IS MISSING.
T  INDICATES TRACE AMOUNT.

$$
