000
CXUS53 KICT 011230
CLMCNU


CLIMATE REPORT
NATIONAL WEATHER SERVICE WICHITA KS
730 AM CDT SUN JUN 1 2014

...................................

...THE CHANUTE KS CLIMATE SUMMARY FOR THE MONTH OF MAY 2014...

CLIMATE NORMAL PERIOD 1981 TO 2010
CLIMATE RECORD PERIOD 1894 TO 2014

WEATHER         OBSERVED          NORMAL  DEPART  LAST YEAR`S
                 VALUE   DATE(S)  VALUE   FROM    VALUE  DATE(S)
                                          NORMAL
................................................................
TEMPERATURE (F)
RECORD
 HIGH              99   MM
 LOW               32   05/02/2014
HIGHEST            94   05/04                         90  05/14
LOWEST             32R  05/02                         33  05/02
AVG. MAXIMUM     78.8              75.9     2.9     73.5
AVG. MINIMUM     55.9              55.8     0.1     54.5
MEAN             67.4              65.9     1.5     64.0
DAYS MAX >= 90      1               0.2     0.8        1
DAYS MAX <= 32      0               0.0     0.0        0
DAYS MIN <= 32      1               0.1     0.9        0
DAYS MIN <= 0       0               0.0     0.0        0

PRECIPITATION (INCHES)
RECORD
 MAXIMUM        18.35   1990
 MINIMUM           MM   MM
TOTALS           5.52              5.80   -0.28     6.54
DAILY AVG.       0.18              0.19   -0.01     0.21
DAYS >= .01         7              11.7    -4.7       13
DAYS >= .10         7               8.0    -1.0        9
DAYS >= .50         4               3.7     0.3        5
DAYS >= 1.00        1               1.8    -0.8        2
GREATEST
 24 HR. TOTAL    2.39   05/24 TO 05/24

DEGREE_DAYS
HEATING TOTAL      97                75      22      131
 SINCE 7/1       5090              4477     613     4312
COOLING TOTAL     176               102      74      108
.................................................................

WIND (MPH)
AVERAGE WIND SPEED              10.8
HIGHEST WIND SPEED/DIRECTION    46/170    DATE  05/08
HIGHEST GUST SPEED/DIRECTION    59/170    DATE  05/08

SKY COVER
POSSIBLE SUNSHINE (PERCENT)   MM
AVERAGE SKY COVER           0.30
NUMBER OF DAYS FAIR           22
NUMBER OF DAYS PC              8
NUMBER OF DAYS CLOUDY          1

AVERAGE RH (PERCENT)     66

WEATHER CONDITIONS. NUMBER OF DAYS WITH
THUNDERSTORM              0     MIXED PRECIP               0
HEAVY RAIN                6     RAIN                       5
LIGHT RAIN               13     FREEZING RAIN              0
LT FREEZING RAIN          0     HAIL                       0
HEAVY SNOW                0     SNOW                       0
LIGHT SNOW                0     SLEET                      0
FOG                       8     FOG W/VIS <= 1/4 MILE      2
HAZE                      6

-  INDICATES NEGATIVE NUMBERS.
R  INDICATES RECORD WAS SET OR TIED.
MM INDICATES DATA IS MISSING.
T  INDICATES TRACE AMOUNT.

$$
