000
CXUS53 KICT 012026
CLMCNU

CLIMATE REPORT
NATIONAL WEATHER SERVICE WICHITA KS
215 PM CST SUN FEB 1 2015

...................................

...THE CHANUTE KS CLIMATE SUMMARY FOR THE MONTH OF JANUARY 2015...

CLIMATE NORMAL PERIOD 1981 TO 2010
CLIMATE RECORD PERIOD 1894 TO 2015

WEATHER         OBSERVED          NORMAL  DEPART  LAST YEAR`S
                 VALUE   DATE(S)  VALUE   FROM    VALUE  DATE(S)
                                          NORMAL
................................................................
TEMPERATURE (F)
RECORD
 HIGH              75   01/28/2015
                        01/28/2013
                        01/24/1950
 LOW              -23   01/30/1949
HIGHEST            75R  01/28                         67  01/12
LOWEST              2   01/08                        -10  01/06
                        01/07
AVG. MAXIMUM     46.4              42.2     4.2     42.0
AVG. MINIMUM     21.4              22.9    -1.5     17.4
MEAN             33.9              32.6     1.3     29.7
DAYS MAX >= 90      0               0.0     0.0        0
DAYS MAX <= 32      5               6.6    -1.6        7
DAYS MIN <= 32     28              25.4     2.6       30
DAYS MIN <= 0       0               0.9    -0.9        2

PRECIPITATION (INCHES)
RECORD
 MAXIMUM         6.43   1949
 MINIMUM         0.00   2009
                        1919
TOTALS           0.63              1.26   -0.63     0.11
DAILY AVG.       0.02              0.04   -0.02     0.00
DAYS >= .01         4               5.9    -1.9        2
DAYS >= .10         2               2.7    -0.7        0
DAYS >= .50         0               0.7    -0.7        0
DAYS >= 1.00        0               0.3    -0.3        0
GREATEST
 24 HR. TOTAL    0.43   01/31 TO 01/31

DEGREE_DAYS
HEATING TOTAL     957              1006     -49     1086
 SINCE 7/1       2734              2799     -65     3039
COOLING TOTAL       0                 0       0        0
.................................................................

WIND (MPH)
AVERAGE WIND SPEED              9.0
HIGHEST WIND SPEED/DIRECTION    32/340    DATE  01/25
HIGHEST GUST SPEED/DIRECTION    42/320    DATE  01/25

SKY COVER
POSSIBLE SUNSHINE (PERCENT)   MM
AVERAGE SKY COVER           0.30
NUMBER OF DAYS FAIR           19
NUMBER OF DAYS PC              6
NUMBER OF DAYS CLOUDY          6

AVERAGE RH (PERCENT)     64

WEATHER CONDITIONS. NUMBER OF DAYS WITH
THUNDERSTORM              0     MIXED PRECIP               0
HEAVY RAIN                0     RAIN                       0
LIGHT RAIN                5     FREEZING RAIN              0
LT FREEZING RAIN          1     HAIL                       0
HEAVY SNOW                0     SNOW                       0
LIGHT SNOW                3     SLEET                      0
FOG                      12     FOG W/VIS <= 1/4 MILE      1
HAZE                      1

-  INDICATES NEGATIVE NUMBERS.
R  INDICATES RECORD WAS SET OR TIED.
MM INDICATES DATA IS MISSING.
T  INDICATES TRACE AMOUNT.

&&

...A SLICK AND BITTERLY COLD START TO THE NEW YEAR...ALTHOUGH
TEMPERATURES WARMED WELL ABOVE NORMAL THE 2ND HALF OF JANUARY...

2014 SIGNED OFF WITH THE INVASION OF AN ARCTIC AIRMASS THAT MADE ITS
PRESENCE FELT THRU JANUARY 2ND. THE SHALLOW ARCTIC AIRMASS PLAYED A
VITAL ROLE IN THE FIRST SHOT OF WINTRY PRECIPITATION...INITIALLY IN
THE FORM OF FREEZING DRIZZLE...ACROSS SOUTH-CENTRAL AND SOUTHEAST
KANSAS ON THE 1ST. A WINTER WEATHER ADVISORY WAS ISSUED FOR THESE
AREAS FROM IN THE EVENING OF THE 1ST UNTIL LATE IN THE MORNING OF
THE 2ND. ALTHOUGH ICE ACCUMULATIONS WERE MINOR...ROADS AND HIGHWAYS
WERE STILL QUITE SLICK.

A REINFORCING SHOT OF ARCTIC AIR INVADED THE NEIGHBORHOOD ON THE 3RD
AND 4TH AND WOULD PLAY A VITAL ROLE IN THE SPREADING LIGHT TO
MODERATE SNOW ACROSS CENTRAL AND SOUTH-CENTRAL KANSAS...WHERE 2 TO 5
INCH ACCUMULATIONS WOULD OCCUR BY MIDDAY ON THE 4TH. ODDLY ENOUGH...
IT WOULD BE THE LAST MEASURABLE SNOWFALL FOR THE REST OF THE MONTH.
ANOTHER SHOT OF ARCTIC AIR SURGED SOUTH ACROSS THE REGION ON THE
7TH. THE ASSOCIATED ARCTIC HIGH PRESSURE AREA WAS SO STRONG...NEAR-
RECORD HIGH SURFACE PRESSURES WERE RECORDED ACROSS THE REGION.
WEATHER EQUIPMENT AT WICHITA EISENHOWER NATIONAL AIRPORT RECORDED A
PRESSURE OF 1053.1 MILLIBARS AROUND 11 AM ON THE 7TH...ITS 3RD
HIGHEST RECORDED PRESSURE SINCE 1980.

AROUND THE MIDWAY POINT...WEATHER MORE TYPICAL OF SPRING ARRIVED AS
STRONG HIGH PRESSURE RIDGES TRAVERSING THE GREAT PLAINS WOULD GET
PUSHED EAST BY LOW PRESSURE CENTERS STRENGTHENING OVER THE WEST AND
NORTHWEST PLAINS. THIS WOULD ENABLE WESTERLY WINDS TO DOMINATE THE
REGION FOR MUCH OF THE REMAINDER OF JANUARY. WITH THE PREDOMINANTLY
"DOWNSLOPE" FLOW SPREADING DRIER AIR ACROSS KANSAS...TEMPERATURES
SOARED TO THE POINT THAT SEVERAL HIGH TEMPERATURES RECORDS WERE SET
OR TIED. WICHITA REACHED AT LEAST 60 DEGREES 8 DAYS DURING THE
MONTH...WHICH TIED 1967 FOR THE 2ND HIGHEST NUMBER OF 60+ DEGREE
DAYS FOR JANUARY SINCE 1889.

THE RECORDS THAT WERE SET OR TIED...AND THEIR RESPECTIVE DATES...ARE
LISTED BELOW. MANY OF THESE DAILY RECORDS WERE ALSO SOME OF THE
WARMEST JANUARY TEMPERATURES EVER EXPERIENCED FOR THAT PARTICULAR
SITE.

              NEW RECORD    OLD RECORD
WICHITA:
JANUARY 18TH:     65        65 IN 1901 (TIED)
JANUARY 19TH:     73        70 IN 1904
JANUARY 26TH:     74        69 IN 1953
JANUARY 27TH:     73        69 IN 2013

SALINA:
JANUARY 26TH:     71        70 IN 1951
JANUARY 27TH:     75        68 IN 1934
JANUARY 28TH:     74        74 IN 2013 (TIED)

CHANUTE:
JANUARY 28TH:     75        75 IN 2013 (TIED)

RUSSELL:
JANUARY 16TH:     63        62 IN 1986
JANUARY 27TH:     83!       65 IN 2002

AS ONE CAN EASILY TELL...THE MOST DRAMATIC TEMPERATURE RECORD THIS
MONTH OCCURRED ON THE 27TH WHEN TEMPERATURES AT RUSSELL SOARED LIKE
F15 EAGLES. THE 83 DEGREE HIGH ROASTED THE MARK OF 65 SET IN 2002 BY
AN AMAZING 18 DEGREES!

$$
