000
CXUS53 KICT 061605 AAB
CLMCNU

CLIMATE REPORT...UPDATED NARRATIVE
NATIONAL WEATHER SERVICE WICHITA KS
1005 AM CST SUN MAR 6 2016

...................................

...THE CHANUTE KS CLIMATE SUMMARY FOR THE MONTH OF FEBRUARY 2016...

CLIMATE NORMAL PERIOD 1981 TO 2010
CLIMATE RECORD PERIOD 1894 TO 2016

WEATHER         OBSERVED          NORMAL  DEPART  LAST YEAR`S
                 VALUE   DATE(S)  VALUE   FROM    VALUE  DATE(S)
                                          NORMAL
................................................................
TEMPERATURE (F)
RECORD
 HIGH              83   02/12/1962
 LOW              -16   02/10/2011
                        02/03/2011
HIGHEST            77   02/20                         73  02/08
                        02/18
LOWEST             15   02/04                          7  02/27
AVG. MAXIMUM     56.6              47.9     8.7     41.6
AVG. MINIMUM     29.0              26.9     2.1     19.6
MEAN             42.8              37.4     5.4     30.6
DAYS MAX >= 90      0               0.0     0.0        0
DAYS MAX <= 32      0               3.1    -3.1       10
DAYS MIN <= 32     21              19.8     1.2       26
DAYS MIN <= 0       0               0.5    -0.5        0

PRECIPITATION (INCHES)
RECORD
 MAXIMUM         8.26   1911
 MINIMUM         0.00   2006
                        1904
TOTALS           0.30              1.90   -1.60     0.68
DAILY AVG.       0.01              0.07   -0.06     0.02
DAYS >= .01         2               6.3    -4.3        7
DAYS >= .10         1               3.9    -2.9        2
DAYS >= .50         0               1.0    -1.0        0
DAYS >= 1.00        0               0.6    -0.6        0
GREATEST
 24 HR. TOTAL    0.29   02/02 TO 02/02

DEGREE_DAYS
HEATING TOTAL     636               773    -137      956
 SINCE 7/1       2965              3595    -630     3690
COOLING TOTAL       0                 0       0        0
.................................................................

WIND (MPH)
AVERAGE WIND SPEED              11.5
HIGHEST WIND SPEED/DIRECTION    43/190    DATE  02/18
HIGHEST GUST SPEED/DIRECTION    52/190    DATE  02/18

SKY COVER
POSSIBLE SUNSHINE (PERCENT)   MM
AVERAGE SKY COVER           0.20
NUMBER OF DAYS FAIR           22
NUMBER OF DAYS PC              7
NUMBER OF DAYS CLOUDY          0

AVERAGE RH (PERCENT)     56

WEATHER CONDITIONS. NUMBER OF DAYS WITH
THUNDERSTORM              0     MIXED PRECIP               0
HEAVY RAIN                0     RAIN                       1
LIGHT RAIN                2     FREEZING RAIN              0
LT FREEZING RAIN          0     HAIL                       0
HEAVY SNOW                0     SNOW                       0
LIGHT SNOW                1     SLEET                      0
FOG                       3     FOG W/VIS <= 1/4 MILE      0
HAZE                      2

-  INDICATES NEGATIVE NUMBERS.
R  INDICATES RECORD WAS SET OR TIED.
MM INDICATES DATA IS MISSING.
T  INDICATES TRACE AMOUNT.

&&

...FEBRUARY 2016 MUCH WARMER AND DRIER THAN NORMAL AREAWIDE...

FEBRUARY 2016 WILL BE REMEMBERED FOR BEING USUALLY WARM AND DRY FOR
MOST OF THE MONTH. THIS WAS ESPECIALLY TRUE DURING THE LATTER HALF
OF THE MONTH WHEN MANY AREAS HAD AN EARLY SAMPLING OF SPRING.

FOR MOST AREAS...THE WARMEST PERIOD WAS FROM THE 17TH TO THE 20TH...
WHEN AVERAGE DAILY TEMPERATURES IN MOST AREAS WERE AROUND 15 TO AN
AMAZING 30 DEGREES ABOVE NORMAL.

IT WAS ON THE 18TH WHEN THE REGION FELT THE HEAT THE GREATEST.
TEMPERATURES AT RUSSELL AND GREAT BEND SOARED TO 88 DEGREES. THESE
HIGH TEMPERATURES WERE A STAGGERING 41.7 AND 37.3 DEGREES ABOVE
NORMAL...RESPECTIVELY. AT RUSSELL...THE 88 DEGREE HIGH NOT ONLY SET
A RECORD FOR THE 18TH...WHEN IT TORCHED THE RECORD OF 73 SET IN 2014
BY 15 DEGREES...BUT SET A FEBRUARY RECORD BY BREAKING THE MARK OF 85
DEGREES SET IN 1970 AND 1972 WHEN THE HIGHS REACHED 85 ON THE 17TH
AND 29TH...RESPECTIVELY. ON THE 18TH RUSSELL`S AVERAGE TEMPERATURE
WAS 68 DEGREES...A WHOPPING 33.5 DEGREES ABOVE NORMAL!

RECORD HIGHS SET ON THE 18TH WERE:

             PREVIOUS RECORD
RUSSELL:  88    73 IN 2014
SALINA:   79    79 IN 1930 (TIED)
WICHITA:  77    74 IN 1930
CHANUTE:  76    74 IN 1930

THE RECORD-SETTING WARMTH OF THE 18TH LED TO A MILD NIGHT AND EARLY
MORNING FROM THE 18TH TO THE 19TH. RUSSELL SET A WARMEST LOW RECORD
ON THE 19TH WHEN THE LOW WAS ONLY 45 DEGREES. THIS BROKE THE RECORD
OF 41 SET IN 1983.

NOTE: RUSSELL`S CLIMATE RECORD ONLY DATES TO SEPTEMBER 1ST 1949.

RECORD WARMTH ALSO OCCURRED ON THE 27TH WHEN SOUTHERLY WINDS...FROM
20 TO 30 MPH WITH 30 TO 40 MPH GUSTS SENT HIGHS WELL INTO THE MID
70S.

RECORD HIGHS SET ON THE 27TH WERE:

           PREVIOUS RECORD
SALINA:  78   76 IN 1932
RUSSELL: 78   76 IN 1976

CHANUTE EXPERIENCED ITS 14TH WARMEST FEBRUARY WITH AN AVERAGE OF 42.8
DEGREES...BUT 2016 IS CHANUTE`S 5TH WARMEST "LEAP YEAR" FEBRUARY ON
RECORD.

THE 10 WARMEST FEBRUARIES ARE:

1ST:  38.3 IN 1930
2ND:  47.1 IN 1976*
3RD:  46.2 IN 1954
4TH:  45.7 IN 1932*
5TH:  45.2 IN 1999
6TH:  44.5 IN 1931
7TH:  43.8 IN 2000*
8TH:  43.7 IN 1992*
9TH:  43.3 IN 1991 (TIED)
9TH:  43.3 IN 1946 (TIED)

*LEAP YEAR
THE 5 WARMEST 29-DAY FEBRUARIES ARE:

1ST:  47.1 IN 1976
2ND:  45.7 IN 1932
3RD:  43.8 IN 2000
4TH:  43.7 IN 1992
5TH:  42.8 IN 2016**

PRECIPITATION:

THE 0.30 INCH MEASURED AT MARTIN JOHNSON AIRPORT PUT 2016 IN 13TH
PLACE IN "THE LEAST FEBRUARY PRECIPITATION LIST".

CHANUTE`S DRIEST FEBRUARIES ARE:

1ST:     T IN 2006 (TIED)
1ST:     T IN 1904 (TIED)
3RD:  0.02 IN 1991
4TH:  0.03 IN 1936
5TH:  0.04 IN 1921
6TH:  0.09 IN 1963
7TH:  0.11 IN 1968 (TIED)
7TH:  0.11 IN 1930 (TIED)
9TH:  0.20 IN 1967 (3-WAY TIE WITH 1923 & 1917)
9TH:  0.20 IN 1923
9TH:  0.20 IN 1917
12TH: 0.21 IN 1920
13TH: 0.30 IN 2016*

WERE IT NOT FOR THE 2ND...THEN 2016 WOULD`VE BEEN CHANUTE`S 3RD
DRIEST FEBRUARY ON RECORD.

ON THE 1ST...AN INTENSE CYCLONE MOVED EAST ACROSS WESTERN KANSAS. ON
THE 2ND...THE CYCLONE LIFTED NORTHEAST TOWARD THE UPPER MISSISSIPPI
VALLEY...ENABLING COLDER AIR TO SPREAD SOUTH ACROSS THE REGION. THE
NORTHWEST WINDS WRAPPING AROUND THE DEPARTING CYCLONE WERE STRONG
...ESPECIALLY ON THE 2ND AND 3RD...AND ALTHOUGH SNOW AMOUNTS ON THE
2ND WERE NO MORE THAN 3 INCHES...THE NORTHWEST WINDS...SUSTAINED
FROM 30 TO 40 MPH WITH 40 TO 50 MPH GUSTS...NO DOUBT CAUSED
WIDESPREAD BLOWING AND DRIFTING IN PRIMARILY RUSSELL AND LINCOLN
COUNTIES.

ACROSS PARTS OF SOUTH-CENTRAL AND SOUTHEAST KANSAS...SHOWERS AND A
FEW THUNDERSTORMS OCCURRED ON THE 1ST AND 2ND.

RECORDS WERE ALSO SET OR TIED IN THE PRECIPITATION DEPARTMENT. THOSE
RECORDS WERE IN WICHITA AND APPEAR BELOW.

PRECIPITATION (WATER EQUIVALENT):
0.55 INCH (LEAST SINCE 2007; 0.47)

SNOWFALL:
0.0 (TIED 1931 AND 1991) NORMAL: 3.2 INCHES

FIRE WEATHER:

THE EXCEPTIONALLY...AND A FEW CASES RECORD...WARM WEATHER DURING THE
LATTER HALF OF FEBRUARY RESULTED IN EXTREME GRASSLAND FIRE DANGERS
ACROSS THE REGION. THIS WAS ESPECIALLY TRUE ON THE 18TH WHEN STRONG
SOUTH WINDS...SUSTAINED FROM 25 TO 40 MPH WITH 40 TO 50 MPH GUSTS...
WHIPPED ACROSS KANSAS. RED FLAGS WERE HOISTED ACROSS ALL AREAS BUT
FIRES DID BREAK OUT IN A FEW AREAS. GRASSLAND FIRE DANGER WAS ALSO A
MAJOR CONCERN ON THE 27TH...WHEN SOUTHERLY 20 TO 30 MPH WINDS...WITH
35 TO 40 MPH GUSTS...TEAMED WITH RECORD WARMTH TO CAUSE RED FLAGS TO
BE HOISTED ACROSS THE AREA. SIGNIFICANT GRASSLAND FIRES BROKE OUT IN
PARTS OF CENTRAL AND SOUTH-CENTRAL KANSAS BUT NO STRUCTURES WERE
AFFECTED.

WE SHALL SEE IF ANY METEOROLOGICAL MARCH MADNESS AWAITS US.

$$

ES

*NARRATIVE UPDATED AND CORRECTED TO LIST CHANUTE`S WARMEST AND DRIEST
FEBRUARIES ON RECORD.
