000
CXUS53 KICT 011127
CLMCNU

CLIMATE REPORT
NATIONAL WEATHER SERVICE WICHITA KS
523 AM CST TUE DEC 1 2015

...................................

...THE CHANUTE KS CLIMATE SUMMARY FOR THE MONTH OF NOVEMBER 2015...

CLIMATE NORMAL PERIOD 1981 TO 2010
CLIMATE RECORD PERIOD 1894 TO 2015

WEATHER         OBSERVED          NORMAL  DEPART  LAST YEAR`S
                 VALUE   DATE(S)  VALUE   FROM    VALUE  DATE(S)
                                          NORMAL
................................................................
TEMPERATURE (F)
RECORD
 HIGH              89   11/06/1915
 LOW                1   11/27/1975
                        11/16/1932
HIGHEST            77   11/11                         74  11/10
LOWEST             21   11/22                          6  11/18
AVG. MAXIMUM     60.6              56.7     3.9     51.5
AVG. MINIMUM     38.0              35.9     2.1     28.6
MEAN             49.3              46.3     3.0     39.9
DAYS MAX >= 90      0               0.0     0.0        0
DAYS MAX <= 32      0               0.5    -0.5        2
DAYS MIN <= 32      9              11.2    -2.2       19
DAYS MIN <= 0       0               0.0     0.0        0

PRECIPITATION (INCHES)
RECORD
 MAXIMUM         8.35   1931
 MINIMUM         0.00   1989
                        1949
                        1919
TOTALS           5.49              2.50    2.99     1.35
DAILY AVG.       0.18              0.08    0.10     0.05
DAYS >= .01        11               7.0     4.0        5
DAYS >= .10         8               4.1     3.9        2
DAYS >= .50         3               1.8     1.2        1
DAYS >= 1.00        2               0.7     1.3        0
GREATEST
 24 HR. TOTAL    2.76   11/26 TO 11/27

DEGREE_DAYS
HEATING TOTAL     463               564    -101      696
 SINCE 7/1        643               852    -209      906
COOLING TOTAL       0                 3      -3        0
.................................................................

WIND (MPH)
AVERAGE WIND SPEED              11.1
HIGHEST WIND SPEED/DIRECTION    45/230    DATE  11/11
HIGHEST GUST SPEED/DIRECTION    58/220    DATE  11/11

SKY COVER
POSSIBLE SUNSHINE (PERCENT)   MM
AVERAGE SKY COVER           0.40
NUMBER OF DAYS FAIR           14
NUMBER OF DAYS PC              6
NUMBER OF DAYS CLOUDY         10

AVERAGE RH (PERCENT)     69

WEATHER CONDITIONS. NUMBER OF DAYS WITH
THUNDERSTORM              3     MIXED PRECIP               1
HEAVY RAIN                4     RAIN                       7
LIGHT RAIN               13     FREEZING RAIN              1
LT FREEZING RAIN          2     HAIL                       0
HEAVY SNOW                0     SNOW                       0
LIGHT SNOW                2     SLEET                      0
FOG                      15     FOG W/VIS <= 1/4 MILE      3
HAZE                      0

-  INDICATES NEGATIVE NUMBERS.
R  INDICATES RECORD WAS SET OR TIED.
MM INDICATES DATA IS MISSING.
T  INDICATES TRACE AMOUNT.

&&

...NOVEMBER CLIMATE HIGHLIGHTS: MILD AND WET...

WICHITA:

NOVEMBER 2015 WILL GO DOWN AS THE 12TH WARMEST NOVEMBER SINCE
RECORDS BEGAN IN 1888...TALLYING A MONTHLY AVERAGE TEMPERATURE OF
50.0 DEGREES...4.6 DEGREES WARMER THAN NORMAL. IT WAS THE WARMEST
NOVEMBER SINCE 2009. SUBTRACTING THE LATE MONTH COLD SNAP...THE
AIR CAPITAL TALLIED ITS 4TH WARMEST NOVEMBER THROUGH THE FIRST 26
DAYS. THE CITY EXPERIENCED 22 DAYS WITH HIGH TEMPERATURES 60
DEGREES OR WARMER...WHICH IS THE MOST OF ANY NOVEMBER ON
RECORD...AND ONLY 6 DAYS WERE COOLER THAN NORMAL (MOST OF THOSE
OCCURRING LATE IN THE MONTH). IN THE PRECIPITATION DEPARTMENT...IT
WAS THE 7TH WETTEST NOVEMBER ON RECORD...TALLYING 4.17 INCHES
WHICH WAS 2.74 INCHES WETTER THAN NORMAL. IT WAS THE WETTEST
NOVEMBER SINCE 1992. DAILY RECORDS SET INCLUDE A RECORD WARM LOW
TEMPERATURE OF 60 DEGREES SET ON THE 4TH...AND A PRECIPITATION
RECORD OF 2.17 INCHES ON THE 26TH. THIS WAS THE 7TH HIGHEST DAILY
PRECIPITATION TOTAL OF ANY NOVEMBER SINCE 1888.

SALINA:

NOVEMBER 2015 WILL GO DOWN AS THE 5TH WARMEST NOVEMBER SINCE
1894...TALLYING A MONTHLY AVERAGE TEMPERATURE OF 49.1
DEGREES...5.2 DEGREES WARMER THAN NORMAL. IT WAS THE WARMEST
NOVEMBER SINCE 2001. THE CITY EXPERIENCED 21 DAYS WITH HIGH
TEMPERATURES 60 DEGREES OR WARMER...WHICH IS THE 2ND MOST SINCE
1948...AND ONLY 7 DAYS WERE COOLER THAN NORMAL (MOST OF THOSE
OCCURRING LATE IN THE MONTH). IN THE PRECIPITATION DEPARTMENT...IT
WAS THE 13TH WETTEST NOVEMBER SINCE 1948...TALLYING 2.18 INCHES
WHICH WAS 0.93 INCHES WETTER THAN NORMAL. IT WAS THE WETTEST
NOVEMBER SINCE 2011. DAILY RECORDS SET INCLUDE RECORD WARM LOW
TEMPERATURES OF 60 AND 53 DEGREES SET ON THE 4TH AND
25TH...RESPECTIVELY...AND PRECIPITATION RECORDS OF 0.94 AND 0.91
INCHES ON THE 10TH AND 11TH...RESPECTIVELY.

CHANUTE:

NOVEMBER 2015 WILL GO DOWN AS THE 21ST WARMEST NOVEMBER SINCE
1894...TALLYING A MONTHLY AVERAGE TEMPERATURE OF 49.3
DEGREES...3.0 DEGREES WARMER THAN NORMAL. IT WAS THE WARMEST
NOVEMBER SINCE 2009. THE CITY EXPERIENCED 21 DAYS WITH HIGH
TEMPERATURES 60 DEGREES OR WARMER...WHICH IS TIED FOR 3RD MOST ON
RECORD...AND 9 DAYS WERE COOLER THAN NORMAL. IN THE PRECIPITATION
DEPARTMENT...IT WAS THE 12TH WETTEST NOVEMBER ON RECORD...TALLYING
5.49 INCHES WHICH WAS 2.99 INCHES WETTER THAN NORMAL. IT WAS THE
WETTEST NOVEMBER SINCE 2011. DAILY RECORDS SET INCLUDE A RECORD
WARM LOW TEMPERATURE OF 54 DEGREES...ON THE 25TH...AND A
PRECIPITATION RECORD OF 2.28 INCHES ON THE 26TH. THIS WAS THE 7TH
HIGHEST DAILY PRECIPITATION TOTAL OF ANY NOVEMBER SINCE 1894.

$$
