000
CXUS53 KICT 010659
CLMCNU


CLIMATE REPORT
NATIONAL WEATHER SERVICE WICHITA KS
157 AM CDT FRI NOV 1 2013

...................................

...THE CHANUTE KS CLIMATE SUMMARY FOR THE MONTH OF OCTOBER 2013...

CLIMATE NORMAL PERIOD 1981 TO 2010
CLIMATE RECORD PERIOD 1894 TO 2013

WEATHER         OBSERVED          NORMAL  DEPART  LAST YEAR`S
                 VALUE   DATE(S)  VALUE   FROM    VALUE  DATE(S)
                                          NORMAL
................................................................
TEMPERATURE (F)
RECORD
 HIGH              98   10/07/1963
 LOW               17   10/31/1993
HIGHEST            87   10/04                         83  10/23
LOWEST             29   10/27                         25  10/28
                        10/25
AVG. MAXIMUM     68.7              69.3    -0.6     67.6
AVG. MINIMUM     45.8              47.2    -1.4     45.0
MEAN             57.2              58.3    -1.1     56.3
DAYS MAX >= 90      0               0.1    -0.1        0
DAYS MAX <= 32      0               0.0     0.0        0
DAYS MIN <= 32      2               1.4     0.6        5
DAYS MIN <= 0       0               0.0     0.0        0

PRECIPITATION (INCHES)
RECORD
 MAXIMUM        12.02   1986
 MINIMUM           MM   MM
TOTALS           7.12              3.66    3.46     2.11
DAILY AVG.       0.23              0.12    0.11     0.07
DAYS >= .01        13               8.5     4.5        6
DAYS >= .10         9               5.5     3.5        3
DAYS >= .50         5               2.2     2.8        2
DAYS >= 1.00        3               1.2     1.8        1
GREATEST
 24 HR. TOTAL    2.66   10/30 TO 10/31

DEGREE_DAYS
HEATING TOTAL     271               241      30      304
 SINCE 7/1        287               288      -1      326
COOLING TOTAL      39                32       7       43
.................................................................

WIND (MPH)
AVERAGE WIND SPEED              9.0
HIGHEST WIND SPEED/DIRECTION    29/180    DATE  10/30
HIGHEST GUST SPEED/DIRECTION    49/080    DATE  10/15

SKY COVER
POSSIBLE SUNSHINE (PERCENT)   MM
AVERAGE SKY COVER           0.30
NUMBER OF DAYS FAIR           20
NUMBER OF DAYS PC             10
NUMBER OF DAYS CLOUDY          1

AVERAGE RH (PERCENT)     68

WEATHER CONDITIONS. NUMBER OF DAYS WITH
THUNDERSTORM              0     MIXED PRECIP               0
HEAVY RAIN                6     RAIN                       7
LIGHT RAIN               11     FREEZING RAIN              0
LT FREEZING RAIN          0     HAIL                       0
HEAVY SNOW                0     SNOW                       0
LIGHT SNOW                3     SLEET                      0
FOG                      14     FOG W/VIS <= 1/4 MILE      4
HAZE                      3

-  INDICATES NEGATIVE NUMBERS.
R  INDICATES RECORD WAS SET OR TIED.
MM INDICATES DATA IS MISSING.
T  INDICATES TRACE AMOUNT.

$$
