000
CXUS53 KICT 011839
CLMCNU


CLIMATE REPORT
NATIONAL WEATHER SERVICE WICHITA KS
1236 PM CST SUN MAR 1 2015

...................................

...THE CHANUTE KS CLIMATE SUMMARY FOR THE MONTH OF FEBRUARY 2015...

CLIMATE NORMAL PERIOD 1981 TO 2010
CLIMATE RECORD PERIOD 1894 TO 2015

WEATHER         OBSERVED          NORMAL  DEPART  LAST YEAR`S
                 VALUE   DATE(S)  VALUE   FROM    VALUE  DATE(S)
                                          NORMAL
................................................................
TEMPERATURE (F)
RECORD
 HIGH              83   02/12/1962
 LOW              -16   02/10/2011
                        02/03/2011
HIGHEST            73   02/08                         70  02/18
LOWEST              7   02/27                          0  02/12
                                                          02/11
AVG. MAXIMUM     41.6              47.9    -6.3     41.0
AVG. MINIMUM     19.6              26.9    -7.3     18.5
MEAN             30.6              37.4    -6.8     29.8
DAYS MAX >= 90      0               0.0     0.0        0
DAYS MAX <= 32     10               3.1     6.9       10
DAYS MIN <= 32     26              19.8     6.2       25
DAYS MIN <= 0       0               0.5    -0.5        2

PRECIPITATION (INCHES)
RECORD
 MAXIMUM         8.26   1911
 MINIMUM           MM   MM
TOTALS           0.68              1.90   -1.22     0.86
DAILY AVG.       0.02              0.07   -0.05     0.03
DAYS >= .01         7               6.3     0.7        4
DAYS >= .10         2               3.9    -1.9        3
DAYS >= .50         0               1.0    -1.0        0
DAYS >= 1.00        0               0.6    -0.6        0
GREATEST
 24 HR. TOTAL    0.61   01/31 TO 02/01

DEGREE_DAYS
HEATING TOTAL     956               773     183      981
 SINCE 7/1       3690              3572     118     4020
COOLING TOTAL       0                 0       0        0
.................................................................

WIND (MPH)
AVERAGE WIND SPEED              10.1
HIGHEST WIND SPEED/DIRECTION    39/300    DATE  02/17
HIGHEST GUST SPEED/DIRECTION    49/310    DATE  02/17

SKY COVER
POSSIBLE SUNSHINE (PERCENT)   MM
AVERAGE SKY COVER           0.40
NUMBER OF DAYS FAIR           16
NUMBER OF DAYS PC              8
NUMBER OF DAYS CLOUDY          4

AVERAGE RH (PERCENT)     65

WEATHER CONDITIONS. NUMBER OF DAYS WITH
THUNDERSTORM              0     MIXED PRECIP               0
HEAVY RAIN                0     RAIN                       1
LIGHT RAIN                2     FREEZING RAIN              0
LT FREEZING RAIN          0     HAIL                       0
HEAVY SNOW                1     SNOW                       3
LIGHT SNOW               10     SLEET                      0
FOG                      10     FOG W/VIS <= 1/4 MILE      2
HAZE                      4

-  INDICATES NEGATIVE NUMBERS.
R  INDICATES RECORD WAS SET OR TIED.
MM INDICATES DATA IS MISSING.
T  INDICATES TRACE AMOUNT.

$$
