000
CXUS55 KGJT 011204
CLMCNY


CLIMATE REPORT
NATIONAL WEATHER SERVICE GRAND JUNCTION CO
448 AM MST SAT FEB 1 2014

...................................

...THE CANYONLANDS AIRPORT UT CLIMATE SUMMARY FOR THE MONTH OF JANUARY 2014...

CLIMATE NORMAL PERIOD 1981 TO 2010
CLIMATE RECORD PERIOD 9999 TO 9999

WEATHER         OBSERVED          NORMAL  DEPART  LAST YEAR`S
                 VALUE   DATE(S)  VALUE   FROM    VALUE  DATE(S)
                                          NORMAL
................................................................
TEMPERATURE (F)
HIGHEST            44   01/27        MM      MM       43  01/27
                        01/14
LOWEST                  01/05        MM      MM      -20  01/14
AVG. MAXIMUM     36.1              38.2    -2.1     20.1
AVG. MINIMUM     14.5              15.8    -1.3     -2.9
MEAN             25.3              27.0    -1.7      8.6
DAYS MAX >= 90      0               0.0     0.0        0
DAYS MAX <= 32      8               7.5     0.5       25
DAYS MIN <= 32     31              29.7     1.3       31
DAYS MIN <= 0       2               1.5     0.5       22

PRECIPITATION (INCHES)
TOTALS           0.27              0.64   -0.37     0.44
DAILY AVG.       0.01              0.02   -0.01     0.01
DAYS >= .01         2                MM      MM        4
DAYS >= .10         1                MM      MM        1
DAYS >= .50         0                MM      MM        0
DAYS >= 1.00        0                MM      MM        0
GREATEST
 24 HR. TOTAL    0.25   01/30 TO 01/31              0.39

SNOWFALL (INCHES)
TOTALS             MM                MM      MM       MM
SINCE 7/1          MM                MM      MM       MM
SNOWDEPTH AVG.     MM                MM      MM       MM
DAYS >= 1.0        MM                MM      MM       MM
GREATEST
 SNOW DEPTH        MM                                 MM  MM
 24 HR TOTAL       MM                                 MM

DEGREE_DAYS
HEATING TOTAL    1224              1178      46     1741
 SINCE 7/1       4043              3575     468     4006
COOLING TOTAL       0                 0       0        0
 SINCE 1/1          0                 0       0        0
.................................................................

WIND (MPH)
AVERAGE WIND SPEED              3.9
HIGHEST WIND SPEED/DIRECTION    28/300    DATE  01/04
HIGHEST GUST SPEED/DIRECTION    35/290    DATE  01/12

SKY COVER
POSSIBLE SUNSHINE (PERCENT)   MM
AVERAGE SKY COVER           0.10
NUMBER OF DAYS FAIR           27
NUMBER OF DAYS PC              2
NUMBER OF DAYS CLOUDY          2

AVERAGE RH (PERCENT)     74

WEATHER CONDITIONS. NUMBER OF DAYS WITH
THUNDERSTORM              0     MIXED PRECIP               0
HEAVY RAIN                0     RAIN                       0
LIGHT RAIN                1     FREEZING RAIN              0
LT FREEZING RAIN          0     HAIL                       0
HEAVY SNOW                0     SNOW                       0
LIGHT SNOW                3     SLEET                      0
FOG                       5     FOG W/VIS <= 1/4 MILE      1
HAZE                      2

-  INDICATES NEGATIVE NUMBERS.
R  INDICATES RECORD WAS SET OR TIED.
MM INDICATES DATA IS MISSING.
T  INDICATES TRACE AMOUNT.

$$
