000
CXUS55 KGJT 011947 CCA
CLMCNY

CLIMATE REPORT... CORRECTED PRECIP
NATIONAL WEATHER SERVICE GRAND JUNCTION CO
458 AM MST TUE MAR 1 2016

...................................

...THE CANYONLANDS AIRPORT UT CLIMATE SUMMARY FOR THE MONTH OF FEBRUARY 2016...

CLIMATE NORMAL PERIOD 1981 TO 2010
CLIMATE RECORD PERIOD 9999 TO 9999

WEATHER         OBSERVED          NORMAL  DEPART  LAST YEAR`S
                 VALUE   DATE(S)  VALUE   FROM    VALUE  DATE(S)
                                          NORMAL
................................................................
TEMPERATURE (F)
HIGHEST            68   02/18        MM      MM       69  02/09
LOWEST             -4   02/04        MM      MM       17  02/17
AVG. MAXIMUM     47.1              46.6     0.5     55.0
AVG. MINIMUM     20.8              23.8    -3.0     26.2
MEAN             33.9              35.2    -1.3     40.6
DAYS MAX >= 90      0               0.0     0.0        0
DAYS MAX <= 32      5               2.2     2.8        0
DAYS MIN <= 32     27              23.4     3.6       28
DAYS MIN <= 0       3               0.0     3.0        0

PRECIPITATION (INCHES)
TOTALS           0.64              0.52    0.12        T
DAILY AVG.          M                MM      MM        T
DAYS >= .01         2                MM      MM        0
DAYS >= .10         2                MM      MM        0
DAYS >= .50         0                MM      MM        0
DAYS >= 1.00        0                MM      MM        0
GREATEST
 24 HR. TOTAL    0.24   02/01 TO 02/01                 T

SNOWFALL (INCHES)
TOTALS             MM                MM      MM       MM
SINCE 7/1          MM                MM      MM       MM
SNOWDEPTH AVG.     MM                MM      MM       MM
DAYS >= 1.0        MM                MM      MM       MM
GREATEST
 SNOW DEPTH        MM                                 MM  MM
 24 HR TOTAL       MM                                 MM

DEGREE_DAYS
HEATING TOTAL     893               834      59      675
 SINCE 7/1       4175              4434    -259     3717
COOLING TOTAL       0                 0       0        0
 SINCE 1/1          0                 0       0        0
.................................................................

WIND (MPH)
AVERAGE WIND SPEED              4.1
HIGHEST WIND SPEED/DIRECTION    49/250    DATE  02/18
HIGHEST GUST SPEED/DIRECTION    61/240    DATE  02/18

SKY COVER
POSSIBLE SUNSHINE (PERCENT)   MM
AVERAGE SKY COVER           0.20
NUMBER OF DAYS FAIR           22
NUMBER OF DAYS PC              5
NUMBER OF DAYS CLOUDY          2

AVERAGE RH (PERCENT)     66

WEATHER CONDITIONS. NUMBER OF DAYS WITH
THUNDERSTORM              0     MIXED PRECIP               0
HEAVY RAIN                0     RAIN                       0
LIGHT RAIN                1     FREEZING RAIN              0
LT FREEZING RAIN          0     HAIL                       0
HEAVY SNOW                0     SNOW                       2
LIGHT SNOW                2     SLEET                      0
FOG                       8     FOG W/VIS <= 1/4 MILE      4
HAZE                      0

-  INDICATES NEGATIVE NUMBERS.
R  INDICATES RECORD WAS SET OR TIED.
MM INDICATES DATA IS MISSING.
T  INDICATES TRACE AMOUNT.

$$
