000
CXUS54 KFWD 010730
CF6CPT
PRELIMINARY LOCAL CLIMATOLOGICAL DATA (WS FORM: F-6)
STATION: CLEBURNE
MONTH: APRIL
YEAR: 2023
LATITUDE: 32 20 N
LONGITUDE: 97 24 W
TEMPERATURE IN F: :PCPN: SNOW: WIND :SUNSHINE: SKY :PK WND
================================================================================
1 2 3 4 5 6A 6B 7 8 9 10 11 12 13 14 15 16 17 18
12Z AVG MX 2MIN
DY MAX MIN AVG DEP HDD CDD WTR SNW DPTH SPD SPD DIR MIN PSBL S-S WX SPD DR
================================================================================
1 73 50 62 1 3 0 0.00 M M 7.9 18 30 M M 1 22 30
2 77 57 67 6 0 2 0.00 M M 11.4 22 170 M M 5 28 170
3 91 64 78 17 0 13 0.00 M M 12.4 21 180 M M 3 12 30 160
4 81 70 76 14 0 11 0.00 M M 16.0 22 170 M M 6 1 29 170
5 75 46 61 -1 4 0 0.03 M M 14.0 21 340 M M 4 1 32 320
6 57 48 53 -9 12 0 0.00 M M 12.4 18 30 M M 4 25 30
7 59 52 56 -6 9 0 0.00 M M 11.0 16 30 M M 9 28 50
8 70 52 61 -2 4 0 0.00 M M 6.0 10 70 M M 8 1 15 99
9 72 50 61 -2 4 0 0.00 M M 4.3 10 110 M M 6 1 13 90
10 73 55 64 1 1 0 0.00 M M 5.0 12 110 M M 5 17 0
11 75 50 63 -1 2 0 0.00 M M 5.8 14 70 M M 1 1 18 130
12 77 50 64 0 1 0 0.00 M M 6.2 16 140 M M 1 18 140
13 77 52 65 1 0 0 0.00 M M 8.9 13 150 M M 0 20 150
14 77 57 67 3 0 2 0.00 M M 13.8 20 170 M M 5 26 180
15 79 59 69 4 0 4 0.00 M M 13.8 21 10 M M 2 1 29 320
16 72 43 58 -7 7 0 0.00 M M 8.1 14 340 M M 0 23 330
17 79 46 63 -2 2 0 0.00 M M 8.8 16 150 M M 0 28 165
18 73 55 64 -2 1 0 0.00 M M 13.8 21 170 M M 5 29 170
19 82 66 74 8 0 9 0.00 M M 17.7 23 170 M M 8 35 160
20 82 63 73 7 0 8 0.16 M M 13.1 20 180 M M 7 8 29 160
21 75 54 65 -1 0 0 0.00 M M 10.3 21 20 M M 1 1 28 30
22 75 50 63 -3 2 0 0.11 M M 10.6 21 30 M M 4 8 30 30
23 54 46 50 -17 15 0 0.42 M M 12.3 21 30 M M 8 1 29 40
24 68 46 57 -10 8 0 0.00 M M 8.8 17 160 M M 7 24 160
25 72 57 65 -2 0 0 0.00 M M 9.9 14 130 M M 9 8 21 110
26 64 57 61 -7 4 0 0.13 M M 11.3 20 60 M M 10 13 28 80
27 70 54 62 -6 3 0 0.00 M M 9.4 20 310 M M 6 1 25 310
28 70 52 61 -7 4 0 0.18 M M 11.0 23 340 M M 6 1 31 340
29 70 48 59 -9 6 0 0.00 M M 14.9 25 330 M M 2 36 330
30 86 54 70 1 0 5 0.00 M M 8.8 18 50 M M 0 28 40
================================================================================
SM 2205 1603 92 54 1.03 M 317.6 M 133
================================================================================
AV 73.5 53.4 10.6 FASTST M M 4 MAX(MPH)
MISC ----> 25 330 36 330
================================================================================
NOTES:
# LAST OF SEVERAL OCCURRENCES
COLUMN 17 PEAK WIND IN M.P.H.
PRELIMINARY LOCAL CLIMATOLOGICAL DATA (WS FORM: F-6) , PAGE 2
STATION: CLEBURNE
MONTH: APRIL
YEAR: 2023
LATITUDE: 32 20 N
LONGITUDE: 97 24 W
[TEMPERATURE DATA] [PRECIPITATION DATA] SYMBOLS USED IN COLUMN 16
AVERAGE MONTHLY: 63.5 TOTAL FOR MONTH: 1.03 1 = FOG OR MIST
DPTR FM NORMAL: -1.3 DPTR FM NORMAL: -1.88 2 = FOG REDUCING VISIBILITY
HIGHEST: 91 ON 3 GRTST 24HR 0.42 ON 23-23 TO 1/4 MILE OR LESS
LOWEST: 43 ON 16 3 = THUNDER
SNOW, ICE PELLETS, HAIL 4 = ICE PELLETS
TOTAL MONTH: M 5 = HAIL
GRTST 24HR M ON M 6 = FREEZING RAIN OR DRIZZLE
GRTST DEPTH: M ON M 7 = DUSTSTORM OR SANDSTORM:
VSBY 1/2 MILE OR LESS
8 = SMOKE OR HAZE
[NO. OF DAYS WITH] [WEATHER - DAYS WITH] 9 = BLOWING SNOW
X = TORNADO
MAX 32 OR BELOW: 0 0.01 INCH OR MORE: 6
MAX 90 OR ABOVE: 1 0.10 INCH OR MORE: 5
MIN 32 OR BELOW: 0 0.50 INCH OR MORE: 0
MIN 0 OR BELOW: 0 1.00 INCH OR MORE: 0
[HDD (BASE 65) ]
TOTAL THIS MO. 92 CLEAR (SCALE 0-3) 11
DPTR FM NORMAL -3 PTCLDY (SCALE 4-7) 16
TOTAL FM JUL 1 1614 CLOUDY (SCALE 8-10) 3
DPTR FM NORMAL -825
[CDD (BASE 65) ]
TOTAL THIS MO. 54
DPTR FM NORMAL -34 [PRESSURE DATA]
TOTAL FM JAN 1 95 HIGHEST SLP M ON M
DPTR FM NORMAL -16 LOWEST SLP M ON M
[REMARKS]
#FINAL-04-23#