000
CXUS54 KFWD 072147
CF6CPT
PRELIMINARY LOCAL CLIMATOLOGICAL DATA (WS FORM: F-6)
STATION: CLEBURNE
MONTH: JUNE
YEAR: 2022
LATITUDE: 32 20 N
LONGITUDE: 97 24 W
TEMPERATURE IN F: :PCPN: SNOW: WIND :SUNSHINE: SKY :PK WND
================================================================================
1 2 3 4 5 6A 6B 7 8 9 10 11 12 13 14 15 16 17 18
12Z AVG MX 2MIN
DY MAX MIN AVG DEP HDD CDD WTR SNW DPTH SPD SPD DIR MIN PSBL S-S WX SPD DR
================================================================================
1 91 73 82 5 0 17 0.00 M M 9.5 14 130 M M 4 24 150
2 84 64 74 -3 0 9 0.08 M M 10.7 29 360 M M 2 41 360
3 82 68 75 -2 0 10 0.01 M M 7.4 16 340 M M 4 24 210
4 88 66 77 -1 0 12 0.00 M M 6.9 14 120 M M 2 1 17 120
5 95 72 84 6 0 19 0.00 M M 14.6 22 160 M M 0 30 170
6 99 75 87 9 0 22 0.00 M M 16.5 21 170 M M 0 29 170
7 97 75 86 8 0 21 0.00 M M 14.0 17 170 M M 1 30 160
8 91 75 83 4 0 18 0.00 M M 14.2 22 30 M M 1 31 190
9 97 73 85 6 0 20 0.00 M M 9.0 15 110 M M 3 1 18 100
10 102 75 89 10 0 24 0.00 M M 8.0 14 130 M M 0 22 180
11 106 77 92 13 0 27 0.00 M M 10.7 15 160 M M 0 23 180
12 106 79 93 13 0 28 0.00 M M 13.0 18 170 M M 0 25 170
13 100 77 89 9 0 24 0.00 M M 16.0 21 160 M M 0 1 31 150
14 99 77 88 8 0 23 0.00 M M 19.3 29 160 M M 1 8 39 160
15 99 79 89 9 0 24 0.00 M M 16.2 22 170 M M 2 33 170
16 100 79 90 10 0 25 0.00 M M 11.6 16 M M M 0 8 23 170
17 100 M M M M M 0.00 M M 9.0 15 130 M M 0 8 23 130
18 99 77 88 7 0 23 0.00 M M 9.0 14 140 M M 1 24 120
19 99 77 88 7 0 23 0.00 M M 9.4 16 130 M M 0 23 120
20 102 75 89 8 0 24 0.00 M M 9.8 14 140 M M 0 25 150
21 100 81 91 10 0 26 0.00 M M 10.4 17 130 M M 0 22 110
22 100 77 89 8 0 24 0.00 M M 7.2 14 140 M M 0 17 150
23 102 77 90 8 0 25 0.00 M M 6.8 15 130 M M 1 18 240
24 104 77 91 9 0 26 0.00 M M 9.9 16 130 M M 0 23 150
25 102 77 90 8 0 25 0.00 M M 9.1 14 170 M M 0 21 170
26 102 75 89 7 0 24 0.00 M M 7.8 17 20 M M 2 28 50
27 95 73 84 2 0 19 0.00 M M 11.9 15 60 M M 1 24 30
28 91 73 82 0 0 17 0.00 M M 9.4 14 60 M M 3 20 60
29 95 73 84 2 0 19 0.00 M M 7.1 10 80 M M 0 16 60
30 100 72 86 4 0 21 0.00 M M 8.1 14 130 M M 1 23 130
================================================================================
SM 2927 2168 0 619 0.09 M 322.6 M 29
================================================================================
AV 97.6 74.8 10.8 FASTST M M 1 MAX(MPH)
MISC ----> # 29 360 41 360
================================================================================
NOTES:
# LAST OF SEVERAL OCCURRENCES
COLUMN 17 PEAK WIND IN M.P.H.
PRELIMINARY LOCAL CLIMATOLOGICAL DATA (WS FORM: F-6) , PAGE 2
STATION: CLEBURNE
MONTH: JUNE
YEAR: 2022
LATITUDE: 32 20 N
LONGITUDE: 97 24 W
[TEMPERATURE DATA] [PRECIPITATION DATA] SYMBOLS USED IN COLUMN 16
AVERAGE MONTHLY: 86.2 TOTAL FOR MONTH: 0.09 1 = FOG OR MIST
DPTR FM NORMAL: 6.2 DPTR FM NORMAL: -4.18 2 = FOG REDUCING VISIBILITY
HIGHEST: 106 ON 12,11 GRTST 24HR 0.08 ON 2- 2 TO 1/4 MILE OR LESS
LOWEST: 64 ON 2 3 = THUNDER
SNOW, ICE PELLETS, HAIL 4 = ICE PELLETS
TOTAL MONTH: M 5 = HAIL
GRTST 24HR M ON M 6 = FREEZING RAIN OR DRIZZLE
GRTST DEPTH: M ON M 7 = DUSTSTORM OR SANDSTORM:
VSBY 1/2 MILE OR LESS
8 = SMOKE OR HAZE
[NO. OF DAYS WITH] [WEATHER - DAYS WITH] 9 = BLOWING SNOW
X = TORNADO
MAX 32 OR BELOW: 0 0.01 INCH OR MORE: 2
MAX 90 OR ABOVE: 27 0.10 INCH OR MORE: 0
MIN 32 OR BELOW: 0 0.50 INCH OR MORE: 0
MIN 0 OR BELOW: 0 1.00 INCH OR MORE: 0
[HDD (BASE 65) ]
TOTAL THIS MO. 0 CLEAR (SCALE 0-3) 27
DPTR FM NORMAL 0 PTCLDY (SCALE 4-7) 3
TOTAL FM JUL 1 1906 CLOUDY (SCALE 8-10) 0
DPTR FM NORMAL -544
[CDD (BASE 65) ]
TOTAL THIS MO. 619
DPTR FM NORMAL 169 [PRESSURE DATA]
TOTAL FM JAN 1 1163 HIGHEST SLP M ON M
DPTR FM NORMAL 351 LOWEST SLP M ON M
[REMARKS]
#FINAL-06-22#