000
CXUS54 KFWD 010730
CF6CPT
PRELIMINARY LOCAL CLIMATOLOGICAL DATA (WS FORM: F-6)
STATION: CLEBURNE
MONTH: OCTOBER
YEAR: 2021
LATITUDE: 32 20 N
LONGITUDE: 97 24 W
TEMPERATURE IN F: :PCPN: SNOW: WIND :SUNSHINE: SKY :PK WND
================================================================================
1 2 3 4 5 6A 6B 7 8 9 10 11 12 13 14 15 16 17 18
12Z AVG MX 2MIN
DY MAX MIN AVG DEP HDD CDD WTR SNW DPTH SPD SPD DIR MIN PSBL S-S WX SPD DR
================================================================================
1 75 66 71 0 0 6 0.00 M M 5.7 14 80 M M 5 1 M M
2 82 68 75 4 0 10 0.00 M 0 4.0 8 250 M M 6 1 14 99
3 86 61 74 3 0 9 0.00 M M 5.6 13 10 M M 1 8 18 360
4 88 61 75 5 0 10 0.00 M M 7.3 15 350 M M 0 8 22 350
5 86 57 72 2 0 7 0.00 M M 5.8 12 10 M M 0 16 40
6 86 57 72 2 0 7 0.00 M M 3.1 8 220 M M 0 14 220
7 90 61 76 7 0 11 0.00 M M 7.7 17 190 M M 0 20 170
8 90 64 77 8 0 12 0.00 M M 10.4 17 190 M M 0 25 210
9 90 64 77 8 0 12 0.00 M M 11.0 17 170 M M 0 22 170
10 90 70 80 12 0 15 0.00 M M 18.1 25 160 M M 4 36 170
11 M M M M M M M M M M M M M M M M M
12 M M M M M M 0.00 M M M M M M M 0 M M
13 M M M M M M M M M M M M M M 0 M M
14 82 70 76 9 0 11 0.00 M M 6.9 12 180 M M 1 16 180
15 73 52 63 -4 2 0 0.00 M M 12.3 23 350 M M 4 1 31 340
16 72 48 60 -6 5 0 0.00 M M 8.9 15 30 M M 0 8 22 30
17 70 46 58 -8 7 0 0.00 M M 5.0 8 120 M M 0 8 12 120
18 73 46 60 -6 5 0 0.00 M M 7.3 16 180 M M 0 24 M
19 79 57 68 2 0 3 0.00 M M 12.0 20 170 M M 0 25 160
20 82 64 73 8 0 8 0.00 M M 8.2 15 190 M M 5 23 190
21 82 63 73 8 0 8 0.00 M M 6.2 15 40 M M 2 18 30
22 84 57 71 6 0 6 0.00 M M 5.9 10 180 M M 0 17 160
23 86 64 75 11 0 10 0.00 M M 11.6 17 160 M M 3 1 26 160
24 84 68 76 12 0 11 0.00 M M 11.8 18 170 M M 4 24 170
25 88 64 76 12 0 11 0.00 M M 7.5 12 160 M M 0 15 90
26 84 70 77 14 0 12 0.00 M M 15.8 24 150 M M 6 1 36 160
27 77 57 67 4 0 2 M M M 13.8 27 280 M M 3 1 37 280
28 72 57 65 2 0 0 0.00 M M 19.4 37 320 M M 0 50 320
29 72 50 61 -1 4 0 0.00 M M 17.2 29 330 M M 0 37 330
30 77 43 60 -2 5 0 0.00 M M 6.8 10 300 M M 0 M M
31 81 52 67 5 0 2 0.00 M M 8.1 13 150 M M 0 17 170
================================================================================
SM 2281 1657 28 183 0.00 M 263.3 M 44
================================================================================
AV 81.5 59.2 9.4 FASTST M M 1 MAX(MPH)
MISC ----> 37 320 50 320
================================================================================
NOTES:
# LAST OF SEVERAL OCCURRENCES
COLUMN 17 PEAK WIND IN M.P.H.
PRELIMINARY LOCAL CLIMATOLOGICAL DATA (WS FORM: F-6) , PAGE 2
STATION: CLEBURNE
MONTH: OCTOBER
YEAR: 2021
LATITUDE: 32 20 N
LONGITUDE: 97 24 W
[TEMPERATURE DATA] [PRECIPITATION DATA] SYMBOLS USED IN COLUMN 16
AVERAGE MONTHLY: 70.3 TOTAL FOR MONTH: 0.00 1 = FOG OR MIST
DPTR FM NORMAL: 3.8 DPTR FM NORMAL: -3.89 2 = FOG REDUCING VISIBILITY
HIGHEST: 90 ON 10, 9 GRTST 24HR 0.00 ON 1- 1 TO 1/4 MILE OR LESS
LOWEST: 43 ON 30 3 = THUNDER
SNOW, ICE PELLETS, HAIL 4 = ICE PELLETS
TOTAL MONTH: M 5 = HAIL
GRTST 24HR M ON M 6 = FREEZING RAIN OR DRIZZLE
GRTST DEPTH: 0 7 = DUSTSTORM OR SANDSTORM:
VSBY 1/2 MILE OR LESS
8 = SMOKE OR HAZE
[NO. OF DAYS WITH] [WEATHER - DAYS WITH] 9 = BLOWING SNOW
X = TORNADO
MAX 32 OR BELOW: 0 0.01 INCH OR MORE: 0
MAX 90 OR ABOVE: 4 0.10 INCH OR MORE: 0
MIN 32 OR BELOW: 0 0.50 INCH OR MORE: 0
MIN 0 OR BELOW: 0 1.00 INCH OR MORE: 0
[HDD (BASE 65) ]
TOTAL THIS MO. 28 CLEAR (SCALE 0-3) 23
DPTR FM NORMAL -50 PTCLDY (SCALE 4-7) 7
TOTAL FM JUL 1 28 CLOUDY (SCALE 8-10) 1
DPTR FM NORMAL -58
[CDD (BASE 65) ]
TOTAL THIS MO. 183
DPTR FM NORMAL 57 [PRESSURE DATA]
TOTAL FM JAN 1 2521 HIGHEST SLP M ON M
DPTR FM NORMAL 48 LOWEST SLP M ON M
[REMARKS]
#FINAL-10-21#