000
CXUS54 KFWD 010730
CF6CPT
PRELIMINARY LOCAL CLIMATOLOGICAL DATA (WS FORM: F-6)
STATION: CLEBURNE
MONTH: APRIL
YEAR: 2021
LATITUDE: 32 20 N
LONGITUDE: 97 24 W
TEMPERATURE IN F: :PCPN: SNOW: WIND :SUNSHINE: SKY :PK WND
================================================================================
1 2 3 4 5 6A 6B 7 8 9 10 11 12 13 14 15 16 17 18
12Z AVG MX 2MIN
DY MAX MIN AVG DEP HDD CDD WTR SNW DPTH SPD SPD DIR MIN PSBL S-S WX SPD DR
================================================================================
1 68 37 53 -8 12 0 0.00 M M 5.4 9 110 M M 0 14 120
2 70 43 57 -4 8 0 0.00 M M 9.6 17 160 M M 3 8 25 140
3 66 54 60 -1 5 0 0.00 M M 11.6 16 180 M M 9 23 150
4 73 57 65 3 0 0 0.00 M M 9.5 13 160 M M 8 21 190
5 77 54 66 4 0 1 0.00 M M 11.8 20 180 M M 3 1 24 180
6 82 63 73 11 0 8 0.00 M M 18.8 25 160 M M 6 36 170
7 79 55 67 5 0 2 0.00 M M 13.7 23 310 M M 4 33 170
8 82 48 65 2 0 0 0.00 M M 7.8 15 160 M M 1 22 160
9 88 61 75 12 0 10 0.07 M M 13.8 26 340 M M 2 1 37 340
10 72 48 60 -3 5 0 0.00 M M 11.4 20 M M M 2 28 20
11 84 46 65 1 0 0 0.00 M M 9.5 17 170 M M 0 25 170
12 84 61 73 9 0 8 0.00 0.0 M 8.9 13 170 M M 2 8 20 360
13 77 54 66 2 0 1 0.02 M M 11.5 22 20 M M 9 26 20
14 75 57 66 2 0 1 0.00 M M 12.6 17 20 M M 8 23 20
15 63 55 59 -6 6 0 1.81 M M 12.2 23 150 M M 9 13 29 150
16 63 52 58 -7 7 0 0.76 M M 11.1 21 140 M M 9 13 28 140
17 59 46 53 -12 12 0 0.00 M M 15.2 21 340 M M 4 29 360
18 68 41 55 -11 10 0 0.00 M M 8.8 20 360 M M 0 22 360
19 73 43 58 -8 7 0 0.00 M M 4.5 13 160 M M 0 13 99
20 63 43 53 -13 12 0 0.00 M M 13.5 23 350 M M 0 28 350
21 59 34 47 -19 18 0 0.00 M M 5.5 9 60 M M 6 15 80
22 63 50 57 -9 8 0 M M M 9.5 15 130 M M 9 22 140
23 70 59 65 -2 0 0 0.64 M M 11.3 17 140 M M 8 123 24 140
24 73 54 64 -3 1 0 M M M 10.7 16 330 M M 3 12 25 330
25 82 50 66 -1 0 1 0.00 M M 9.7 15 170 M M 0 1 23 140
26 82 64 73 5 0 8 0.00 M M 16.8 23 180 M M 2 33 180
27 75 68 72 4 0 7 M M M 16.5 23 160 M M 9 30 160
28 81 72 77 9 0 12 0.00 M M 11.9 24 180 M M 8 3 31 180
29 73 64 69 1 0 4 1.04 M M 12.8 21 10 M M 9 13 26 10
30 66 59 63 -6 2 0 0.81 M M 12.5 22 20 M M 9 1 28 10
================================================================================
SM 2190 1592 113 63 5.15 0.0 338.3 M 142
================================================================================
AV 73.0 53.1 11.3 FASTST M M 5 MAX(MPH)
MISC ----> 26 340 37 340
================================================================================
NOTES:
# LAST OF SEVERAL OCCURRENCES
COLUMN 17 PEAK WIND IN M.P.H.
PRELIMINARY LOCAL CLIMATOLOGICAL DATA (WS FORM: F-6) , PAGE 2
STATION: CLEBURNE
MONTH: APRIL
YEAR: 2021
LATITUDE: 32 20 N
LONGITUDE: 97 24 W
[TEMPERATURE DATA] [PRECIPITATION DATA] SYMBOLS USED IN COLUMN 16
AVERAGE MONTHLY: 63.0 TOTAL FOR MONTH: 5.15 1 = FOG OR MIST
DPTR FM NORMAL: -1.8 DPTR FM NORMAL: 2.24 2 = FOG REDUCING VISIBILITY
HIGHEST: 88 ON 9 GRTST 24HR 1.81 ON 15-15 TO 1/4 MILE OR LESS
LOWEST: 34 ON 21 3 = THUNDER
SNOW, ICE PELLETS, HAIL 4 = ICE PELLETS
TOTAL MONTH: 0.0 INCH 5 = HAIL
GRTST 24HR 0.0 6 = FREEZING RAIN OR DRIZZLE
GRTST DEPTH: M ON M 7 = DUSTSTORM OR SANDSTORM:
VSBY 1/2 MILE OR LESS
8 = SMOKE OR HAZE
[NO. OF DAYS WITH] [WEATHER - DAYS WITH] 9 = BLOWING SNOW
X = TORNADO
MAX 32 OR BELOW: 0 0.01 INCH OR MORE: 7
MAX 90 OR ABOVE: 0 0.10 INCH OR MORE: 5
MIN 32 OR BELOW: 0 0.50 INCH OR MORE: 5
MIN 0 OR BELOW: 0 1.00 INCH OR MORE: 2
[HDD (BASE 65) ]
TOTAL THIS MO. 113 CLEAR (SCALE 0-3) 13
DPTR FM NORMAL 18 PTCLDY (SCALE 4-7) 6
TOTAL FM JUL 1 2277 CLOUDY (SCALE 8-10) 11
DPTR FM NORMAL -162
[CDD (BASE 65) ]
TOTAL THIS MO. 63
DPTR FM NORMAL -25 [PRESSURE DATA]
TOTAL FM JAN 1 98 HIGHEST SLP M ON M
DPTR FM NORMAL -13 LOWEST SLP M ON M
[REMARKS]
#FINAL-04-21#