000
CXUS56 KSGX 011045
CF6CRQ
PRELIMINARY LOCAL CLIMATOLOGICAL DATA (WS FORM: F-6)
STATION: CARLSBAD PALOMAR AIRPORT CA
MONTH: JUNE
YEAR: 2022
LATITUDE: 33 7 N
LONGITUDE: 117 17 W
TEMPERATURE IN F: :PCPN: SNOW: WIND :SUNSHINE: SKY :PK WND
================================================================================
1 2 3 4 5 6A 6B 7 8 9 10 11 12 13 14 15 16 17 18
12Z AVG MX 2MIN
DY MAX MIN AVG DEP HDD CDD WTR SNW DPTH SPD SPD DIR MIN PSBL S-S WX SPD DR
================================================================================
1 68 59 64 0 1 0 0.00 M M 5.9 13 230 M M 5 1 19 270
2 67 58 63 -1 2 0 0.00 M M 5.7 14 240 M M 8 1 19 240
3 68 59 64 0 1 0 0.00 M M 5.3 15 260 M M 6 8 18 250
4 66 60 63 -1 2 0 0.00 M M 6.0 13 250 M M 10 18 240
5 69 61 65 1 0 0 0.00 M M 6.2 13 240 M M 5 19 250
6 70 62 66 2 0 1 0.00 M M 6.6 13 230 M M 7 18 16 250
7 69 61 65 1 0 0 0.00 M M 5.4 13 240 M M 7 1 17 230
8 69 61 65 1 0 0 0.00 M M 4.2 13 250 M M 8 18 260
9 70 62 66 2 0 1 0.00 M M 4.3 12 250 M M 7 1 16 250
10 68 61 65 1 0 0 0.00 M M 3.3 12 240 M M 6 1 15 250
11 71 61 66 2 0 1 0.00 M M 3.7 12 250 M M 2 1 16 250
12 71 62 67 3 0 2 0.00 M M 6.0 15 260 M M 7 20 250
13 70 62 66 1 0 1 0.00 M M 7.2 15 210 M M 10 20 230
14 70 61 66 1 0 1 0.00 M M 6.2 12 250 M M 3 17 260
15 69 59 64 -1 1 0 0.00 M M 5.0 13 250 M M 7 1 18 250
16 69 61 65 0 0 0 0.00 M M 5.1 13 250 M M 8 18 230
17 70 62 66 1 0 1 0.00 M M 6.3 14 240 M M 6 19 260
18 68 60 64 -1 1 0 0.00 M M 6.0 15 240 M M 4 22 240
19 71 57 64 -2 1 0 0.00 M M 4.4 14 250 M M 0 19 250
20 77 60 69 3 0 4 0.00 M M 4.0 13 240 M M 0 17 260
21 73 61 67 1 0 2 0.00 M M 4.1 12 230 M M 3 12 16 260
22 76 65 71 5 0 6 0.01 M M 3.6 10 260 M M 2 13 16 260
23 76 64 70 4 0 5 0.00 M M 3.3 12 260 M M 0 1 15 260
24 75 62 69 3 0 4 0.00 M M 3.7 13 260 M M 0 1 16 280
25 73 61 67 1 0 2 0.00 M M 3.7 10 250 M M 4 128 17 250
26 72 58 65 -2 0 0 0.00 M M 4.0 12 240 M M 3 12 16 260
27 74 60 67 0 0 2 0.00 M M 3.5 10 250 M M 2 12 13 250
28 78 65 72 5 0 7 0.00 M M 4.1 12 250 M M 1 14 250
29 78 67 73 6 0 8 0.00 M M 4.6 12 240 M M 3 18 260
30 75 66 71 4 0 6 0.00 M M 5.0 12 240 M M 4 17 260
================================================================================
SM 2140 1838 9 54 0.01 M 146.4 M 138
================================================================================
AV 71.3 61.3 4.9 FASTST M M 5 MAX(MPH)
MISC ----> # 15 260 22 240
================================================================================
NOTES:
# LAST OF SEVERAL OCCURRENCES
COLUMN 17 PEAK WIND IN M.P.H.
PRELIMINARY LOCAL CLIMATOLOGICAL DATA (WS FORM: F-6) , PAGE 2
STATION: CARLSBAD PALOMAR AIRPORT CA
MONTH: JUNE
YEAR: 2022
LATITUDE: 33 7 N
LONGITUDE: 117 17 W
[TEMPERATURE DATA] [PRECIPITATION DATA] SYMBOLS USED IN COLUMN 16
AVERAGE MONTHLY: 66.3 TOTAL FOR MONTH: 0.01 1 = FOG OR MIST
DPTR FM NORMAL: 1.2 DPTR FM NORMAL: -0.05 2 = FOG REDUCING VISIBILITY
HIGHEST: 78 ON 29,28 GRTST 24HR 0.01 ON 22-22 TO 1/4 MILE OR LESS
LOWEST: 57 ON 19 3 = THUNDER
SNOW, ICE PELLETS, HAIL 4 = ICE PELLETS
TOTAL MONTH: M 5 = HAIL
GRTST 24HR M ON M 6 = FREEZING RAIN OR DRIZZLE
GRTST DEPTH: M ON M 7 = DUSTSTORM OR SANDSTORM:
VSBY 1/2 MILE OR LESS
8 = SMOKE OR HAZE
[NO. OF DAYS WITH] [WEATHER - DAYS WITH] 9 = BLOWING SNOW
X = TORNADO
MAX 32 OR BELOW: 0 0.01 INCH OR MORE: 1
MAX 90 OR ABOVE: 0 0.10 INCH OR MORE: 0
MIN 32 OR BELOW: 0 0.50 INCH OR MORE: 0
MIN 0 OR BELOW: 0 1.00 INCH OR MORE: 0
[HDD (BASE 65) ]
TOTAL THIS MO. 9 CLEAR (SCALE 0-3) 9
DPTR FM NORMAL -20 PTCLDY (SCALE 4-7) 18
TOTAL FM JUL 1 1444 CLOUDY (SCALE 8-10) 3
DPTR FM NORMAL -65
[CDD (BASE 65) ]
TOTAL THIS MO. 54
DPTR FM NORMAL 22 [PRESSURE DATA]
TOTAL FM JAN 1 116 HIGHEST SLP 30.02 ON 30
DPTR FM NORMAL 49 LOWEST SLP 29.76 ON 8
[REMARKS]
#FINAL-06-22#