000
CXUS52 KCAE 011400
CF6CUB
PRELIMINARY LOCAL CLIMATOLOGICAL DATA (WS FORM: F-6)
STATION: HAMILTON - OWENS AIRPORT SC
MONTH: MARCH
YEAR: 2023
LATITUDE: 33 58 N
LONGITUDE: 80 59 W
TEMPERATURE IN F: :PCPN: SNOW: WIND :SUNSHINE: SKY :PK WND
================================================================================
1 2 3 4 5 6A 6B 7 8 9 10 11 12 13 14 15 16 17 18
12Z AVG MX 2MIN
DY MAX MIN AVG DEP HDD CDD WTR SNW DPTH SPD SPD DIR MIN PSBL S-S WX SPD DR
================================================================================
1 82 49 66 13 0 1 0.00 M M 2.7 14 250 M M 0 20 240
2 73 62 68 14 0 3 T M M 5.7 15 240 M M 7 23 250
3 81 62 72 18 0 7 0.04 M M 7.8 28 220 M M 9 43 200
4 75 53 64 10 1 0 0.00 M M 4.7 13 270 M M 1 21 290
5 72 45 59 5 6 0 0.00 M M 1.6 9 160 M M 0 15 70
6 78 45 62 8 3 0 0.00 M M 1.8 9 260 M M 0 15 210
7 82 60 71 16 0 6 0.00 M M 5.9 16 310 M M 0 23 290
8 67 44 56 1 9 0 0.00 M M 3.1 13 40 M M 0 24 40
9 69 44 57 2 8 0 0.00 M M 2.2 9 180 M M 2 14 140
10 65 51 58 2 7 0 0.17 M M 5.5 15 280 M M 7 1 23 290
11 61 43 52 -4 13 0 0.00 M M 3.5 12 280 M M 0 8 16 270
12 52 42 47 -9 18 0 0.52 M M 2.9 9 70 M M 10 1 14 50
13 55 43 49 -7 16 0 0.00 M M 4.0 10 280 M M 9 1 15 310
14 55 34 45 -12 20 0 0.00 M M 7.4 18 270 M M 0 31 260
15 61 28 45 -12 20 0 0.00 M M 2.8 12 300 M M 0 19 300
16 70 31 51 -6 14 0 0.00 M M 4.1 14 190 M M 0 8 21 190
17 74 48 61 4 4 0 0.60 M M 7.1 21 200 M M 5 1 32 210
18 60 52 56 -2 9 0 0.03 M M 7.0 14 250 M M 5 1 21 240
19 55 41 48 -10 17 0 0.00 M M 5.0 14 270 M M 1 19 270
20 58 34 46 -12 19 0 0.00 M M 3.5 10 340 M M 0 17 350
21 64 30 47 -11 18 0 0.00 M M 1.3 13 160 M M 0 16 120
22 66 40 53 -6 12 0 0.06 M M 1.4 9 150 M M 8 18 13 150
23 82 56 69 10 0 4 0.00 M M 4.7 17 260 M M 5 12 26 250
24 86 55 71 12 0 6 0.00 M M 6.3 20 210 M M 0 28 220
25 78 61 70 10 0 5 0.09 M M 7.5 15 200 M M 2 1 22 160
26 71 63 67 7 0 2 1.41 M M 3.7 14 210 M M 7 13 19 200
27 69 62 66 6 0 1 1.14 M M 5.6 17 160 M M 6 13 22 200
28 76 57 67 7 0 2 0.00 M M 2.8 15 320 M M 3 1 22 10
29 66 47 57 -4 8 0 0.00 M M 3.4 14 70 M M 0 20 30
30 73 41 57 -4 8 0 0.00 M M 1.0 10 160 M M 0 14 170
31 79 47 63 2 2 0 0.00 M M 7.0 17 160 M M 0 24 170
================================================================================
SM 2155 1470 232 37 4.06 M 133.0 M 87
================================================================================
AV 69.5 47.4 4.3 FASTST M M 3 MAX(MPH)
MISC ----> 28 220 43 200
================================================================================
NOTES:
# LAST OF SEVERAL OCCURRENCES
COLUMN 17 PEAK WIND IN M.P.H.
PRELIMINARY LOCAL CLIMATOLOGICAL DATA (WS FORM: F-6) , PAGE 2
STATION: HAMILTON - OWENS AIRPORT SC
MONTH: MARCH
YEAR: 2023
LATITUDE: 33 58 N
LONGITUDE: 80 59 W
[TEMPERATURE DATA] [PRECIPITATION DATA] SYMBOLS USED IN COLUMN 16
AVERAGE MONTHLY: 58.5 TOTAL FOR MONTH: 4.06 1 = FOG OR MIST
DPTR FM NORMAL: 1.3 DPTR FM NORMAL: 0.58 2 = FOG REDUCING VISIBILITY
HIGHEST: 86 ON 24 GRTST 24HR 2.43 ON 26-27 TO 1/4 MILE OR LESS
LOWEST: 28 ON 15 3 = THUNDER
SNOW, ICE PELLETS, HAIL 4 = ICE PELLETS
TOTAL MONTH: M 5 = HAIL
GRTST 24HR M ON M 6 = FREEZING RAIN OR DRIZZLE
GRTST DEPTH: M ON M 7 = DUSTSTORM OR SANDSTORM:
VSBY 1/2 MILE OR LESS
8 = SMOKE OR HAZE
[NO. OF DAYS WITH] [WEATHER - DAYS WITH] 9 = BLOWING SNOW
X = TORNADO
MAX 32 OR BELOW: 0 0.01 INCH OR MORE: 9
MAX 90 OR ABOVE: 0 0.10 INCH OR MORE: 5
MIN 32 OR BELOW: 3 0.50 INCH OR MORE: 4
MIN 0 OR BELOW: 0 1.00 INCH OR MORE: 2
[HDD (BASE 65) ]
TOTAL THIS MO. 232 CLEAR (SCALE 0-3) 20
DPTR FM NORMAL -34 PTCLDY (SCALE 4-7) 8
TOTAL FM JUL 1 1750 CLOUDY (SCALE 8-10) 3
DPTR FM NORMAL -364
[CDD (BASE 65) ]
TOTAL THIS MO. 37
DPTR FM NORMAL 12 [PRESSURE DATA]
TOTAL FM JAN 1 56 HIGHEST SLP 30.48 ON 21
DPTR FM NORMAL 23 LOWEST SLP 29.49 ON 3
[REMARKS]
#FINAL-03-23#