000
CXUS52 KCAE 011400
CF6CUB
PRELIMINARY LOCAL CLIMATOLOGICAL DATA (WS FORM: F-6)
STATION: HAMILTON - OWENS AIRPORT SC
MONTH: JUNE
YEAR: 2022
LATITUDE: 33 58 N
LONGITUDE: 80 59 W
TEMPERATURE IN F: :PCPN: SNOW: WIND :SUNSHINE: SKY :PK WND
================================================================================
1 2 3 4 5 6A 6B 7 8 9 10 11 12 13 14 15 16 17 18
12Z AVG MX 2MIN
DY MAX MIN AVG DEP HDD CDD WTR SNW DPTH SPD SPD DIR MIN PSBL S-S WX SPD DR
================================================================================
1 95 71 83 6 0 18 0.00 M M 3.1 10 190 M M 1 14 270
2 98 76 87 10 0 22 0.00 M M 5.1 14 170 M M 2 20 260
3 94 73 84 6 0 19 0.02 M M 2.9 16 360 M M 2 8 31 30
4 88 70 79 1 0 14 0.00 M M 4.6 13 60 M M 3 24 70
5 90 67 79 1 0 14 0.00 M M 2.8 12 80 M M 0 19 20
6 90 67 79 1 0 14 0.00 M M 3.0 12 160 M M 2 17 170
7 91 67 79 1 0 14 0.00 M M 2.5 13 180 M M 1 16 60
8 93 73 83 4 0 18 0.03 M M 5.2 18 260 M M 4 27 270
9 94 73 84 5 0 19 0.02 M M 7.3 18 260 M M 2 26 280
10 90 71 81 2 0 16 0.00 M M 2.4 12 60 M M 2 18 60
11 89 71 80 1 0 15 0.16 M M 2.8 16 350 M M 3 1 27 340
12 94 75 85 5 0 20 0.01 M M 3.8 16 160 M M 5 22 150
13 101 76 89 9 0 24 0.00 M M 2.7 12 180 M M 0 15 170
14 90 75 83 3 0 18 0.41 M M 2.4 15 320 M M 1 128 25 340
15 101 74 88 8 0 23 0.00 M M 3.1 10 70 M M 1 1 17 60
16 98 72 85 5 0 20 1.13 M M 3.6 26 310 M M 2 1 40 310
17 101 73 87 7 0 22 0.06 M M 6.8 16 330 M M 1 138 26 350
18 95 71 83 2 0 18 0.00 M M 3.4 15 300 M M 0 1 19 280
19 89 64 77 -4 0 12 0.00 M M 3.7 12 320 M M 0 21 60
20 91 59 75 -6 0 10 0.00 M M 2.4 10 260 M M 1 16 250
21 95 69 82 1 0 17 0.00 M M 1.6 8 70 M M 1 11 70
22 101 67 84 3 0 19 0.00 M M 2.1 12 250 M M 0 15 250
23 99 75 87 6 0 22 0.15 M M 2.7 13 360 M M 1 1238 23 20
24 92 73 83 1 0 18 0.00 M M 2.7 8 60 M M 1 1 15 50
25 93 72 83 1 0 18 0.00 M M 2.0 10 150 M M 2 14 150
26 93 70 82 0 0 17 0.00 M M 2.6 10 170 M M 1 16 190
27 86 74 80 -2 0 15 T M M 3.0 10 290 M M 5 15 290
28 84 73 79 -3 0 14 0.11 M M 3.5 13 170 M M 5 1 18 180
29 82 73 78 -4 0 13 3.42 M M 0.9 8 160 M M 6 123 13 60
30 91 72 82 0 0 17 0.18 M M 2.1 15 140 M M 4 13 23 160
================================================================================
SM 2788 2136 0 520 5.70 M 96.8 M 59
================================================================================
AV 92.9 71.2 3.2 FASTST M M 2 MAX(MPH)
MISC ----> 26 310 40 310
================================================================================
NOTES:
# LAST OF SEVERAL OCCURRENCES
COLUMN 17 PEAK WIND IN M.P.H.
PRELIMINARY LOCAL CLIMATOLOGICAL DATA (WS FORM: F-6) , PAGE 2
STATION: HAMILTON - OWENS AIRPORT SC
MONTH: JUNE
YEAR: 2022
LATITUDE: 33 58 N
LONGITUDE: 80 59 W
[TEMPERATURE DATA] [PRECIPITATION DATA] SYMBOLS USED IN COLUMN 16
AVERAGE MONTHLY: 82.1 TOTAL FOR MONTH: 5.70 1 = FOG OR MIST
DPTR FM NORMAL: 2.1 DPTR FM NORMAL: 0.93 2 = FOG REDUCING VISIBILITY
HIGHEST: 101 ON 22,17 GRTST 24HR 3.53 ON 28-29 TO 1/4 MILE OR LESS
LOWEST: 59 ON 20 3 = THUNDER
SNOW, ICE PELLETS, HAIL 4 = ICE PELLETS
TOTAL MONTH: M 5 = HAIL
GRTST 24HR M ON M 6 = FREEZING RAIN OR DRIZZLE
GRTST DEPTH: M ON M 7 = DUSTSTORM OR SANDSTORM:
VSBY 1/2 MILE OR LESS
8 = SMOKE OR HAZE
[NO. OF DAYS WITH] [WEATHER - DAYS WITH] 9 = BLOWING SNOW
X = TORNADO
MAX 32 OR BELOW: 0 0.01 INCH OR MORE: 12
MAX 90 OR ABOVE: 24 0.10 INCH OR MORE: 7
MIN 32 OR BELOW: 0 0.50 INCH OR MORE: 2
MIN 0 OR BELOW: 0 1.00 INCH OR MORE: 2
[HDD (BASE 65) ]
TOTAL THIS MO. 0 CLEAR (SCALE 0-3) 22
DPTR FM NORMAL 0 PTCLDY (SCALE 4-7) 8
TOTAL FM JUL 1 1877 CLOUDY (SCALE 8-10) 0
DPTR FM NORMAL -331
[CDD (BASE 65) ]
TOTAL THIS MO. 520
DPTR FM NORMAL 70 [PRESSURE DATA]
TOTAL FM JAN 1 991 HIGHEST SLP 30.27 ON 29
DPTR FM NORMAL 150 LOWEST SLP 29.73 ON 3
[REMARKS]
#FINAL-06-22#