000
CXUS53 KUNR 010930
CF6CUT
PRELIMINARY LOCAL CLIMATOLOGICAL DATA (WS FORM: F-6)
STATION: CUSTER COUNTY AIRPORT SD
MONTH: OCTOBER
YEAR: 2022
LATITUDE: 43 43 N
LONGITUDE: 103 37 W
TEMPERATURE IN F: :PCPN: SNOW: WIND :SUNSHINE: SKY :PK WND
================================================================================
1 2 3 4 5 6A 6B 7 8 9 10 11 12 13 14 15 16 17 18
12Z AVG MX 2MIN
DY MAX MIN AVG DEP HDD CDD WTR SNW DPTH SPD SPD DIR MIN PSBL S-S WX SPD DR
================================================================================
1 65 47 56 7 9 0 0.08 M M 3.5 10 100 M M 7 1 17 180
2 68 41 55 7 10 0 0.08 M M 4.5 14 270 M M 3 1 21 140
3 61 38 50 2 15 0 0.04 M M 3.1 12 90 M M 5 13 18 160
4 57 41 49 1 16 0 0.03 M M 2.7 10 360 M M 7 3 18 10
5 67 38 53 6 12 0 0.00 M M 4.6 12 110 M M 0 18 100
6 45 35 40 -7 25 0 T M M 5.6 14 50 M M 6 12 20 60
7 53 33 43 -3 22 0 T M M 3.4 10 80 M M 7 12 18 200
8 63 30 47 1 18 0 0.00 M M 4.4 15 80 M M 0 20 140
9 69 30 50 5 15 0 0.00 M M 4.1 15 100 M M 0 21 90
10 70 36 53 8 12 0 0.00 M M 4.5 15 240 M M 1 25 240
11 63 37 50 6 15 0 0.00 M M 6.7 21 320 M M 3 36 330
12 45 35 40 -4 25 0 0.00 M M 11.6 24 280 M M 3 47 350
13 51 36 44 0 21 0 0.00 M M 13.8 26 280 M M 0 53 310
14 63 44 54 11 11 0 0.00 M M 9.4 24 310 M M 2 47 320
15 55 32 44 1 21 0 T M M 9.4 18 310 M M 3 34 300
16 53 29 41 -2 24 0 0.00 M M 4.3 14 350 M M 0 21 30
17 58 31 45 3 20 0 0.00 M M 4.3 13 90 M M 3 16 90
18 61 30 46 4 19 0 0.00 M M 3.8 12 150 M M 0 15 120
19 68 40 54 12 11 0 0.00 M M 4.6 20 340 M M 0 33 340
20 72 35 54 13 11 0 0.00 M M 7.1 22 270 M M 0 34 270
21 66 37 52 11 13 0 0.00 M M 5.6 16 250 M M 0 26 270
22 67 40 54 13 11 0 0.00 M M 4.7 21 240 M M 1 38 180
23 59 29 44 4 21 0 T M M 8.7 25 290 M M 5 37 270
24 35 24 30 -10 35 0 T M M 13.5 29 280 M M 6 49 280
25 45 22 34 -6 31 0 0.00 M M 6.9 18 290 M M 3 28 290
26 48 19 34 -5 31 0 0.01 M M 4.5 17 200 M M 2 30 200
27 50 26 38 -1 27 0 0.00 M M 5.5 12 250 M M 0 17 260
28 58 27 43 4 22 0 0.00 M M 7.1 22 270 M M 0 36 240
29 59 33 46 8 19 0 0.00 M M 5.3 12 80 M M 0 21 360
30 58 29 44 6 21 0 0.00 M M 5.2 15 270 M M 0 23 270
31 60 28 44 6 21 0 0.00 M M 4.9 14 260 M M 0 20 210
================================================================================
SM 1812 1032 584 0 0.24 M 187.3 M 67
================================================================================
AV 58.5 33.3 6.0 FASTST M M 2 MAX(MPH)
MISC ----> 29 280 53 310
================================================================================
NOTES:
# LAST OF SEVERAL OCCURRENCES
COLUMN 17 PEAK WIND IN M.P.H.
PRELIMINARY LOCAL CLIMATOLOGICAL DATA (WS FORM: F-6) , PAGE 2
STATION: CUSTER COUNTY AIRPORT SD
MONTH: OCTOBER
YEAR: 2022
LATITUDE: 43 43 N
LONGITUDE: 103 37 W
[TEMPERATURE DATA] [PRECIPITATION DATA] SYMBOLS USED IN COLUMN 16
AVERAGE MONTHLY: 45.9 TOTAL FOR MONTH: 0.24 1 = FOG OR MIST
DPTR FM NORMAL: 2.9 DPTR FM NORMAL: -1.05 2 = FOG REDUCING VISIBILITY
HIGHEST: 72 ON 20 GRTST 24HR 0.10 ON 30- 1 TO 1/4 MILE OR LESS
LOWEST: 19 ON 26 3 = THUNDER
SNOW, ICE PELLETS, HAIL 4 = ICE PELLETS
TOTAL MONTH: M 5 = HAIL
GRTST 24HR M ON M 6 = FREEZING RAIN OR DRIZZLE
GRTST DEPTH: M ON M 7 = DUSTSTORM OR SANDSTORM:
VSBY 1/2 MILE OR LESS
8 = SMOKE OR HAZE
[NO. OF DAYS WITH] [WEATHER - DAYS WITH] 9 = BLOWING SNOW
X = TORNADO
MAX 32 OR BELOW: 0 0.01 INCH OR MORE: 5
MAX 90 OR ABOVE: 0 0.10 INCH OR MORE: 0
MIN 32 OR BELOW: 14 0.50 INCH OR MORE: 0
MIN 0 OR BELOW: 0 1.00 INCH OR MORE: 0
[HDD (BASE 65) ]
TOTAL THIS MO. 584 CLEAR (SCALE 0-3) 24
DPTR FM NORMAL -100 PTCLDY (SCALE 4-7) 7
TOTAL FM JUL 1 794 CLOUDY (SCALE 8-10) 0
DPTR FM NORMAL -308
[CDD (BASE 65) ]
TOTAL THIS MO. 0
DPTR FM NORMAL 0 [PRESSURE DATA]
TOTAL FM JAN 1 314 HIGHEST SLP 30.51 ON 7
DPTR FM NORMAL 105 LOWEST SLP 29.14 ON 23
[REMARKS]
#FINAL-10-22#