000
CXUS55 KCYS 231610
CF6CYS
PRELIMINARY LOCAL CLIMATOLOGICAL DATA (WS FORM: F-6)
STATION: CHEYENNE WYOMING AIRPORT
MONTH: APRIL
YEAR: 2024
LATITUDE: 41 9 N
LONGITUDE: 104 49 W
TEMPERATURE IN F: :PCPN: SNOW: WIND :SUNSHINE: SKY :PK WND
================================================================================
1 2 3 4 5 6A 6B 7 8 9 10 11 12 13 14 15 16 17 18
12Z AVG MX 2MIN
DY MAX MIN AVG DEP HDD CDD WTR SNW DPTH SPD SPD DIR MIN PSBL S-S WX SPD DR
================================================================================
1 46 30 38 -3 27 0 T 0.0 0 11.9 29 350 M M 6 12 40 360
2 56 30 43 2 22 0 0.00 0.0 0 15.9 30 320 M M 1 44 330
3 64 41 53 12 12 0 0.00 0.0 0 15.6 30 330 M M 0 42 330
4 68 34 51 10 14 0 0.00 0.0 0 11.8 22 130 M M 0 33 130
5 69 38 54 13 11 0 0.00 0.0 0 11.8 28 160 M M 0 41 150
6 52 34 43 2 22 0 T T 0 28.8 48 300 M M 7 8 82 300
7 47 29 38 -3 27 0 0.00 0.0 0 25.9 45 300 M M 4 72 300
8 49 25 37 -4 28 0 0.00 0.0 0 10.7 25 280 M M 2 35 320
9 58 23 41 -1 24 0 0.00 0.0 0 12.3 28 280 M M 2 37 340
10 48 30 39 -3 26 0 T T 0 11.2 23 350 M M 6 32 40
11 60 22 41 -1 24 0 0.00 0.0 0 7.9 23 280 M M 2 30 280
12 73 28 51 9 14 0 0.00 0.0 0 9.5 22 210 M M 0 29 200
13 73 41 57 15 8 0 0.00 0.0 0 12.2 22 310 M M 1 31 300
14 74 42 58 16 7 0 0.00 0.0 0 10.8 26 190 M M 1 36 210
15 67 38 53 11 12 0 0.00 0.0 0 15.0 38 320 M M 1 56 320
16 61 38 50 8 15 0 0.34 0.0 0 20.8 36 300 M M 4 19 58 330
17 58 29 44 1 21 0 0.06 0.1 0 13.4 26 360 M M 8 1 36 360
18 33 25 29 -14 36 0 T T 0 8.1 17 360 M M 10 27 360
19 32 25 29 -14 36 0 0.05 T 0 7.9 16 20 M M 10 16 24 40
20 33 23 28 -15 37 0 0.09 0.8 0 8.1 14 220 M M 10 1 18 150
21 54 20 37 -7 28 0 0.00 0.0 0 11.6 25 210 M M 0 32 200
22 70 38 54 10 11 0 0.00 0.0 0 11.0 36 260 M M 0 49 260
================================================================================
SM 1245 683 462 0 0.54 0.9 292.2 M 75
================================================================================
AV 56.6 31.0 13.3 FASTST M M 3 MAX(MPH)
MISC ----> 48 300 82 300
================================================================================
NOTES:
# LAST OF SEVERAL OCCURRENCES
COLUMN 17 PEAK WIND IN M.P.H.
PRELIMINARY LOCAL CLIMATOLOGICAL DATA (WS FORM: F-6) , PAGE 2
STATION: CHEYENNE WYOMING AIRPORT
MONTH: APRIL
YEAR: 2024
LATITUDE: 41 9 N
LONGITUDE: 104 49 W
[TEMPERATURE DATA] [PRECIPITATION DATA] SYMBOLS USED IN COLUMN 16
AVERAGE MONTHLY: 43.8 TOTAL FOR MONTH: 0.54 1 = FOG OR MIST
DPTR FM NORMAL: 1.8 DPTR FM NORMAL: -0.66 2 = FOG REDUCING VISIBILITY
HIGHEST: 74 ON 14 GRTST 24HR 0.34 ON 16-16 TO 1/4 MILE OR LESS
LOWEST: 20 ON 21 3 = THUNDER
SNOW, ICE PELLETS, HAIL 4 = ICE PELLETS
TOTAL MONTH: 0.9 INCH 5 = HAIL
GRTST 24HR 0.8 ON 20-20 6 = FREEZING RAIN OR DRIZZLE
GRTST DEPTH: 0 7 = DUSTSTORM OR SANDSTORM:
VSBY 1/2 MILE OR LESS
8 = SMOKE OR HAZE
[NO. OF DAYS WITH] [WEATHER - DAYS WITH] 9 = BLOWING SNOW
X = TORNADO
MAX 32 OR BELOW: 1 0.01 INCH OR MORE: 4
MAX 90 OR ABOVE: 0 0.10 INCH OR MORE: 1
MIN 32 OR BELOW: 13 0.50 INCH OR MORE: 0
MIN 0 OR BELOW: 0 1.00 INCH OR MORE: 0
[HDD (BASE 65) ]
TOTAL THIS MO. 462 CLEAR (SCALE 0-3) 13
DPTR FM NORMAL -44 PTCLDY (SCALE 4-7) 6
TOTAL FM JUL 1 5794 CLOUDY (SCALE 8-10) 3
DPTR FM NORMAL -493
[CDD (BASE 65) ]
TOTAL THIS MO. 0
DPTR FM NORMAL 0 [PRESSURE DATA]
TOTAL FM JAN 1 0 HIGHEST SLP M ON M
DPTR FM NORMAL 0 LOWEST SLP 29.22 ON 6
[REMARKS]