000
CXUS56 KSGX 011245
CF6CZZ
PRELIMINARY LOCAL CLIMATOLOGICAL DATA (WS FORM: F-6)
STATION: CAMPO ASOS CA
MONTH: MARCH
YEAR: 2020
LATITUDE: 32 37 N
LONGITUDE: 116 28 W
TEMPERATURE IN F: :PCPN: SNOW: WIND :SUNSHINE: SKY :PK WND
================================================================================
1 2 3 4 5 6A 6B 7 8 9 10 11 12 13 14 15 16 17 18
12Z AVG MX 2MIN
DY MAX MIN AVG DEP HDD CDD WTR SNW DPTH SPD SPD DIR MIN PSBL S-S WX SPD DR
================================================================================
1 52 41 47 -3 18 0 0.04 M 0 10.6 21 240 M M 0 25 230
2 54 35 45 -6 20 0 0.04 M 0 6.2 17 300 M M 0 23 290
3 72 35 54 3 11 0 0.00 0.0 0 7.5 21 40 M M 0 25 250
4 71 33 52 1 13 0 0.00 0.0 0 7.1 18 220 M M 0 22 220
5 73 38 56 5 9 0 0.00 0.0 0 8.7 24 50 M M 0 30 50
6 73 36 55 4 10 0 0.00 0.0 0 6.2 17 220 M M 0 21 250
7 59 32 46 -5 19 0 0.00 0.0 0 8.0 17 220 M M 0 23 230
8 59 37 48 -3 17 0 0.02 M 0 8.7 20 240 M M 0 27 260
9 66 32 49 -2 16 0 0.30 M 0 8.1 22 70 M M 0 32 40
10 62 52 57 6 8 0 0.61 0.0 0 9.1 24 80 M M 0 28 80
11 66 47 57 6 8 0 0.00 0.0 0 4.5 15 210 M M 0 19 210
12 57 47 52 1 13 0 0.76 M 0 7.7 25 230 M M 0 31 260
13 52 46 49 -2 16 0 0.21 M 0 10.2 18 230 M M 0 22 230
14 54 38 46 -5 19 0 0.00 0.0 0 5.7 15 210 M M 0 18 230
15 56 38 47 -5 18 0 0.00 0.0 0 5.1 17 220 M M 0 21 230
16 55 44 50 -2 15 0 0.00 0.0 0 8.0 17 230 M M 0 24 220
17 51 40 46 -6 19 0 0.07 M 0 9.0 18 220 M M 0 23 250
18 47 40 44 -8 21 0 0.52 M 0 9.9 24 260 M M 0 30 260
19 52 36 44 -8 21 0 0.20 M 0 8.3 24 230 M M 0 29 230
20 58 34 46 -6 19 0 0.00 0.0 0 4.5 16 220 M M 0 19 230
21 60 35 48 -4 17 0 0.00 0.0 0 5.2 18 210 M M 0 28 220
22 63 35 49 -3 16 0 0.04 M 0 6.9 18 230 M M 0 23 240
23 57 42 50 -2 15 0 0.14 M 0 9.8 20 230 M M 0 27 250
24 59 36 48 -4 17 0 0.00 0.0 0 6.7 18 240 M M 0 24 230
25 56 44 50 -2 15 0 0.02 M 0 11.8 20 260 M M 0 25 260
26 51 38 45 -7 20 0 0.17 M 0 12.2 24 240 M M 0 31 250
27 53 31 42 -10 23 0 0.30 M 0 6.4 20 290 M M 0 25 290
28 58 28 43 -9 22 0 0.00 0.0 0 6.7 16 200 M M 0 20 200
29 60 31 46 -6 19 0 0.00 0.0 0 7.5 18 260 M M 0 25 250
30 72 31 52 0 13 0 0.00 0.0 0 6.2 18 80 M M 0 25 80
31 74 43 59 6 6 0 0.00 0.0 0 5.2 14 80 M M 0 17 80
================================================================================
SM 1852 1175 493 0 3.44 0.0 237.7 M 0
================================================================================
AV 59.7 37.9 7.7 FASTST M M 0 MAX(MPH)
MISC ----> # 25 230 # 32 40
================================================================================
NOTES:
# LAST OF SEVERAL OCCURRENCES
COLUMN 17 PEAK WIND IN M.P.H.
PRELIMINARY LOCAL CLIMATOLOGICAL DATA (WS FORM: F-6) , PAGE 2
STATION: CAMPO ASOS CA
MONTH: MARCH
YEAR: 2020
LATITUDE: 32 37 N
LONGITUDE: 116 28 W
[TEMPERATURE DATA] [PRECIPITATION DATA] SYMBOLS USED IN COLUMN 16
AVERAGE MONTHLY: 48.8 TOTAL FOR MONTH: 3.44 1 = FOG OR MIST
DPTR FM NORMAL: -2.8 DPTR FM NORMAL: 0.75 2 = FOG REDUCING VISIBILITY
HIGHEST: 74 ON 31 GRTST 24HR 0.76 ON 12-12 TO 1/4 MILE OR LESS
LOWEST: 28 ON 28 3 = THUNDER
SNOW, ICE PELLETS, HAIL 4 = ICE PELLETS
TOTAL MONTH: 0.0 INCH 5 = HAIL
GRTST 24HR 0.0 6 = FREEZING RAIN OR DRIZZLE
GRTST DEPTH: 0 7 = DUSTSTORM OR SANDSTORM:
VSBY 1/2 MILE OR LESS
8 = SMOKE OR HAZE
[NO. OF DAYS WITH] [WEATHER - DAYS WITH] 9 = BLOWING SNOW
X = TORNADO
MAX 32 OR BELOW: 0 0.01 INCH OR MORE: 15
MAX 90 OR ABOVE: 0 0.10 INCH OR MORE: 9
MIN 32 OR BELOW: 6 0.50 INCH OR MORE: 3
MIN 0 OR BELOW: 0 1.00 INCH OR MORE: 0
[HDD (BASE 65) ]
TOTAL THIS MO. 493 CLEAR (SCALE 0-3) 31
DPTR FM NORMAL 76 PTCLDY (SCALE 4-7) 0
TOTAL FM JUL 1 2432 CLOUDY (SCALE 8-10) 0
DPTR FM NORMAL -36
[CDD (BASE 65) ]
TOTAL THIS MO. 0
DPTR FM NORMAL 0 [PRESSURE DATA]
TOTAL FM JAN 1 0 HIGHEST SLP 30.16 ON 30
DPTR FM NORMAL 0 LOWEST SLP 29.65 ON 18
[REMARKS]
#FINAL-03-20#