000
CXUS53 KUNR 010945
CF6D07
PRELIMINARY LOCAL CLIMATOLOGICAL DATA (WS FORM: F-6)
STATION: FAITH SD
MONTH: JUNE
YEAR: 2020
LATITUDE: 45 1 N
LONGITUDE: 102 1 W
TEMPERATURE IN F: :PCPN: SNOW: WIND :SUNSHINE: SKY :PK WND
================================================================================
1 2 3 4 5 6A 6B 7 8 9 10 11 12 13 14 15 16 17 18
12Z AVG MX 2MIN
DY MAX MIN AVG DEP HDD CDD WTR SNW DPTH SPD SPD DIR MIN PSBL S-S WX SPD DR
================================================================================
1 84 57 71 11 0 6 0.00 M M 9.5 22 360 M M M 27 360
2 80 58 69 9 0 4 0.00 M M 11.5 24 10 M M M 31 360
3 79 54 67 7 0 2 M M M 9.4 23 280 M M M 32 290
4 77 54 66 5 0 1 0.00 M M 7.4 22 320 M M M 33 320
5 74 51 63 2 2 0 0.00 M M 11.5 24 130 M M M 35 130
6 75 59 67 6 0 2 0.50 M M 22.1 48 280 M M M 75 280
7 85 55 70 8 0 5 0.02 M M 9.1 25 360 M M M 35 320
8 73 56 65 3 0 0 0.01 M M 15.0 25 300 M M M 35 290
9 66 46 56 -6 9 0 0.00 M M 17.5 32 320 M M M 46 310
10 70 43 57 -6 8 0 0.00 M M 13.9 26 310 M M M 35 320
11 81 50 66 3 0 1 0.00 M M 9.2 15 270 M M M 21 270
12 84 54 69 5 0 4 0.00 M M 11.3 17 120 M M M 25 120
13 88 59 74 10 0 9 0.00 M M 19.1 32 140 M M M 46 150
14 89 60 75 11 0 10 0.00 M M 15.1 25 210 M M M 34 140
15 79 57 68 3 0 3 0.00 M M 11.1 21 350 M M M 27 330
16 93 61 77 12 0 12 0.33 M M 18.7 51 250 M M M 72 250
17 78 55 67 1 0 2 0.00 M M 11.6 29 320 M M M 41 310
18 71 47 59 -7 6 0 0.00 M M 14.3 25 310 M M M 35 280
19 72 42 57 -9 8 0 0.00 M M 10.7 21 160 M M M 27 170
20 79 52 66 -1 0 1 0.00 M M 9.4 18 320 M M M 24 360
21 76 55 66 -1 0 1 0.32 M M 6.0 28 330 M M M 40 320
22 75 53 64 -3 1 0 0.00 M M 8.0 15 360 M M M 20 30
23 80 47 64 -4 1 0 0.00 M M 5.9 14 170 M M M 18 350
24 88 52 70 2 0 5 0.00 M M 10.3 17 140 M M M 24 140
25 86 60 73 5 0 8 0.51 M M 7.5 41 290 M M M 55 300
26 84 58 71 2 0 6 0.00 M M 7.4 13 140 M M M 17 130
27 90 59 75 6 0 10 0.00 M M 13.5 21 130 M M M 30 130
28 88 59 74 5 0 9 0.22 M M 13.2 58 270 M M M 81 280
29 93 61 77 7 0 12 0.00 M M 13.9 26 140 M M M 35 150
30 71 58 65 -5 0 0 0.11 M M 13.9 29 30 M M M 37 40
================================================================================
SM 2408 1632 35 113 2.02 M 357.0 M M
================================================================================
AV 80.3 54.4 11.9 FASTST M M 1 MAX(MPH)
MISC ----> # 58 270 # 81 280
================================================================================
NOTES:
# LAST OF SEVERAL OCCURRENCES
COLUMN 17 PEAK WIND IN M.P.H.
PRELIMINARY LOCAL CLIMATOLOGICAL DATA (WS FORM: F-6) , PAGE 2
STATION: FAITH SD
MONTH: JUNE
YEAR: 2020
LATITUDE: 45 1 N
LONGITUDE: 102 1 W
[TEMPERATURE DATA] [PRECIPITATION DATA] SYMBOLS USED IN COLUMN 16
AVERAGE MONTHLY: 67.3 TOTAL FOR MONTH: 2.02 1 = FOG OR MIST
DPTR FM NORMAL: 2.3 DPTR FM NORMAL: -1.07 2 = FOG REDUCING VISIBILITY
HIGHEST: 93 ON 29,16 GRTST 24HR 0.51 ON 25-25 TO 1/4 MILE OR LESS
LOWEST: 42 ON 19 3 = THUNDER
SNOW, ICE PELLETS, HAIL 4 = ICE PELLETS
TOTAL MONTH: M 5 = HAIL
GRTST 24HR M ON M 6 = FREEZING RAIN OR DRIZZLE
GRTST DEPTH: M ON M 7 = DUSTSTORM OR SANDSTORM:
VSBY 1/2 MILE OR LESS
8 = SMOKE OR HAZE
[NO. OF DAYS WITH] [WEATHER - DAYS WITH] 9 = BLOWING SNOW
X = TORNADO
MAX 32 OR BELOW: 0 0.01 INCH OR MORE: 8
MAX 90 OR ABOVE: 3 0.10 INCH OR MORE: 6
MIN 32 OR BELOW: 0 0.50 INCH OR MORE: 2
MIN 0 OR BELOW: 0 1.00 INCH OR MORE: 0
[HDD (BASE 65) ]
TOTAL THIS MO. 35 CLEAR (SCALE 0-3) 0
DPTR FM NORMAL -55 PTCLDY (SCALE 4-7) 0
TOTAL FM JUL 1 7849 CLOUDY (SCALE 8-10) 0
DPTR FM NORMAL 140
[CDD (BASE 65) ]
TOTAL THIS MO. 113
DPTR FM NORMAL 25 [PRESSURE DATA]
TOTAL FM JAN 1 113 HIGHEST SLP 30.20 ON 12
DPTR FM NORMAL 13 LOWEST SLP 29.36 ON 28
[REMARKS]
#FINAL-06-20#