000
CXUS55 KVEF 012138
CF6DAG
PRELIMINARY LOCAL CLIMATOLOGICAL DATA (WS FORM: F-6)
STATION: BARSTOW-DAGGETT CA
MONTH: JULY
YEAR: 2022
LATITUDE: 34 51 N
LONGITUDE: 116 47 W
TEMPERATURE IN F: :PCPN: SNOW: WIND :SUNSHINE: SKY :PK WND
================================================================================
1 2 3 4 5 6A 6B 7 8 9 10 11 12 13 14 15 16 17 18
12Z AVG MX 2MIN
DY MAX MIN AVG DEP HDD CDD WTR SNW DPTH SPD SPD DIR MIN PSBL S-S WX SPD DR
================================================================================
1 104 78 91 3 0 26 0.00 0.0 0 17.7 26 260 M M 0 37 280
2 102 77 90 2 0 25 0.00 0.0 0 19.3 30 250 M M 0 39 260
3 99 72 86 -2 0 21 0.00 0.0 0 19.6 31 260 M M 0 40 300
4 98 69 84 -4 0 19 0.00 0.0 0 15.1 25 280 M M 0 34 270
5 100 71 86 -3 0 21 0.00 0.0 0 13.7 25 250 M M 0 8 32 260
6 100 70 85 -4 0 20 0.00 0.0 0 12.8 24 250 M M 0 31 260
7 102 70 86 -3 0 21 0.00 0.0 0 10.3 23 270 M M 0 29 260
8 105 73 89 0 0 24 0.00 0.0 0 11.1 26 260 M M 0 33 260
9 106 72 89 0 0 24 0.00 0.0 0 13.6 23 250 M M 0 28 210
10 107 74 91 2 0 26 0.00 0.0 0 10.9 23 250 M M 0 29 240
11 110 74 92 2 0 27 0.00 0.0 0 12.3 23 250 M M 0 28 250
12 111 77 94 4 0 29 0.00 0.0 0 12.0 23 270 M M 0 30 290
13 111 76 94 4 0 29 0.00 0.0 0 11.8 26 240 M M 0 37 250
14 108 81 95 5 0 30 T 0.0 0 10.0 23 160 M M 0 3 31 160
15 108 82 95 5 0 30 0.16 0.0 0 9.5 30 250 M M 1 3 40 240
16 112 81 97 7 0 32 0.00 0.0 0 11.6 23 250 M M 0 3 29 250
17 109 85 97 7 0 32 0.01 0.0 0 9.8 37 260 M M 0 3 52 220
18 107 76 92 2 0 27 0.40 0.0 0 9.2 38 330 M M 1 3 59 350
19 108 75 92 2 0 27 0.00 0.0 0 14.2 25 260 M M 0 33 260
20 109 80 95 5 0 30 0.00 0.0 0 14.8 24 270 M M 0 32 280
21 112 82 97 7 0 32 0.00 0.0 0 17.2 26 270 M M 0 33 260
22 112 82 97 7 0 32 0.00 0.0 0 15.5 24 280 M M 0 31 280
23 104 81 93 3 0 28 0.00 0.0 0 11.8 22 100 M M 0 30 90
24 106 80 93 3 0 28 T 0.0 0 9.7 22 80 M M 1 3 30 100
25 100 78 89 -1 0 24 T 0.0 0 8.5 24 170 M M 1 3 31 50
26 105 75 90 0 0 25 0.00 0.0 0 6.4 23 250 M M 1 28 260
27 107 81 94 4 0 29 0.00 0.0 0 7.9 21 250 M M 2 27 250
28 106 80 93 3 0 28 0.00 0.0 0 7.3 18 250 M M 0 25 240
29 104 79 92 2 0 27 T 0.0 0 11.0 29 90 M M 1 8 39 90
30 101 79 90 0 0 25 0.05 0.0 0 7.8 37 100 M M 1 38 49 90
31 M M M M M M M 0.0 0 M M M M M 1 M M
================================================================================
SM 3173 2310 0 798 0.62 0.0 362.4 M 10
================================================================================
AV105.8 77.0 12.1 FASTST M M 0 MAX(MPH)
MISC ----> 38 330 59 350
================================================================================
NOTES:
# LAST OF SEVERAL OCCURRENCES
COLUMN 17 PEAK WIND IN M.P.H.
PRELIMINARY LOCAL CLIMATOLOGICAL DATA (WS FORM: F-6) , PAGE 2
STATION: BARSTOW-DAGGETT CA
MONTH: JULY
YEAR: 2022
LATITUDE: 34 51 N
LONGITUDE: 116 47 W
[TEMPERATURE DATA] [PRECIPITATION DATA] SYMBOLS USED IN COLUMN 16
AVERAGE MONTHLY: 91.4 TOTAL FOR MONTH: 0.62 1 = FOG OR MIST
DPTR FM NORMAL: 1.8 DPTR FM NORMAL: 0.34 2 = FOG REDUCING VISIBILITY
HIGHEST: 112 ON 22,21 GRTST 24HR 0.40 ON 18-18 TO 1/4 MILE OR LESS
LOWEST: 69 ON 4 3 = THUNDER
SNOW, ICE PELLETS, HAIL 4 = ICE PELLETS
TOTAL MONTH: 0.0 INCH 5 = HAIL
GRTST 24HR 0.0 6 = FREEZING RAIN OR DRIZZLE
GRTST DEPTH: 0 7 = DUSTSTORM OR SANDSTORM:
VSBY 1/2 MILE OR LESS
8 = SMOKE OR HAZE
[NO. OF DAYS WITH] [WEATHER - DAYS WITH] 9 = BLOWING SNOW
X = TORNADO
MAX 32 OR BELOW: 0 0.01 INCH OR MORE: 4
MAX 90 OR ABOVE: 30 0.10 INCH OR MORE: 2
MIN 32 OR BELOW: 0 0.50 INCH OR MORE: 0
MIN 0 OR BELOW: 0 1.00 INCH OR MORE: 0
[HDD (BASE 65) ]
TOTAL THIS MO. 0 CLEAR (SCALE 0-3) 31
DPTR FM NORMAL 0 PTCLDY (SCALE 4-7) 0
TOTAL FM JUL 1 0 CLOUDY (SCALE 8-10) 0
DPTR FM NORMAL 0
[CDD (BASE 65) ]
TOTAL THIS MO. 798
DPTR FM NORMAL 36 [PRESSURE DATA]
TOTAL FM JAN 1 1961 HIGHEST SLP M ON M
DPTR FM NORMAL 219 LOWEST SLP 29.63 ON 12
[REMARKS]
#FINAL-07-22#