000
CXUS55 KVEF 032220
CF6DAG
PRELIMINARY LOCAL CLIMATOLOGICAL DATA (WS FORM: F-6)
STATION: BARSTOW-DAGGETT CA
MONTH: MAY
YEAR: 2020
LATITUDE: 34 51 N
LONGITUDE: 116 47 W
TEMPERATURE IN F: :PCPN: SNOW: WIND :SUNSHINE: SKY :PK WND
================================================================================
1 2 3 4 5 6A 6B 7 8 9 10 11 12 13 14 15 16 17 18
12Z AVG MX 2MIN
DY MAX MIN AVG DEP HDD CDD WTR SNW DPTH SPD SPD DIR MIN PSBL S-S WX SPD DR
================================================================================
1 90 67 79 10 0 14 0.00 0.0 0 22.2 36 240 M M 0 42 250
2 90 65 78 8 0 13 0.00 0.0 0 21.0 33 240 M M 0 42 260
3 91 63 77 7 0 12 0.00 0.0 0 23.3 35 270 M M 0 42 270
4 89 56 73 3 0 8 0.00 0.0 0 9.0 29 240 M M 0 35 240
5 96 58 77 6 0 12 0.00 0.0 0 8.1 17 270 M M 0 23 270
6 98 62 80 9 0 15 0.00 0.0 0 13.0 21 300 M M 0 8 26 290
7 96 59 78 7 0 13 0.00 0.0 0 8.1 17 280 M M 0 22 300
8 100 62 81 9 0 16 0.00 0.0 0 9.8 18 270 M M 0 23 260
9 101 65 83 11 0 18 0.00 0.0 0 10.5 22 240 M M 0 27 240
10 99 68 84 12 0 19 0.00 0.0 0 14.0 30 240 M M 0 37 230
11 91 59 75 2 0 10 0.00 0.0 0 20.7 33 280 M M 0 42 280
12 81 62 72 -1 0 7 0.00 0.0 0 25.4 35 230 M M 0 48 250
13 84 58 71 -2 0 6 0.00 0.0 0 25.9 38 250 M M 0 45 230
14 84 61 73 -1 0 8 0.00 0.0 0 24.4 33 260 M M 0 44 280
15 90 62 76 2 0 11 0.00 0.0 0 13.5 29 240 M M 0 35 250
16 94 59 77 3 0 12 0.00 0.0 0 10.6 22 270 M M 0 25 270
17 94 64 79 5 0 14 0.00 0.0 0 14.8 30 250 M M 0 37 260
18 84 59 72 -3 0 7 0.00 0.0 0 19.0 35 230 M M 0 42 230
19 73 53 63 -12 2 0 0.00 0.0 0 24.3 37 270 M M 0 8 45 270
20 81 52 67 -8 0 2 0.00 0.0 0 12.3 24 240 M M 0 31 240
21 87 53 70 -6 0 5 0.00 0.0 0 8.8 17 260 M M 0 24 260
22 91 65 78 2 0 13 0.00 0.0 0 21.8 36 250 M M 0 8 43 230
23 84 57 71 -5 0 6 0.00 0.0 0 8.6 30 250 M M 0 35 250
24 91 57 74 -2 0 9 0.00 0.0 0 8.2 22 260 M M 0 30 270
25 96 62 79 2 0 14 0.00 0.0 0 7.0 16 30 M M 0 23 50
26 103 69 86 9 0 21 0.00 0.0 0 9.0 20 240 M M 0 22 250
27 109 73 91 14 0 26 0.00 0.0 0 12.2 22 240 M M 0 8 28 240
28 109 73 91 13 0 26 0.00 0.0 0 10.9 18 80 M M 0 23 230
29 103 69 86 8 0 21 0.00 0.0 0 13.5 26 300 M M 0 34 300
30 89 61 75 -3 0 10 0.00 0.0 0 20.4 32 280 M M 0 40 280
31 94 59 77 -1 0 12 0.00 0.0 0 13.6 28 260 M M 0 33 270
================================================================================
SM 2862 1912 2 380 0.00 0.0 463.9 M 0
================================================================================
AV 92.3 61.7 15.0 FASTST M M 0 MAX(MPH)
MISC ----> 38 250 48 250
================================================================================
NOTES:
# LAST OF SEVERAL OCCURRENCES
COLUMN 17 PEAK WIND IN M.P.H.
PRELIMINARY LOCAL CLIMATOLOGICAL DATA (WS FORM: F-6) , PAGE 2
STATION: BARSTOW-DAGGETT CA
MONTH: MAY
YEAR: 2020
LATITUDE: 34 51 N
LONGITUDE: 116 47 W
[TEMPERATURE DATA] [PRECIPITATION DATA] SYMBOLS USED IN COLUMN 16
AVERAGE MONTHLY: 77.0 TOTAL FOR MONTH: 0.00 1 = FOG OR MIST
DPTR FM NORMAL: 3.0 DPTR FM NORMAL: -0.05 2 = FOG REDUCING VISIBILITY
HIGHEST: 109 ON 28,27 GRTST 24HR 0.00 ON 1- 1 TO 1/4 MILE OR LESS
LOWEST: 52 ON 20 3 = THUNDER
SNOW, ICE PELLETS, HAIL 4 = ICE PELLETS
TOTAL MONTH: 0.0 INCH 5 = HAIL
GRTST 24HR 0.0 6 = FREEZING RAIN OR DRIZZLE
GRTST DEPTH: 0 7 = DUSTSTORM OR SANDSTORM:
VSBY 1/2 MILE OR LESS
8 = SMOKE OR HAZE
[NO. OF DAYS WITH] [WEATHER - DAYS WITH] 9 = BLOWING SNOW
X = TORNADO
MAX 32 OR BELOW: 0 0.01 INCH OR MORE: 0
MAX 90 OR ABOVE: 21 0.10 INCH OR MORE: 0
MIN 32 OR BELOW: 0 0.50 INCH OR MORE: 0
MIN 0 OR BELOW: 0 1.00 INCH OR MORE: 0
[HDD (BASE 65) ]
TOTAL THIS MO. 2 CLEAR (SCALE 0-3) 31
DPTR FM NORMAL -15 PTCLDY (SCALE 4-7) 0
TOTAL FM JUL 1 1869 CLOUDY (SCALE 8-10) 0
DPTR FM NORMAL -229
[CDD (BASE 65) ]
TOTAL THIS MO. 380
DPTR FM NORMAL 82 [PRESSURE DATA]
TOTAL FM JAN 1 500 HIGHEST SLP 30.04 ON 4
DPTR FM NORMAL 95 LOWEST SLP 29.62 ON 22
[REMARKS]
#FINAL-05-20#