000
CXUS54 KHUN 011723
CF6DCU
PRELIMINARY LOCAL CLIMATOLOGICAL DATA (WS FORM: F-6)
STATION: DECATUR
MONTH: JANUARY
YEAR: 2021
LATITUDE: 34 39 N
LONGITUDE: 86 56 W
TEMPERATURE IN F: :PCPN: SNOW: WIND :SUNSHINE: SKY :PK WND
================================================================================
1 2 3 4 5 6A 6B 7 8 9 10 11 12 13 14 15 16 17 18
12Z AVG MX 2MIN
DY MAX MIN AVG DEP HDD CDD WTR SNW DPTH SPD SPD DIR MIN PSBL S-S WX SPD DR
================================================================================
1 73 46 60 19 5 0 0.63 0.0 0 13.3 25 190 M M 5 1 35 200
2 55 37 46 5 19 0 0.00 0.0 0 5.8 20 240 M M 6 1 24 260
3 49 29 39 -2 26 0 T 0.0 0 7.0 17 280 M M 4 22 280
4 56 26 41 0 24 0 0.00 0.0 0 4.8 14 230 M M 6 18 200
5 54 27 41 1 24 0 0.00 0.0 0 5.7 17 340 M M 3 18 21 350
6 52 25 39 -1 26 0 0.00 0.0 0 3.5 10 30 M M 0 16 300
7 45 35 40 0 25 0 0.48 T 0 7.7 17 80 M M 7 1 24 80
8 38 34 36 -4 29 0 T 0.0 0 11.1 20 340 M M 10 1 23 340
9 35 32 34 -6 31 0 0.00 0.0 0 9.6 16 330 M M 10 20 340
10 41 30 36 -4 29 0 0.00 0.0 0 4.7 13 10 M M 7 16 10
11 35 31 33 -7 32 0 0.09 0.8 T 6.3 10 360 M M 10 16 13 20
12 42 22 32 -8 33 0 0.00 0.0 1 3.9 12 330 M M 6 18 14 320
13 47 21 34 -6 31 0 0.00 0.0 0 4.2 14 200 M M 3 12 18 180
14 55 28 42 2 23 0 0.00 0.0 0 9.8 21 190 M M 3 1 30 210
15 51 34 43 3 22 0 T 0.0 0 11.4 25 260 M M 6 33 260
16 42 36 39 -1 26 0 T T 0 11.4 22 280 M M 10 30 300
17 52 35 44 4 21 0 0.00 0.0 0 8.3 20 250 M M 5 27 250
18 53 28 41 1 24 0 0.00 0.0 0 7.3 16 300 M M 1 21 300
19 52 32 42 2 23 0 T 0.0 0 4.2 14 230 M M 8 18 16 230
20 47 30 39 -1 26 0 0.08 0.0 0 4.3 12 220 M M 3 1 16 220
21 48 41 45 5 20 0 0.17 0.0 0 3.3 10 200 M M 9 1 13 210
22 55 33 44 4 21 0 0.00 0.0 0 4.8 13 30 M M 0 1 18 30
23 54 30 42 1 23 0 0.00 0.0 0 3.8 14 20 M M 4 18 10
24 60 37 49 8 16 0 0.13 0.0 0 5.9 13 180 M M 7 13 17 130
25 71 52 62 21 3 0 0.21 0.0 0 11.5 23 190 M M 9 13 28 190
26 67 48 58 17 7 0 0.00 0.0 0 5.6 18 280 M M 4 25 290
27 54 36 45 4 20 0 0.00 0.0 0 11.6 22 340 M M 7 29 340
28 43 27 35 -6 30 0 0.00 0.0 0 10.6 22 360 M M 5 29 350
29 51 24 38 -3 27 0 0.00 0.0 0 2.0 7 100 M M 0 10 20
30 56 28 42 1 23 0 0.01 0.0 0 12.7 35 160 M M 8 1 41 160
31 63 38 51 10 14 0 0.03 0.0 0 12.7 23 300 M M 8 1 31 330
================================================================================
SM 1596 1012 703 0 1.83 0.8 228.8 M 174
================================================================================
AV 51.5 32.6 7.4 FASTST M M 6 MAX(MPH)
MISC ----> 35 160 41 160
================================================================================
NOTES:
# LAST OF SEVERAL OCCURRENCES
COLUMN 17 PEAK WIND IN M.P.H.
PRELIMINARY LOCAL CLIMATOLOGICAL DATA (WS FORM: F-6) , PAGE 2
STATION: DECATUR
MONTH: JANUARY
YEAR: 2021
LATITUDE: 34 39 N
LONGITUDE: 86 56 W
[TEMPERATURE DATA] [PRECIPITATION DATA] SYMBOLS USED IN COLUMN 16
AVERAGE MONTHLY: 42.1 TOTAL FOR MONTH: 1.83 1 = FOG OR MIST
DPTR FM NORMAL: 1.5 DPTR FM NORMAL: -2.80 2 = FOG REDUCING VISIBILITY
HIGHEST: 73 ON 1 GRTST 24HR 0.92 ON 24-25 TO 1/4 MILE OR LESS
LOWEST: 21 ON 13 3 = THUNDER
SNOW, ICE PELLETS, HAIL 4 = ICE PELLETS
TOTAL MONTH: 0.8 INCH 5 = HAIL
GRTST 24HR 0.8 ON 11-11 6 = FREEZING RAIN OR DRIZZLE
GRTST DEPTH: 1 ON 12 7 = DUSTSTORM OR SANDSTORM:
VSBY 1/2 MILE OR LESS
8 = SMOKE OR HAZE
[NO. OF DAYS WITH] [WEATHER - DAYS WITH] 9 = BLOWING SNOW
X = TORNADO
MAX 32 OR BELOW: 0 0.01 INCH OR MORE: 9
MAX 90 OR ABOVE: 0 0.10 INCH OR MORE: 5
MIN 32 OR BELOW: 17 0.50 INCH OR MORE: 1
MIN 0 OR BELOW: 0 1.00 INCH OR MORE: 0
[HDD (BASE 65) ]
TOTAL THIS MO. 703 CLEAR (SCALE 0-3) 7
DPTR FM NORMAL -55 PTCLDY (SCALE 4-7) 18
TOTAL FM JUL 1 1891 CLOUDY (SCALE 8-10) 6
DPTR FM NORMAL -151
[CDD (BASE 65) ]
TOTAL THIS MO. 0
DPTR FM NORMAL 0 [PRESSURE DATA]
TOTAL FM JAN 1 0 HIGHEST SLP 30.62 ON 28
DPTR FM NORMAL 0 LOWEST SLP 29.67 ON 25
[REMARKS]
#FINAL-01-21#