000
CXUS55 KALY 010710
CF6DDH
PRELIMINARY LOCAL CLIMATOLOGICAL DATA (WS FORM: F-6)
STATION: BENNINGTON VT
MONTH: MAY
YEAR: 2023
LATITUDE: 42 53 N
LONGITUDE: 73 15 W
TEMPERATURE IN F: :PCPN: SNOW: WIND :SUNSHINE: SKY :PK WND
================================================================================
1 2 3 4 5 6A 6B 7 8 9 10 11 12 13 14 15 16 17 18
12Z AVG MX 2MIN
DY MAX MIN AVG DEP HDD CDD WTR SNW DPTH SPD SPD DIR MIN PSBL S-S WX SPD DR
================================================================================
1 58 39 49 -3 16 0 M M M 8.5 23 170 M M 8 1 29 180
2 58 41 50 -2 15 0 M M M 5.4 18 150 M M M 1 24 150
3 53 42 48 -4 17 0 M M M 2.4 13 200 M M 10 1 17 60
4 54 39 47 -6 18 0 M M M 1.6 9 340 M M 10 14 330
5 64 39 52 -1 13 0 0.00 M M 2.3 9 260 M M 7 14 360
6 70 33 52 -1 13 0 0.00 M M 3.9 17 340 M M 2 12 23 350
7 73 36 55 1 10 0 0.00 M M 3.4 14 250 M M 2 20 270
8 69 39 54 0 11 0 0.00 M M 5.5 18 350 M M 3 23 350
9 63 33 48 -6 17 0 0.00 M M 3.5 17 340 M M 0 24 340
10 69 30 50 -5 15 0 0.00 M M 4.7 14 220 M M 0 20 270
11 77 38 58 3 7 0 0.00 M M 4.3 18 280 M M 1 26 280
12 80 45 63 8 2 0 0.04 M M 3.9 14 260 M M 3 8 23 310
13 75 47 61 5 4 0 0.00 M M 4.8 17 330 M M 1 26 340
14 63 38 51 -5 14 0 0.00 M M 5.6 17 340 M M 0 23 340
15 68 30 49 -7 16 0 0.00 M M 4.6 16 260 M M 0 28 230
16 75 47 61 5 4 0 0.00 M M 8.4 20 230 M M 2 28 250
17 52 29 41 -16 24 0 0.00 M M 8.5 20 340 M M 5 30 350
18 62 25 44 -13 21 0 0.00 M M 2.9 10 320 M M 0 15 270
19 69 42 56 -1 9 0 0.00 M M 7.8 17 180 M M 1 25 180
20 69 52 61 3 4 0 0.66 M M 5.9 18 140 M M 6 1 23 140
21 69 46 58 0 7 0 0.01 M M 5.8 17 350 M M 6 1 25 10
22 73 42 58 0 7 0 0.00 M M 2.1 10 270 M M 2 12 13 300
23 75 46 61 3 4 0 0.00 M M 3.8 14 180 M M 3 1 19 180
24 73 39 56 -3 9 0 0.11 M M 3.9 16 330 M M 5 24 340
25 63 36 50 -9 15 0 0.00 M M 6.7 18 340 M M 3 27 340
26 70 32 51 -8 14 0 0.00 M M 3.4 16 360 M M 0 8 25 310
27 79 37 58 -1 7 0 0.00 M M 3.0 9 260 M M 0 13 250
28 86 44 65 5 0 0 0.00 M M 1.7 9 240 M M 0 12 270
29 84 48 66 6 0 1 0.00 M M 4.4 14 150 M M 0 18 21 110
30 79 48 64 4 1 0 0.00 M M 2.3 10 270 M M 0 13 270
31 86 46 66 6 0 1 0.00 M M 1.4 8 270 M M 0 10 310
================================================================================
SM 2158 1228 314 2 0.82 M 136.4 M 80
================================================================================
AV 69.6 39.6 4.4 FASTST M M 3 MAX(MPH)
MISC ----> 23 170 30 350
================================================================================
NOTES:
# LAST OF SEVERAL OCCURRENCES
COLUMN 17 PEAK WIND IN M.P.H.
PRELIMINARY LOCAL CLIMATOLOGICAL DATA (WS FORM: F-6) , PAGE 2
STATION: BENNINGTON VT
MONTH: MAY
YEAR: 2023
LATITUDE: 42 53 N
LONGITUDE: 73 15 W
[TEMPERATURE DATA] [PRECIPITATION DATA] SYMBOLS USED IN COLUMN 16
AVERAGE MONTHLY: 54.6 TOTAL FOR MONTH: 0.82 1 = FOG OR MIST
DPTR FM NORMAL: -1.7 DPTR FM NORMAL: -2.65 2 = FOG REDUCING VISIBILITY
HIGHEST: 86 ON 31,28 GRTST 24HR 0.67 ON 20-21 TO 1/4 MILE OR LESS
LOWEST: 25 ON 18 3 = THUNDER
SNOW, ICE PELLETS, HAIL 4 = ICE PELLETS
TOTAL MONTH: M 5 = HAIL
GRTST 24HR M ON M 6 = FREEZING RAIN OR DRIZZLE
GRTST DEPTH: M ON M 7 = DUSTSTORM OR SANDSTORM:
VSBY 1/2 MILE OR LESS
8 = SMOKE OR HAZE
[NO. OF DAYS WITH] [WEATHER - DAYS WITH] 9 = BLOWING SNOW
X = TORNADO
MAX 32 OR BELOW: 0 0.01 INCH OR MORE: 4
MAX 90 OR ABOVE: 0 0.10 INCH OR MORE: 2
MIN 32 OR BELOW: 5 0.50 INCH OR MORE: 1
MIN 0 OR BELOW: 0 1.00 INCH OR MORE: 0
[HDD (BASE 65) ]
TOTAL THIS MO. 314 CLEAR (SCALE 0-3) 20
DPTR FM NORMAL 27 PTCLDY (SCALE 4-7) 8
TOTAL FM JUL 1 6088 CLOUDY (SCALE 8-10) 3
DPTR FM NORMAL -845
[CDD (BASE 65) ]
TOTAL THIS MO. 2
DPTR FM NORMAL -15 [PRESSURE DATA]
TOTAL FM JAN 1 18 HIGHEST SLP M ON M
DPTR FM NORMAL -1 LOWEST SLP 28.95 ON 1
[REMARKS]
#FINAL-05-23#