000
CXUS55 KALY 010810
CF6DDH
PRELIMINARY LOCAL CLIMATOLOGICAL DATA (WS FORM: F-6)
STATION: BENNINGTON VT
MONTH: NOVEMBER
YEAR: 2020
LATITUDE: 42 53 N
LONGITUDE: 73 15 W
TEMPERATURE IN F: :PCPN: SNOW: WIND :SUNSHINE: SKY :PK WND
================================================================================
1 2 3 4 5 6A 6B 7 8 9 10 11 12 13 14 15 16 17 18
12Z AVG MX 2MIN
DY MAX MIN AVG DEP HDD CDD WTR SNW DPTH SPD SPD DIR MIN PSBL S-S WX SPD DR
================================================================================
1 52 32 42 -1 23 0 0.13 M M 8.1 29 260 M M 8 1 43 170
2 37 31 34 -8 31 0 T M M 11.4 28 280 M M 8 38 280
3 40 25 33 -9 32 0 0.10 M M 7.8 17 360 M M 4 1 27 290
4 60 29 45 3 20 0 0.00 M M 3.4 13 170 M M 2 16 200
5 70 35 53 11 12 0 0.00 M M 3.0 14 170 M M 0 17 180
6 71 42 57 16 8 0 T M M 3.2 15 260 M M 0 22 250
7 70 42 56 15 9 0 0.00 M M 3.4 12 270 M M 0 15 260
8 71 37 54 13 11 0 0.00 M M 1.1 7 250 M M 0 12 11 320
9 74 34 54 13 11 0 0.00 M M 0.7 6 160 M M 0 18 7 210
10 75 35 55 15 10 0 0.00 M M 2.7 13 190 M M 0 1 19 200
11 72 60 66 26 0 1 0.19 M M 7.7 17 200 M M 6 1 24 190
12 65 30 48 8 17 0 T M M 5.3 14 230 M M 7 19 230
13 46 26 36 -4 29 0 0.06 M M 2.1 10 80 M M 8 168 13 270
14 44 25 35 -4 30 0 0.00 M M 6.5 16 290 M M 6 26 270
15 55 21 38 -1 27 0 0.71 M M 14.3 45 140 M M 6 1 57 140
16 46 39 43 4 22 0 T M M 7.6 21 290 M M 10 28 280
17 39 30 35 -3 30 0 0.01 M M 6.3 13 280 M M 8 18 18 270
18 30 14 22 -16 43 0 T M M 7.3 16 330 M M 6 22 320
19 46 14 30 -8 35 0 0.00 M M 3.6 16 190 M M 1 22 200
20 64 37 51 14 14 0 T M M 2.9 14 180 M M 4 18 170
21 55 31 43 6 22 0 0.00 M M 6.4 16 280 M M 2 25 290
22 46 23 35 -2 30 0 T M M 8.0 28 140 M M 5 36 150
23 49 33 41 5 24 0 0.50 M M 10.7 33 140 M M 10 1 43 150
24 40 24 32 -4 33 0 0.00 M M 5.0 15 340 M M 3 8 22 340
25 47 27 37 1 28 0 0.12 M M 5.1 18 130 M M 7 1 24 140
26 58 43 51 16 14 0 0.44 M M 3.7 10 190 M M 10 1 14 250
27 52 41 47 12 18 0 T M M 2.2 9 240 M M 10 13 270
28 47 31 39 4 26 0 T M M 5.4 20 280 M M 7 1 27 280
29 51 24 38 4 27 0 0.00 M M 1.4 9 200 M M 0 12 200
30 65 29 47 13 18 0 0.69 M M 12.9 31 140 M M 6 1 44 150
================================================================================
SM 1637 944 654 1 2.95 M 169.2 M 144
================================================================================
AV 54.6 31.5 5.6 FASTST M M 5 MAX(MPH)
MISC ----> 45 140 57 140
================================================================================
NOTES:
# LAST OF SEVERAL OCCURRENCES
COLUMN 17 PEAK WIND IN M.P.H.
PRELIMINARY LOCAL CLIMATOLOGICAL DATA (WS FORM: F-6) , PAGE 2
STATION: BENNINGTON VT
MONTH: NOVEMBER
YEAR: 2020
LATITUDE: 42 53 N
LONGITUDE: 73 15 W
[TEMPERATURE DATA] [PRECIPITATION DATA] SYMBOLS USED IN COLUMN 16
AVERAGE MONTHLY: 43.0 TOTAL FOR MONTH: 2.95 1 = FOG OR MIST
DPTR FM NORMAL: 4.4 DPTR FM NORMAL: -0.16 2 = FOG REDUCING VISIBILITY
HIGHEST: 75 ON 10 GRTST 24HR 0.71 ON 15-15 TO 1/4 MILE OR LESS
LOWEST: 14 ON 19,18 3 = THUNDER
SNOW, ICE PELLETS, HAIL 4 = ICE PELLETS
TOTAL MONTH: M 5 = HAIL
GRTST 24HR M ON M 6 = FREEZING RAIN OR DRIZZLE
GRTST DEPTH: M ON M 7 = DUSTSTORM OR SANDSTORM:
VSBY 1/2 MILE OR LESS
8 = SMOKE OR HAZE
[NO. OF DAYS WITH] [WEATHER - DAYS WITH] 9 = BLOWING SNOW
X = TORNADO
MAX 32 OR BELOW: 1 0.01 INCH OR MORE: 10
MAX 90 OR ABOVE: 0 0.10 INCH OR MORE: 8
MIN 32 OR BELOW: 18 0.50 INCH OR MORE: 3
MIN 0 OR BELOW: 0 1.00 INCH OR MORE: 0
[HDD (BASE 65) ]
TOTAL THIS MO. 654 CLEAR (SCALE 0-3) 11
DPTR FM NORMAL -138 PTCLDY (SCALE 4-7) 14
TOTAL FM JUL 1 1316 CLOUDY (SCALE 8-10) 5
DPTR FM NORMAL -297
[CDD (BASE 65) ]
TOTAL THIS MO. 1
DPTR FM NORMAL 1 [PRESSURE DATA]
TOTAL FM JAN 1 575 HIGHEST SLP 30.56 ON 19
DPTR FM NORMAL 262 LOWEST SLP 29.32 ON 30
[REMARKS]
#FINAL-11-20#