000
CXUS55 KBOU 010853
CLMDEN
CLIMATE REPORT
NATIONAL WEATHER SERVICE
253 AM MDT MON APR 01 2024
...................................
...THE DENVER CO CLIMATE SUMMARY FOR THE MONTH OF MARCH 2024...
CLIMATE NORMAL PERIOD 1991 TO 2020
CLIMATE RECORD PERIOD 1872 TO 2024
WEATHER OBSERVED NORMAL DEPART LAST YEAR`S
VALUE DATE(S) VALUE FROM VALUE DATE(S)
NORMAL
................................................................
TEMPERATURE (F)
RECORD
HIGH 84 03/26/1971
LOW -11 03/28/1886
HIGHEST 69 03/02 84 -15 71 03/15
LOWEST 10 03/26 -11 21 13 03/18
03/28
AVG. MAXIMUM 55.4 55.7 -0.3 49.1
AVG. MINIMUM 27.5 27.5 0.0 22.7
MEAN 41.4 41.6 -0.2 35.9
DAYS MAX >= 90 0 0.0 0.0 0
DAYS MAX <= 32 2 1.7 0.3 1
DAYS MIN <= 32 22 23.2 -1.2 30
DAYS MIN <= 0 0 0.2 -0.2 0
PRECIPITATION (INCHES)
RECORD
MAXIMUM 4.56 1983
MINIMUM 0.03 2012
TOTALS 1.65 0.86 0.79 0.49
DAILY AVG. 0.05 0.03 0.02 0.02
DAYS >= .01 7 6.2 0.8 6
DAYS >= .10 3 2.5 0.5 2
DAYS >= .50 2 0.3 1.7 0
DAYS >= 1.00 0 0.0 0.0 0
GREATEST
24 HR. TOTAL 1.23 03/13 TO 03/14 0.25 03/15 TO 03/16
STORM TOTAL 0.80 0.16
(MM/DD(HH)) MM
SNOWFALL (INCHES)
RECORDS
TOTAL MM 5
TOTALS MM MM
DEGREE DAYS
HEATING TOTAL 723 726 -3 892
SINCE 7/1 4563 5035 -472 MM
COOLING TOTAL 0 0 0 0
SINCE 1/1 0 0 0 MM
FREEZE DATES
RECORD
EARLIEST 09/08/1962
LATEST 06/08/2007
EARLIEST 10/13
LATEST 04/23
................................................................
WIND (MPH)
AVERAGE WIND SPEED 9.5
RESULTANT WIND SPEED/DIRECTION 1/240
HIGHEST WIND SPEED/DIRECTION 38/240 DATE 03/02
HIGHEST GUST SPEED/DIRECTION 50/170 DATE 03/23
SKY COVER
POSSIBLE SUNSHINE (PERCENT) MM
AVERAGE SKY COVER 0.54
NUMBER OF DAYS FAIR 8
NUMBER OF DAYS PC 16
NUMBER OF DAYS CLOUDY 7
WEATHER CONDITIONS. NUMBER OF DAYS WITH
THUNDERSTORM 0 MIXED PRECIP 1
HEAVY RAIN 1 RAIN 1
LIGHT RAIN 3 FREEZING RAIN 0
LT FREEZING RAIN 0 HAIL 0
HEAVY SNOW 0 SNOW 2
LIGHT SNOW 8 SLEET 0
FOG 10 FOG W/VIS <= 1/4 MILE 2
HAZE 6
- INDICATES NEGATIVE NUMBERS.
R INDICATES RECORD WAS SET OR TIED.
MM INDICATES DATA IS MISSING.
T INDICATES TRACE AMOUNT.
$$