000
CXUS54 KSHV 052343
CF6DEQ
PRELIMINARY LOCAL CLIMATOLOGICAL DATA (WS FORM: F-6)
STATION: DE QUEEN
MONTH: APRIL
YEAR: 2023
LATITUDE: 34 2 N
LONGITUDE: 94 24 W
TEMPERATURE IN F: :PCPN: SNOW: WIND :SUNSHINE: SKY :PK WND
================================================================================
1 2 3 4 5 6A 6B 7 8 9 10 11 12 13 14 15 16 17 18
12Z AVG MX 2MIN
DY MAX MIN AVG DEP HDD CDD WTR SNW DPTH SPD SPD DIR MIN PSBL S-S WX SPD DR
================================================================================
1 75 43 59 0 6 0 0.00 0.0 0 M M M M M 0 M M
2 76 44 60 1 5 0 0.32 0.0 0 M M M M M 4 13 M M
3 88 61 75 16 0 10 0.00 0.0 0 M M M M M 6 1 M M
4 83 70 77 17 0 12 0.00 0.0 0 M M M M M 7 M M
5 77 56 67 7 0 2 0.40 0.0 0 M M M M M 5 13 M M
6 60 51 56 -4 9 0 0.00 0.0 0 M M M M M 5 M M
7 66 51 59 -1 6 0 0.00 0.0 0 M M M M M 8 M M
8 77 48 63 3 2 0 0.00 0.0 0 M M M M M 2 M M
9 71 47 59 -2 6 0 0.00 0.0 0 M M M M M 2 M M
10 74 54 64 3 1 0 0.00 0.0 0 M M M M M 4 M M
11 77 49 63 2 2 0 0.00 0.0 0 M M M M M 1 1 M M
12 79 47 63 2 2 0 0.00 0.0 0 M M M M M 0 1 M M
13 77 54 66 4 0 1 0.00 0.0 0 M M M M M 3 1 M M
14 82 50 66 4 0 1 0.00 0.0 0 M M M M M 1 1 M M
15 86 55 71 9 0 6 0.00 0.0 0 M M M M M 6 8 M M
16 M M M M M M 0.00 0.0 0 M M M M M M M M
17 79 38 59 -3 6 0 0.00 0.0 0 M M M M M 0 18 M M
18 80 45 63 0 2 0 0.00 0.0 0 M M M M M 1 1 M M
19 82 62 72 9 0 7 T 0.0 0 M M M M M 7 M M
20 75 65 70 7 0 5 0.50 0.0 0 M M M M M 8 13 M M
21 75 49 62 -1 3 0 T 0.0 0 M M M M M 3 M M
22 73 43 58 -6 7 0 T 0.0 0 M M M M M 3 M M
23 53 44 49 -15 16 0 0.11 0.0 0 M M M M M 9 M M
24 69 39 54 -10 11 0 0.00 0.0 0 M M M M M 2 1 M M
25 58 51 55 -9 10 0 0.03 0.0 0 M M M M M 10 1 M M
26 62 52 57 -8 8 0 0.88 0.0 0 M M M M M 9 13 M M
27 68 51 60 -5 5 0 0.10 0.0 0 M M M M M 8 1 M M
28 74 45 60 -5 5 0 0.66 0.0 0 M M M M M 6 123 M M
29 67 48 58 -8 7 0 0.34 0.0 0 M M M M M 7 13 M M
30 76 44 60 -6 5 0 0.00 0.0 0 M M M M M 0 1 M M
================================================================================
SM 2139 1456 124 44 3.34 0.0 M M 127
================================================================================
AV 73.8 50.2 M FASTST M M 4 MAX(MPH)
MISC ----> M M M M
================================================================================
NOTES:
# LAST OF SEVERAL OCCURRENCES
COLUMN 17 PEAK WIND IN M.P.H.
PRELIMINARY LOCAL CLIMATOLOGICAL DATA (WS FORM: F-6) , PAGE 2
STATION: DE QUEEN
MONTH: APRIL
YEAR: 2023
LATITUDE: 34 2 N
LONGITUDE: 94 24 W
[TEMPERATURE DATA] [PRECIPITATION DATA] SYMBOLS USED IN COLUMN 16
AVERAGE MONTHLY: 62.0 TOTAL FOR MONTH: 3.34 1 = FOG OR MIST
DPTR FM NORMAL: -0.2 DPTR FM NORMAL: -1.35 2 = FOG REDUCING VISIBILITY
HIGHEST: 88 ON 3 GRTST 24HR 1.00 ON 28-29 TO 1/4 MILE OR LESS
LOWEST: 38 ON 17 3 = THUNDER
SNOW, ICE PELLETS, HAIL 4 = ICE PELLETS
TOTAL MONTH: 0.0 INCH 5 = HAIL
GRTST 24HR 0.0 6 = FREEZING RAIN OR DRIZZLE
GRTST DEPTH: 0 7 = DUSTSTORM OR SANDSTORM:
VSBY 1/2 MILE OR LESS
8 = SMOKE OR HAZE
[NO. OF DAYS WITH] [WEATHER - DAYS WITH] 9 = BLOWING SNOW
X = TORNADO
MAX 32 OR BELOW: 0 0.01 INCH OR MORE: 9
MAX 90 OR ABOVE: 0 0.10 INCH OR MORE: 8
MIN 32 OR BELOW: 0 0.50 INCH OR MORE: 3
MIN 0 OR BELOW: 0 1.00 INCH OR MORE: 0
[HDD (BASE 65) ]
TOTAL THIS MO. 124 CLEAR (SCALE 0-3) 13
DPTR FM NORMAL -11 PTCLDY (SCALE 4-7) 13
TOTAL FM JUL 1 2295 CLOUDY (SCALE 8-10) 4
DPTR FM NORMAL -490
[CDD (BASE 65) ]
TOTAL THIS MO. 44
DPTR FM NORMAL -6 [PRESSURE DATA]
TOTAL FM JAN 1 65 HIGHEST SLP 30.33 ON 6
DPTR FM NORMAL -2 LOWEST SLP 29.58 ON 4
[REMARKS]
#FINAL-04-23#