000
CXUS54 KFWD 030353
CF6DFW
PRELIMINARY LOCAL CLIMATOLOGICAL DATA (WS FORM: F-6)
STATION: DALLAS FORT WORTH
MONTH: FEBRUARY
YEAR: 2020
LATITUDE: 32 54 N
LONGITUDE: 97 2 W
TEMPERATURE IN F: :PCPN: SNOW: WIND :SUNSHINE: SKY :PK WND
================================================================================
1 2 3 4 5 6A 6B 7 8 9 10 11 12 13 14 15 16 17 18
12Z AVG MX 2MIN
DY MAX MIN AVG DEP HDD CDD WTR SNW DPTH SPD SPD DIR MIN PSBL S-S WX SPD DR
================================================================================
1 66 33 50 3 15 0 0.00 0.0 0 6.8 14 290 M M 1 17 290
2 81 42 62 15 3 0 0.00 0.0 0 13.2 23 210 M M 5 29 190
3 73 54 64 16 1 0 0.15 0.0 0 15.5 24 180 M M 7 1 31 190
4 65 38 52 4 13 0 0.07 0.0 0 15.2 28 320 M M 10 1 32 320
5 39 32 36 -12 29 0 0.09 T 0 17.2 28 320 M M 10 13 33 320
6 46 28 37 -11 28 0 0.00 0.0 0 12.0 22 280 M M 4 27 310
7 60 30 45 -3 20 0 0.00 0.0 0 7.5 17 330 M M 6 23 340
8 65 37 51 3 14 0 0.00 0.0 0 9.3 24 170 M M 5 32 170
9 67 55 61 12 4 0 0.04 0.0 0 13.3 24 330 M M 10 1 28 170
10 55 39 47 -2 18 0 0.30 0.0 0 14.3 24 330 M M 10 13 30 330
11 43 40 42 -7 23 0 0.34 0.0 0 12.7 23 20 M M 10 13 28 10
12 48 40 44 -5 21 0 1.66 0.0 0 9.2 18 290 M M 9 1 24 290
13 44 32 38 -11 27 0 0.00 0.0 0 11.9 23 360 M M 5 28 360
14 50 25 38 -12 27 0 0.00 0.0 0 6.5 17 30 M M 2 22 40
15 64 38 51 1 14 0 0.00 0.0 0 13.1 26 170 M M 7 33 180
16 78 47 63 13 2 0 0.00 0.0 0 10.5 16 170 M M 3 1 21 170
17 78 58 68 18 0 3 0.00 0.0 0 13.4 24 200 M M 7 1 29 220
18 61 46 54 4 11 0 0.27 0.0 0 12.6 24 20 M M 10 13 31 20
19 49 41 45 -6 20 0 0.75 0.0 0 9.7 21 70 M M 9 1 26 70
20 54 37 46 -5 19 0 0.18 0.0 0 17.4 28 30 M M 7 1 34 10
21 49 30 40 -11 25 0 0.00 0.0 0 6.7 21 30 M M 3 26 30
22 57 40 49 -3 16 0 0.00 0.0 0 10.5 21 160 M M 7 26 150
23 60 46 53 1 12 0 0.03 0.0 0 12.4 25 190 M M 10 1 30 190
24 66 47 57 5 8 0 0.00 0.0 0 16.2 30 290 M M 3 36 270
25 61 41 51 -1 14 0 0.00 0.0 0 13.8 24 310 M M 5 32 320
26 50 36 43 -10 22 0 T 0.0 0 19.4 31 340 M M 5 39 330
27 62 28 45 -8 20 0 0.00 0.0 0 9.0 18 210 M M 0 23 190
28 67 39 53 0 12 0 0.00 0.0 0 6.2 13 350 M M 1 17 240
29 75 44 60 7 5 0 0.00 0.0 0 14.5 30 170 M M 7 37 170
================================================================================
SM 1733 1143 443 3 3.88 T 350.0 M 178
================================================================================
AV 59.8 39.4 12.1 FASTST M M 6 MAX(MPH)
MISC ----> # 31 340 # 39 330
================================================================================
NOTES:
# LAST OF SEVERAL OCCURRENCES
COLUMN 17 PEAK WIND IN M.P.H.
PRELIMINARY LOCAL CLIMATOLOGICAL DATA (WS FORM: F-6) , PAGE 2
STATION: DALLAS FORT WORTH
MONTH: FEBRUARY
YEAR: 2020
LATITUDE: 32 54 N
LONGITUDE: 97 2 W
[TEMPERATURE DATA] [PRECIPITATION DATA] SYMBOLS USED IN COLUMN 16
AVERAGE MONTHLY: 49.6 TOTAL FOR MONTH: 3.88 1 = FOG OR MIST
DPTR FM NORMAL: -0.3 DPTR FM NORMAL: 1.22 2 = FOG REDUCING VISIBILITY
HIGHEST: 81 ON 2 GRTST 24HR 1.66 ON 12-12 TO 1/4 MILE OR LESS
LOWEST: 25 ON 14 3 = THUNDER
SNOW, ICE PELLETS, HAIL 4 = ICE PELLETS
TOTAL MONTH: T 5 = HAIL
GRTST 24HR T ON 5- 5 6 = FREEZING RAIN OR DRIZZLE
GRTST DEPTH: 0 7 = DUSTSTORM OR SANDSTORM:
VSBY 1/2 MILE OR LESS
8 = SMOKE OR HAZE
[NO. OF DAYS WITH] [WEATHER - DAYS WITH] 9 = BLOWING SNOW
X = TORNADO
MAX 32 OR BELOW: 0 0.01 INCH OR MORE: 11
MAX 90 OR ABOVE: 0 0.10 INCH OR MORE: 7
MIN 32 OR BELOW: 7 0.50 INCH OR MORE: 2
MIN 0 OR BELOW: 0 1.00 INCH OR MORE: 1
[HDD (BASE 65) ]
TOTAL THIS MO. 443 CLEAR (SCALE 0-3) 6
DPTR FM NORMAL 16 PTCLDY (SCALE 4-7) 14
TOTAL FM JUL 1 1850 CLOUDY (SCALE 8-10) 9
DPTR FM NORMAL -94
[CDD (BASE 65) ]
TOTAL THIS MO. 3
DPTR FM NORMAL -2 [PRESSURE DATA]
TOTAL FM JAN 1 8 HIGHEST SLP 30.73 ON 21
DPTR FM NORMAL 1 LOWEST SLP 29.66 ON 4
[REMARKS]
NO EDITS
#FINAL-02-20#