000
CXUS52 KTAE 010900
CF6DHN
PRELIMINARY LOCAL CLIMATOLOGICAL DATA (WS FORM: F-6)
STATION: DOTHAN
MONTH: NOVEMBER
YEAR: 2023
LATITUDE: 31 19 N
LONGITUDE: 85 27 W
TEMPERATURE IN F: :PCPN: SNOW: WIND :SUNSHINE: SKY :PK WND
================================================================================
1 2 3 4 5 6A 6B 7 8 9 10 11 12 13 14 15 16 17 18
12Z AVG MX 2MIN
DY MAX MIN AVG DEP HDD CDD WTR SNW DPTH SPD SPD DIR MIN PSBL S-S WX SPD DR
================================================================================
1 60 38 49 -14 16 0 0.00 0.0 0 11.6 22 20 M M 0 28 30
2 68 33 51 -12 14 0 0.00 M M 7.7 17 80 M M 0 22 80
3 75 43 59 -3 6 0 0.00 0.0 M 7.8 13 40 M M 1 19 70
4 79 45 62 0 3 0 0.00 0.0 M 5.0 13 350 M M 0 16 360
5 81 43 62 0 3 0 0.00 0.0 M 4.2 16 340 M M 0 32 350
6 83 47 65 4 0 0 0.00 0.0 M 2.5 9 200 M M 0 12 300
7 82 49 66 5 0 1 0.00 0.0 0 4.7 14 330 M M 0 17 330
8 82 51 67 6 0 2 0.00 0.0 0 4.4 12 230 M M 2 12 15 220
9 82 54 68 8 0 3 0.00 0.0 0 4.0 13 190 M M 3 12 16 210
10 74 60 67 7 0 2 0.02 M M 4.6 15 340 M M 8 1 19 340
11 67 55 61 1 4 0 0.90 0.0 M 8.1 14 40 M M 10 1 19 70
12 65 54 60 0 5 0 0.00 0.0 0 8.9 14 30 M M 10 1 17 10
13 65 54 60 1 5 0 T 0.0 0 8.1 15 20 M M 7 1 18 10
14 61 53 57 -2 8 0 0.15 0.0 0 8.7 15 80 M M 9 1 20 80
15 61 51 56 -3 9 0 0.97 0.0 0 13.3 20 50 M M 10 1 27 40
16 72 54 63 5 2 0 0.03 0.0 0 9.8 17 70 M M 8 1 22 70
17 75 58 67 9 0 2 0.00 0.0 0 6.1 12 360 M M 4 1 14 350
18 76 54 65 7 0 0 0.00 0.0 0 8.5 17 340 M M 2 1 21 340
19 74 45 60 2 5 0 0.00 0.0 0 2.7 10 230 M M 0 8 13 210
20 77 45 61 3 4 0 0.00 0.0 0 5.9 15 150 M M 1 17 160
21 75 62 69 12 0 4 1.34 0.0 0 14.1 28 180 M M 9 13 39 190
22 62 46 54 -3 11 0 0.00 0.0 0 11.0 21 330 M M 5 25 290
23 58 40 49 -8 16 0 0.01 0.0 0 4.2 8 350 M M 2 1 12 350
24 66 47 57 0 8 0 T 0.0 0 5.0 12 300 M M 4 14 300
25 70 43 57 1 8 0 0.00 0.0 0 3.1 8 80 M M 0 12 70
26 57 53 55 -1 10 0 0.58 0.0 M 6.5 13 310 M M 8 1 18 310
27 57 44 51 -5 14 0 0.00 M M 9.9 16 330 M M 2 20 320
28 59 38 49 -7 16 0 0.00 0.0 M 9.2 18 320 M M 0 22 310
29 58 30 44 -12 21 0 0.00 0.0 M 2.9 12 30 M M 0 15 40
30 57 32 45 -11 20 0 0.00 0.0 M 5.0 14 130 M M 0 17 140
================================================================================
SM 2078 1421 208 14 4.00 0.0 207.5 M 105
================================================================================
AV 69.3 47.4 6.9 FASTST M M 4 MAX(MPH)
MISC ----> 28 180 39 190
================================================================================
NOTES:
# LAST OF SEVERAL OCCURRENCES
COLUMN 17 PEAK WIND IN M.P.H.
PRELIMINARY LOCAL CLIMATOLOGICAL DATA (WS FORM: F-6) , PAGE 2
STATION: DOTHAN
MONTH: NOVEMBER
YEAR: 2023
LATITUDE: 31 19 N
LONGITUDE: 85 27 W
[TEMPERATURE DATA] [PRECIPITATION DATA] SYMBOLS USED IN COLUMN 16
AVERAGE MONTHLY: 58.3 TOTAL FOR MONTH: 4.00 1 = FOG OR MIST
DPTR FM NORMAL: -0.6 DPTR FM NORMAL: 0.09 2 = FOG REDUCING VISIBILITY
HIGHEST: 83 ON 6 GRTST 24HR 1.34 ON 21-21 TO 1/4 MILE OR LESS
LOWEST: 30 ON 29 3 = THUNDER
SNOW, ICE PELLETS, HAIL 4 = ICE PELLETS
TOTAL MONTH: 0.0 INCH 5 = HAIL
GRTST 24HR 0.0 6 = FREEZING RAIN OR DRIZZLE
GRTST DEPTH: 0 7 = DUSTSTORM OR SANDSTORM:
VSBY 1/2 MILE OR LESS
8 = SMOKE OR HAZE
[NO. OF DAYS WITH] [WEATHER - DAYS WITH] 9 = BLOWING SNOW
X = TORNADO
MAX 32 OR BELOW: 0 0.01 INCH OR MORE: 8
MAX 90 OR ABOVE: 0 0.10 INCH OR MORE: 5
MIN 32 OR BELOW: 2 0.50 INCH OR MORE: 4
MIN 0 OR BELOW: 0 1.00 INCH OR MORE: 1
[HDD (BASE 65) ]
TOTAL THIS MO. 208 CLEAR (SCALE 0-3) 17
DPTR FM NORMAL -9 PTCLDY (SCALE 4-7) 7
TOTAL FM JUL 1 246 CLOUDY (SCALE 8-10) 6
DPTR FM NORMAL -19
[CDD (BASE 65) ]
TOTAL THIS MO. 14
DPTR FM NORMAL -20 [PRESSURE DATA]
TOTAL FM JAN 1 2868 HIGHEST SLP 30.47 ON 2
DPTR FM NORMAL 197 LOWEST SLP 29.85 ON 18
[REMARKS]
#FINAL-11-23#